{"id":700662,"date":"2025-08-27T15:01:35","date_gmt":"2025-08-27T12:01:35","guid":{"rendered":"https:\/\/roveyayinevi.com.tr\/index.php\/urun\/ittihatciliktan-kemalizme\/"},"modified":"2026-04-16T02:10:00","modified_gmt":"2026-04-15T23:10:00","slug":"ittihatciliktan-kemalizme","status":"publish","type":"product","link":"https:\/\/roveyayinevi.com.tr\/index.php\/urun\/ittihatciliktan-kemalizme\/","title":{"rendered":"\u0130ttihat\u00e7\u0131l\u0131ktan Kemalizme"},"content":{"rendered":"<p>Feroz Ahmad, \u0130ttihat\u00e7\u0131l\u0131ktan Kemalizme\u2019de Gen\u00e7 T\u00fcrkler d\u00f6nemini ve Kemalist T\u00fcrkiye\u2019yi s\u00fcreklilik ve kopukluklar\u0131yla inceliyor. Yazar, d\u00f6nemin yay\u0131n organlar\u0131ndan konuyla ilgili kitaplara; an\u0131lardan \u0130ngiliz Resmi Ar\u015fivi\u2019ndeki (Public Record Office) gizli-a\u00e7\u0131k belgelere, mektuplara uzanan titiz bir \u00e7al\u0131\u015fmayla, yerel ve uluslararas\u0131 g\u00fc\u00e7 merkezleri aras\u0131ndaki ili\u015fki ve m\u00fccadeleleri; bunlar\u0131n arka plan\u0131n\u0131 g\u00f6zler \u00f6n\u00fcne seriyor. Ahmad, ula\u015ft\u0131\u011f\u0131 bilgi ve belgeleri nesnel analizleriyle okura sunuyor: \u201c\u00d6zg\u00fcn karakterine ra\u011fmen Kemalizmin hem d\u00fc\u015f\u00fcnce hem de toplumsal temel bak\u0131m\u0131ndan \u00f6ncelleri vard\u0131.B\u00f6yle bir ideolojiyi, Mustafa Kemal\u2019in geli\u015ftirdi\u011fi baz\u0131 fikirlerin ilk kez ortaya at\u0131l\u0131p tart\u0131\u015f\u0131ld\u0131\u011f\u0131 Gen\u00e7 T\u00fcrk d\u00f6neminin katk\u0131s\u0131n\u0131 g\u00f6z ard\u0131 ederek ele almak tarih d\u0131\u015f\u0131 bir tutum olur\u2026\u201d <\/p>\n","protected":false},"excerpt":{"rendered":"<p>Feroz Ahmad, \u0130ttihat\u00e7\u0131l\u0131ktan Kemalizme\u2019de Gen\u00e7 T\u00fcrkler d\u00f6nemini ve Kemalist T\u00fcrkiye\u2019yi s\u00fcreklilik ve kopukluklar\u0131yla inceliyor. Yazar, d\u00f6nemin yay\u0131n organlar\u0131ndan konuyla ilgili kitaplara; an\u0131lardan \u0130ngiliz Resmi Ar\u015fivi\u2019ndeki (Public<span class=\"excerpt-hellip\"> [\u2026]<\/span><\/p>\n","protected":false},"featured_media":0,"template":"","meta":{"_monsterinsights_skip_tracking":false,"_monsterinsights_sitenote_active":false,"_monsterinsights_sitenote_note":"","_monsterinsights_sitenote_category":0},"product_brand":[],"product_cat":[12370,12304],"product_tag":[],"class_list":{"0":"post-700662","1":"product","2":"type-product","3":"status-publish","5":"product_cat-arastirma-inceleme","6":"product_cat-tarih","7":"pa_tur-kitap","8":"pa_yayinevi-kaynak-yayinlari","9":"pa_yazar-feroz-ahmad","11":"first","12":"instock","13":"sale","14":"shipping-taxable","15":"purchasable","16":"product-type-simple"},"_links":{"self":[{"href":"https:\/\/roveyayinevi.com.tr\/index.php\/wp-json\/wp\/v2\/product\/700662","targetHints":{"allow":["GET"]}}],"collection":[{"href":"https:\/\/roveyayinevi.com.tr\/index.php\/wp-json\/wp\/v2\/product"}],"about":[{"href":"https:\/\/roveyayinevi.com.tr\/index.php\/wp-json\/wp\/v2\/types\/product"}],"wp:attachment":[{"href":"https:\/\/roveyayinevi.com.tr\/index.php\/wp-json\/wp\/v2\/media?parent=700662"}],"wp:term":[{"taxonomy":"product_brand","embeddable":true,"href":"https:\/\/roveyayinevi.com.tr\/index.php\/wp-json\/wp\/v2\/product_brand?post=700662"},{"taxonomy":"product_cat","embeddable":true,"href":"https:\/\/roveyayinevi.com.tr\/index.php\/wp-json\/wp\/v2\/product_cat?post=700662"},{"taxonomy":"product_tag","embeddable":true,"href":"https:\/\/roveyayinevi.com.tr\/index.php\/wp-json\/wp\/v2\/product_tag?post=700662"}],"curies":[{"name":"wp","href":"https:\/\/api.w.org\/{rel}","templated":true}]}}