{"id":700653,"date":"2025-08-27T15:01:32","date_gmt":"2025-08-27T12:01:32","guid":{"rendered":"https:\/\/roveyayinevi.com.tr\/index.php\/urun\/muhasebede-istatistik-kullanimi\/"},"modified":"2026-04-16T02:10:00","modified_gmt":"2026-04-15T23:10:00","slug":"muhasebede-istatistik-kullanimi","status":"publish","type":"product","link":"https:\/\/roveyayinevi.com.tr\/index.php\/urun\/muhasebede-istatistik-kullanimi\/","title":{"rendered":"Muhasebede \u0130statistik Kullan\u0131m\u0131"},"content":{"rendered":"<p>Disiplinleraras\u0131 \u00e7al\u0131\u015fmalar\u0131n \u00f6nem kazand\u0131\u011f\u0131 g\u00fcn\u00fcm\u00fczde bu \u00e7al\u0131\u015fma disiplinleraras\u0131 \u00e7al\u0131\u015fmalar\u0131n bu artan \u00f6nemine bir katk\u0131 sa\u011flamaktad\u0131r. Ama\u00e7 muhasebede istatistik kullan\u0131m\u0131n\u0131n gereklili\u011finden hareketle kullan\u0131lacak istatistiki bilginin \u00e7er\u00e7evesini \u00e7izerek \u00f6rnek uygulamalarla bilginin nas\u0131l elde edilebilece\u011fi ve ne \u015fekilde kullan\u0131labilece\u011fine ili\u015fkin tespitler yapmaktad\u0131r. <\/p>\n","protected":false},"excerpt":{"rendered":"<p>Disiplinleraras\u0131 \u00e7al\u0131\u015fmalar\u0131n \u00f6nem kazand\u0131\u011f\u0131 g\u00fcn\u00fcm\u00fczde bu \u00e7al\u0131\u015fma disiplinleraras\u0131 \u00e7al\u0131\u015fmalar\u0131n bu artan \u00f6nemine bir katk\u0131 sa\u011flamaktad\u0131r. Ama\u00e7 muhasebede istatistik kullan\u0131m\u0131n\u0131n gereklili\u011finden hareketle kullan\u0131lacak istatistiki bilginin \u00e7er\u00e7evesini \u00e7izerek<span class=\"excerpt-hellip\"> [\u2026]<\/span><\/p>\n","protected":false},"featured_media":0,"template":"","meta":{"_monsterinsights_skip_tracking":false,"_monsterinsights_sitenote_active":false,"_monsterinsights_sitenote_note":"","_monsterinsights_sitenote_category":0},"product_brand":[],"product_cat":[12573,12566],"product_tag":[],"class_list":{"0":"post-700653","1":"product","2":"type-product","3":"status-publish","5":"product_cat-akademik-kitaplar","6":"product_cat-egitim","7":"pa_cilt-ciltsiz","8":"pa_tur-kitap","9":"pa_yayinevi-gazi-kitabevi","10":"pa_yazar-cemal-elitas","12":"first","13":"instock","14":"sale","15":"shipping-taxable","16":"purchasable","17":"product-type-simple"},"_links":{"self":[{"href":"https:\/\/roveyayinevi.com.tr\/index.php\/wp-json\/wp\/v2\/product\/700653","targetHints":{"allow":["GET"]}}],"collection":[{"href":"https:\/\/roveyayinevi.com.tr\/index.php\/wp-json\/wp\/v2\/product"}],"about":[{"href":"https:\/\/roveyayinevi.com.tr\/index.php\/wp-json\/wp\/v2\/types\/product"}],"wp:attachment":[{"href":"https:\/\/roveyayinevi.com.tr\/index.php\/wp-json\/wp\/v2\/media?parent=700653"}],"wp:term":[{"taxonomy":"product_brand","embeddable":true,"href":"https:\/\/roveyayinevi.com.tr\/index.php\/wp-json\/wp\/v2\/product_brand?post=700653"},{"taxonomy":"product_cat","embeddable":true,"href":"https:\/\/roveyayinevi.com.tr\/index.php\/wp-json\/wp\/v2\/product_cat?post=700653"},{"taxonomy":"product_tag","embeddable":true,"href":"https:\/\/roveyayinevi.com.tr\/index.php\/wp-json\/wp\/v2\/product_tag?post=700653"}],"curies":[{"name":"wp","href":"https:\/\/api.w.org\/{rel}","templated":true}]}}