{"id":700651,"date":"2025-08-27T15:01:32","date_gmt":"2025-08-27T12:01:32","guid":{"rendered":"https:\/\/roveyayinevi.com.tr\/index.php\/urun\/en-guzel-kim\/"},"modified":"2026-04-16T02:10:00","modified_gmt":"2026-04-15T23:10:00","slug":"en-guzel-kim","status":"publish","type":"product","link":"https:\/\/roveyayinevi.com.tr\/index.php\/urun\/en-guzel-kim\/","title":{"rendered":"En G\u00fczel Kim?"},"content":{"rendered":"<p>Oya, Ay\u015fe, Fatma, Ahmet, Ali ve Mehmet ayn\u0131 mahallede ya\u015fayan alt\u0131 arkada\u015f. Bir g\u00fcn canlar\u0131 s\u0131k\u0131l\u0131nca birlikte bir oyun bulurlar. Oyunun ad\u0131n\u0131 da \u201cEn g\u00fczel kim?\u201d koyarlar. Ama bu sizin bildi\u011finiz oyunlardan de\u011fil. \u00c7ocuklar\u0131n her biri bitki k\u0131l\u0131\u011f\u0131na girecek ve di\u011fer arkada\u015flar\u0131 da onun hangi meyve, sebze ya da \u00e7i\u00e7ek oldu\u011funu bulmaya \u00e7al\u0131\u015facak. Oyunun sonunda da kimin en g\u00fczel ve faydal\u0131 bitkiyi se\u00e7ti\u011fini Zehra Teyzeleri a\u00e7\u0131klayacak. Ama kendilerince en g\u00fczel ve faydal\u0131 bitkileri se\u00e7en kafadarlar\u0131 oyun bitti\u011finde bir s\u00fcrpriz bekliyor!Bu kitap e\u011flenceli bir \u00f6yk\u00fcyle \u00e7ocuklar\u0131n g\u00fczellik kavram\u0131 \u00fczerine d\u00fc\u015f\u00fcnmelerini sa\u011flarken arkada\u015fl\u0131\u011f\u0131n \u00f6nemini vurguluyor. Ayr\u0131ca k\u00fc\u00e7\u00fck okurlar \u00f6yk\u00fcn\u00fcn sonundaki tiyatro oyununu arkada\u015flar\u0131yla birlikte uygulayabilir ve kendi \u201cEn g\u00fczel kim?\u201d yar\u0131\u015fmalar\u0131n\u0131 d\u00fczenleyebilirler.<\/p>\n","protected":false},"excerpt":{"rendered":"<p>Oya, Ay\u015fe, Fatma, Ahmet, Ali ve Mehmet ayn\u0131 mahallede ya\u015fayan alt\u0131 arkada\u015f. Bir g\u00fcn canlar\u0131 s\u0131k\u0131l\u0131nca birlikte bir oyun bulurlar. Oyunun ad\u0131n\u0131 da \u201cEn g\u00fczel kim?\u201d<span class=\"excerpt-hellip\"> [\u2026]<\/span><\/p>\n","protected":false},"featured_media":0,"template":"","meta":{"_monsterinsights_skip_tracking":false,"_monsterinsights_sitenote_active":false,"_monsterinsights_sitenote_note":"","_monsterinsights_sitenote_category":0},"product_brand":[],"product_cat":[12274,12284],"product_tag":[],"class_list":{"0":"post-700651","1":"product","2":"type-product","3":"status-publish","5":"product_cat-cocuk-ve-genclik-kitaplari","6":"product_cat-hikayeler","7":"pa_cilt-ciltsiz","8":"pa_tur-kitap","9":"pa_yayinevi-kirmizi-kedi-yayinevi","10":"pa_yazar-feyza-hepcilingirler","12":"first","13":"instock","14":"sale","15":"shipping-taxable","16":"purchasable","17":"product-type-simple"},"_links":{"self":[{"href":"https:\/\/roveyayinevi.com.tr\/index.php\/wp-json\/wp\/v2\/product\/700651","targetHints":{"allow":["GET"]}}],"collection":[{"href":"https:\/\/roveyayinevi.com.tr\/index.php\/wp-json\/wp\/v2\/product"}],"about":[{"href":"https:\/\/roveyayinevi.com.tr\/index.php\/wp-json\/wp\/v2\/types\/product"}],"wp:attachment":[{"href":"https:\/\/roveyayinevi.com.tr\/index.php\/wp-json\/wp\/v2\/media?parent=700651"}],"wp:term":[{"taxonomy":"product_brand","embeddable":true,"href":"https:\/\/roveyayinevi.com.tr\/index.php\/wp-json\/wp\/v2\/product_brand?post=700651"},{"taxonomy":"product_cat","embeddable":true,"href":"https:\/\/roveyayinevi.com.tr\/index.php\/wp-json\/wp\/v2\/product_cat?post=700651"},{"taxonomy":"product_tag","embeddable":true,"href":"https:\/\/roveyayinevi.com.tr\/index.php\/wp-json\/wp\/v2\/product_tag?post=700651"}],"curies":[{"name":"wp","href":"https:\/\/api.w.org\/{rel}","templated":true}]}}