{"id":700644,"date":"2025-08-27T15:01:29","date_gmt":"2025-08-27T12:01:29","guid":{"rendered":"https:\/\/roveyayinevi.com.tr\/index.php\/urun\/bunlar-masal-degil-1\/"},"modified":"2026-04-08T02:13:15","modified_gmt":"2026-04-07T23:13:15","slug":"bunlar-masal-degil-1","status":"publish","type":"product","link":"https:\/\/roveyayinevi.com.tr\/index.php\/urun\/bunlar-masal-degil-1\/","title":{"rendered":"Bunlar Masal De\u011fil 1"},"content":{"rendered":"<p>Onlar, ya\u015fam\u0131ma bir s\u00fcre konuk oldular. Birka\u00e7 kpek, bir domuz, bir tav\u015fan ve bie \u015fahin. Bu konuklar\u0131ma, yaln\u0131za biraz ilgi g\u00f6sterdim. Ger\u00e7ekten biraz. \u00c7\u00fcnk\u00fc, insanla yak\u0131nla\u015fmalar\u0131, do\u011fal ya\u015fama d\u00f6nmelerini zorla\u015ft\u0131r\u0131r diye d\u00fc\u015f\u00fcnd\u00fcm. Hi\u00e7birini e\u011fitmeye kalkmad\u0131m. Onlar ise, bana hi\u00e7bir sorun \u00e7\u0131karmad\u0131lar; s\u0131n\u0131rs\u0131z dostluklar\u0131n\u0131 ve kat\u0131ks\u0131z sevgilerini sundular. Ben onlarla tan\u0131\u015ft\u0131\u011f\u0131m i\u00e7in mutlu oldum. Gelin sizler de tan\u0131\u015f\u0131n bu dostlar\u0131mla ve mutlu olsun. &#8211; Serpil \u015een   Biz hayvanlara zaman\u0131m\u0131z\u0131n, yiyece\u011fimizin ve sevgimizin artakalan\u0131n\u0131 veririz. Oysa onlar bize her \u015feylerini verirler. <\/p>\n","protected":false},"excerpt":{"rendered":"<p>Onlar, ya\u015fam\u0131ma bir s\u00fcre konuk oldular. Birka\u00e7 kpek, bir domuz, bir tav\u015fan ve bie \u015fahin. Bu konuklar\u0131ma, yaln\u0131za biraz ilgi g\u00f6sterdim. Ger\u00e7ekten biraz. \u00c7\u00fcnk\u00fc, insanla yak\u0131nla\u015fmalar\u0131,<span class=\"excerpt-hellip\"> [\u2026]<\/span><\/p>\n","protected":false},"featured_media":0,"template":"","meta":{"_monsterinsights_skip_tracking":false,"_monsterinsights_sitenote_active":false,"_monsterinsights_sitenote_note":"","_monsterinsights_sitenote_category":0},"product_brand":[],"product_cat":[12274,12284],"product_tag":[],"class_list":{"0":"post-700644","1":"product","2":"type-product","3":"status-publish","5":"product_cat-cocuk-ve-genclik-kitaplari","6":"product_cat-hikayeler","7":"pa_tur-kitap","8":"pa_yayinevi-odtu-gelistirme-vakfi-yayincilik","9":"pa_yazar-serpil-sen","11":"first","12":"instock","13":"sale","14":"shipping-taxable","15":"purchasable","16":"product-type-simple"},"_links":{"self":[{"href":"https:\/\/roveyayinevi.com.tr\/index.php\/wp-json\/wp\/v2\/product\/700644","targetHints":{"allow":["GET"]}}],"collection":[{"href":"https:\/\/roveyayinevi.com.tr\/index.php\/wp-json\/wp\/v2\/product"}],"about":[{"href":"https:\/\/roveyayinevi.com.tr\/index.php\/wp-json\/wp\/v2\/types\/product"}],"wp:attachment":[{"href":"https:\/\/roveyayinevi.com.tr\/index.php\/wp-json\/wp\/v2\/media?parent=700644"}],"wp:term":[{"taxonomy":"product_brand","embeddable":true,"href":"https:\/\/roveyayinevi.com.tr\/index.php\/wp-json\/wp\/v2\/product_brand?post=700644"},{"taxonomy":"product_cat","embeddable":true,"href":"https:\/\/roveyayinevi.com.tr\/index.php\/wp-json\/wp\/v2\/product_cat?post=700644"},{"taxonomy":"product_tag","embeddable":true,"href":"https:\/\/roveyayinevi.com.tr\/index.php\/wp-json\/wp\/v2\/product_tag?post=700644"}],"curies":[{"name":"wp","href":"https:\/\/api.w.org\/{rel}","templated":true}]}}