{"id":700641,"date":"2025-08-27T15:01:28","date_gmt":"2025-08-27T12:01:28","guid":{"rendered":"https:\/\/roveyayinevi.com.tr\/index.php\/urun\/kelime-defteri\/"},"modified":"2026-04-16T02:09:59","modified_gmt":"2026-04-15T23:09:59","slug":"kelime-defteri","status":"publish","type":"product","link":"https:\/\/roveyayinevi.com.tr\/index.php\/urun\/kelime-defteri\/","title":{"rendered":"Kelime Defteri"},"content":{"rendered":"<p>Ben ilkokula gitti\u011fim y\u0131llarda \u00f6\u011fretmenimiz bize Kelime Defteri tuttururdu. Alfabetik fihrist formunda, ince uzun bir defterdi bu. T\u00fcrk\u00e7e dersi s\u0131ras\u0131nda kar\u015f\u0131la\u015ft\u0131\u011f\u0131m\u0131z yeni bir kelimeyi ve onun anlam\u0131n\u0131 g\u00fcnl\u00fck defterimize de\u011fil Kelime Defteri\u2019ne yazar, kar\u015f\u0131 tarafta c\u00fcmle i\u00e7inde kullan\u0131rd\u0131k. B\u00f6ylece kendimize ait s\u00f6zl\u00fc\u011f\u00fcm\u00fcz olu\u015furdu.  \u015eimdi ben de kendi kelimelerimi merak ediyorum ve onlar\u0131 bir araya getirerek c\u00fcmle i\u00e7inde kullanmay\u0131 deniyorum. Bir t\u00fcr Kelime Defteri \u00e7\u0131karmak istiyorum k\u0131sacas\u0131. Bir de merak ediyorum, acaba fark etmedi\u011fim kelimelerim de var m\u0131d\u0131r benim? Yoksa hepsinin fark\u0131nda m\u0131y\u0131md\u0131r? <\/p>\n","protected":false},"excerpt":{"rendered":"<p>Ben ilkokula gitti\u011fim y\u0131llarda \u00f6\u011fretmenimiz bize Kelime Defteri tuttururdu. Alfabetik fihrist formunda, ince uzun bir defterdi bu. T\u00fcrk\u00e7e dersi s\u0131ras\u0131nda kar\u015f\u0131la\u015ft\u0131\u011f\u0131m\u0131z yeni bir kelimeyi ve onun<span class=\"excerpt-hellip\"> [\u2026]<\/span><\/p>\n","protected":false},"featured_media":0,"template":"","meta":{"_monsterinsights_skip_tracking":false,"_monsterinsights_sitenote_active":false,"_monsterinsights_sitenote_note":"","_monsterinsights_sitenote_category":0},"product_brand":[],"product_cat":[12777,12291],"product_tag":[],"class_list":{"0":"post-700641","1":"product","2":"type-product","3":"status-publish","5":"product_cat-deneme","6":"product_cat-edebiyat","7":"pa_cilt-ciltsiz","8":"pa_tur-kitap","9":"pa_yayinevi-timas-yayinlari","10":"pa_yazar-nazan-bekiroglu","12":"first","13":"instock","14":"sale","15":"shipping-taxable","16":"purchasable","17":"product-type-simple"},"_links":{"self":[{"href":"https:\/\/roveyayinevi.com.tr\/index.php\/wp-json\/wp\/v2\/product\/700641","targetHints":{"allow":["GET"]}}],"collection":[{"href":"https:\/\/roveyayinevi.com.tr\/index.php\/wp-json\/wp\/v2\/product"}],"about":[{"href":"https:\/\/roveyayinevi.com.tr\/index.php\/wp-json\/wp\/v2\/types\/product"}],"wp:attachment":[{"href":"https:\/\/roveyayinevi.com.tr\/index.php\/wp-json\/wp\/v2\/media?parent=700641"}],"wp:term":[{"taxonomy":"product_brand","embeddable":true,"href":"https:\/\/roveyayinevi.com.tr\/index.php\/wp-json\/wp\/v2\/product_brand?post=700641"},{"taxonomy":"product_cat","embeddable":true,"href":"https:\/\/roveyayinevi.com.tr\/index.php\/wp-json\/wp\/v2\/product_cat?post=700641"},{"taxonomy":"product_tag","embeddable":true,"href":"https:\/\/roveyayinevi.com.tr\/index.php\/wp-json\/wp\/v2\/product_tag?post=700641"}],"curies":[{"name":"wp","href":"https:\/\/api.w.org\/{rel}","templated":true}]}}