{"id":700630,"date":"2025-08-27T15:00:46","date_gmt":"2025-08-27T12:00:46","guid":{"rendered":"https:\/\/roveyayinevi.com.tr\/index.php\/urun\/sihirbaz-babam\/"},"modified":"2026-04-16T02:09:59","modified_gmt":"2026-04-15T23:09:59","slug":"sihirbaz-babam","status":"publish","type":"product","link":"https:\/\/roveyayinevi.com.tr\/index.php\/urun\/sihirbaz-babam\/","title":{"rendered":"Sihirbaz Babam"},"content":{"rendered":"<p>Ayn\u0131 \u00e7\u0131kmaz sokakta oturan, ayn\u0131 okula giden bir grup \u00e7ocuk okul d\u00f6n\u00fc\u015f\u00fc serviste ba\u015flatt\u0131klar\u0131 babalar yar\u0131\u015f\u0131n\u0131 s\u00fcrd\u00fcrmektedir. Her biri kendi babas\u0131n\u0131 \u00f6vmekte, babas\u0131n\u0131n ne kadar \u00f6nemli i\u015fler yapt\u0131\u011f\u0131ndan s\u00f6z etmektedir. En k\u00fc\u00e7\u00fcklerinden biri olan Alp, babas\u0131n\u0131n sihirbaz oldu\u011funu s\u00f6yler ve gider.Alp\u2019in sihirbaz babas\u0131 o gece b\u00fct\u00fcn \u00e7ocuklar\u0131n r\u00fcyalar\u0131na girer. Ne dersiniz? Alp\u2019in babas\u0131 sihirbaz m\u0131d\u0131r ger\u00e7ekten? <\/p>\n","protected":false},"excerpt":{"rendered":"<p>Ayn\u0131 \u00e7\u0131kmaz sokakta oturan, ayn\u0131 okula giden bir grup \u00e7ocuk okul d\u00f6n\u00fc\u015f\u00fc serviste ba\u015flatt\u0131klar\u0131 babalar yar\u0131\u015f\u0131n\u0131 s\u00fcrd\u00fcrmektedir. Her biri kendi babas\u0131n\u0131 \u00f6vmekte, babas\u0131n\u0131n ne kadar \u00f6nemli<span class=\"excerpt-hellip\"> [\u2026]<\/span><\/p>\n","protected":false},"featured_media":0,"template":"","meta":{"_monsterinsights_skip_tracking":false,"_monsterinsights_sitenote_active":false,"_monsterinsights_sitenote_note":"","_monsterinsights_sitenote_category":0},"product_brand":[],"product_cat":[12275,12274],"product_tag":[],"class_list":{"0":"post-700630","1":"product","2":"type-product","3":"status-publish","5":"product_cat-6-12-yas-kitaplari","6":"product_cat-cocuk-ve-genclik-kitaplari","7":"pa_cilt-ciltsiz","8":"pa_tur-kitap","9":"pa_yayinevi-kirmizi-kedi-yayinevi","10":"pa_yazar-feyza-hepcilingirler","12":"first","13":"instock","14":"sale","15":"shipping-taxable","16":"purchasable","17":"product-type-simple"},"_links":{"self":[{"href":"https:\/\/roveyayinevi.com.tr\/index.php\/wp-json\/wp\/v2\/product\/700630","targetHints":{"allow":["GET"]}}],"collection":[{"href":"https:\/\/roveyayinevi.com.tr\/index.php\/wp-json\/wp\/v2\/product"}],"about":[{"href":"https:\/\/roveyayinevi.com.tr\/index.php\/wp-json\/wp\/v2\/types\/product"}],"wp:attachment":[{"href":"https:\/\/roveyayinevi.com.tr\/index.php\/wp-json\/wp\/v2\/media?parent=700630"}],"wp:term":[{"taxonomy":"product_brand","embeddable":true,"href":"https:\/\/roveyayinevi.com.tr\/index.php\/wp-json\/wp\/v2\/product_brand?post=700630"},{"taxonomy":"product_cat","embeddable":true,"href":"https:\/\/roveyayinevi.com.tr\/index.php\/wp-json\/wp\/v2\/product_cat?post=700630"},{"taxonomy":"product_tag","embeddable":true,"href":"https:\/\/roveyayinevi.com.tr\/index.php\/wp-json\/wp\/v2\/product_tag?post=700630"}],"curies":[{"name":"wp","href":"https:\/\/api.w.org\/{rel}","templated":true}]}}