{"id":700620,"date":"2025-08-27T15:00:43","date_gmt":"2025-08-27T12:00:43","guid":{"rendered":"https:\/\/roveyayinevi.com.tr\/index.php\/urun\/istanbul-dedektifleri-3\/"},"modified":"2026-04-16T02:09:59","modified_gmt":"2026-04-15T23:09:59","slug":"istanbul-dedektifleri-3","status":"publish","type":"product","link":"https:\/\/roveyayinevi.com.tr\/index.php\/urun\/istanbul-dedektifleri-3\/","title":{"rendered":"\u0130stanbul Dedektifleri -3"},"content":{"rendered":"<p>\u0130stanbul Dedektifl eri yine i\u015f ba\u015f\u0131nda! Bilgin, Bilge ve Bora\u2026 \u00dc\u00e7 karde\u015f, Karalt\u0131 \u00c7etesi\u2019nin yeni soygunlar\u0131n\u0131 \u00f6nlemeye ve onlar\u0131 yakalamaya \u00e7al\u0131\u015f\u0131yor. Ama bu kez onlar\u0131 daha fazla d\u00fc\u015f\u00fcnd\u00fcren ba\u015fka bir konu var: Bilgin\u2019le bu kadar benzerlik ta\u015f\u0131yan Profes\u00f6r kim? Neden kimli\u011fini onlardan gizliyor? Karalt\u0131 \u00c7etesi neden Profes\u00f6r\u2019le u\u011fra\u015f\u0131yor? Kahramanlar\u0131m\u0131z sorular\u0131na cevap bulabilecekler mi? Karalt\u0131\u2019y\u0131 yakalayabilecekler mi? \u0130\u015fte hepsi bu kitapta \u00e7\u00f6z\u00fcl\u00fcyor!<\/p>\n","protected":false},"excerpt":{"rendered":"<p>\u0130stanbul Dedektifl eri yine i\u015f ba\u015f\u0131nda! Bilgin, Bilge ve Bora\u2026 \u00dc\u00e7 karde\u015f, Karalt\u0131 \u00c7etesi\u2019nin yeni soygunlar\u0131n\u0131 \u00f6nlemeye ve onlar\u0131 yakalamaya \u00e7al\u0131\u015f\u0131yor. Ama bu kez onlar\u0131 daha<span class=\"excerpt-hellip\"> [\u2026]<\/span><\/p>\n","protected":false},"featured_media":0,"template":"","meta":{"_monsterinsights_skip_tracking":false,"_monsterinsights_sitenote_active":false,"_monsterinsights_sitenote_note":"","_monsterinsights_sitenote_category":0},"product_brand":[],"product_cat":[12275,12274],"product_tag":[],"class_list":{"0":"post-700620","1":"product","2":"type-product","3":"status-publish","5":"product_cat-6-12-yas-kitaplari","6":"product_cat-cocuk-ve-genclik-kitaplari","7":"pa_cilt-ciltsiz","8":"pa_tur-kitap","9":"pa_yayinevi-timas-yayinlari","10":"pa_yazar-mustafa-orakci","12":"first","13":"instock","14":"sale","15":"shipping-taxable","16":"purchasable","17":"product-type-simple"},"_links":{"self":[{"href":"https:\/\/roveyayinevi.com.tr\/index.php\/wp-json\/wp\/v2\/product\/700620","targetHints":{"allow":["GET"]}}],"collection":[{"href":"https:\/\/roveyayinevi.com.tr\/index.php\/wp-json\/wp\/v2\/product"}],"about":[{"href":"https:\/\/roveyayinevi.com.tr\/index.php\/wp-json\/wp\/v2\/types\/product"}],"wp:attachment":[{"href":"https:\/\/roveyayinevi.com.tr\/index.php\/wp-json\/wp\/v2\/media?parent=700620"}],"wp:term":[{"taxonomy":"product_brand","embeddable":true,"href":"https:\/\/roveyayinevi.com.tr\/index.php\/wp-json\/wp\/v2\/product_brand?post=700620"},{"taxonomy":"product_cat","embeddable":true,"href":"https:\/\/roveyayinevi.com.tr\/index.php\/wp-json\/wp\/v2\/product_cat?post=700620"},{"taxonomy":"product_tag","embeddable":true,"href":"https:\/\/roveyayinevi.com.tr\/index.php\/wp-json\/wp\/v2\/product_tag?post=700620"}],"curies":[{"name":"wp","href":"https:\/\/api.w.org\/{rel}","templated":true}]}}