{"id":700617,"date":"2025-08-27T15:00:42","date_gmt":"2025-08-27T12:00:42","guid":{"rendered":"https:\/\/roveyayinevi.com.tr\/index.php\/urun\/dagi-delen-irmak\/"},"modified":"2026-04-16T02:09:59","modified_gmt":"2026-04-15T23:09:59","slug":"dagi-delen-irmak","status":"publish","type":"product","link":"https:\/\/roveyayinevi.com.tr\/index.php\/urun\/dagi-delen-irmak\/","title":{"rendered":"Da\u011f\u0131 Delen Irmak"},"content":{"rendered":"<p>T\u00fcrkiye\u2018de sosyal bilimler denince akla gelen ilk isimlerden biri olan Prof. Dr. Kemal Karpat\u2018\u0131 de\u011ferli k\u0131lan yaln\u0131zca eserleri de\u011fil, belki de o eserleri de m\u00fcmk\u00fcn k\u0131lan hayat \u00f6yk\u00fcs\u00fcd\u00fcr. -\u015eahin Alpay- Karpat\u2018\u0131n hem Bat\u0131 hem Do\u011fu k\u00fclt\u00fcr\u00fcne vak\u0131f olmas\u0131n\u0131n ve her iki d\u00fcnyada da el \u00fcst\u00fcnde tutulmas\u0131n\u0131n ipu\u00e7lar\u0131, ki\u015fisel tarihinde gizli. -Can D\u00fcndar- Bir zamanlar Do\u011fu ile Bat\u0131\u2018n\u0131n s\u0131n\u0131r\u0131 kabul edilen Tuna\u2018n\u0131n g\u00fcneyinde, Romanya\u2018n\u0131n k\u00fc\u00e7\u00fck bir k\u00f6y\u00fcnde do\u011fan Kemal H. Karpat, ya\u015fam rotas\u0131n\u0131 Bat\u0131, \u00e7al\u0131\u015fma eksenini ise Do\u011fu olarak belirledi. \u00d6n\u00fcne a\u00e7\u0131lan do\u011fal ve kolay yollar\u0131 izlemedi; belki de t\u00fcm ya\u015fam\u0131n\u0131 derinden etkileyecek bir sezgiyle, \u00f6n\u00fcne \u00e7\u0131kan \u2018da\u011f\u0131 delmek\u2018 ve hi\u00e7 y\u00fcr\u00fcnmemi\u015f bir yolda y\u00fcr\u00fcmek istedi. Kendini ge\u00e7mi\u015fle bug\u00fcnk\u00fc politik s\u00fcre\u00e7ler aras\u0131ndaki ba\u011flar\u0131 ara\u015ft\u0131rmaya, g\u00fcncel olan\u0131 tarihin \u0131\u015f\u0131\u011f\u0131 alt\u0131nda incelemeye adad\u0131. Uzun bir \u00f6mr\u00fc kapsayan bu yo\u011fun \u00e7aba, Romanya\u2018da az\u0131nl\u0131k, T\u00fcrkiye\u2018de muhacir ve Amerika\u2018da g\u00f6\u00e7men olan gen\u00e7 bir entelekt\u00fceli, ya\u015fayan en b\u00fcy\u00fck tarih\u00e7ilerden birine d\u00f6n\u00fc\u015ft\u00fcrd\u00fc. Yap\u0131tlar\u0131 yirmiden fazla \u00fclkede yay\u0131nlanan b\u00fcy\u00fck bir T\u00fcrk tarih\u00e7isine&#8230; Bu kitap, o tarih\u00e7inin 87 y\u0131ll\u0131k ya\u015fam\u0131n\u0131, d\u00fcnya \u00e7ap\u0131nda bir tarih\u00e7inin olu\u015fum s\u00fcrecini kendi a\u011fz\u0131ndan anlat\u0131yor<\/p>\n","protected":false},"excerpt":{"rendered":"<p>T\u00fcrkiye\u2018de sosyal bilimler denince akla gelen ilk isimlerden biri olan Prof. Dr. Kemal Karpat\u2018\u0131 de\u011ferli k\u0131lan yaln\u0131zca eserleri de\u011fil, belki de o eserleri de m\u00fcmk\u00fcn k\u0131lan<span class=\"excerpt-hellip\"> [\u2026]<\/span><\/p>\n","protected":false},"featured_media":0,"template":"","meta":{"_monsterinsights_skip_tracking":false,"_monsterinsights_sitenote_active":false,"_monsterinsights_sitenote_note":"","_monsterinsights_sitenote_category":0},"product_brand":[],"product_cat":[12312,12304],"product_tag":[],"class_list":{"0":"post-700617","1":"product","2":"type-product","3":"status-publish","5":"product_cat-diger","6":"product_cat-tarih","7":"pa_cilt-ciltsiz","8":"pa_tur-kitap","9":"pa_yayinevi-timas-yayinlari","10":"pa_yazar-kemal-h-karpat","12":"first","13":"instock","14":"sale","15":"shipping-taxable","16":"purchasable","17":"product-type-simple"},"_links":{"self":[{"href":"https:\/\/roveyayinevi.com.tr\/index.php\/wp-json\/wp\/v2\/product\/700617","targetHints":{"allow":["GET"]}}],"collection":[{"href":"https:\/\/roveyayinevi.com.tr\/index.php\/wp-json\/wp\/v2\/product"}],"about":[{"href":"https:\/\/roveyayinevi.com.tr\/index.php\/wp-json\/wp\/v2\/types\/product"}],"wp:attachment":[{"href":"https:\/\/roveyayinevi.com.tr\/index.php\/wp-json\/wp\/v2\/media?parent=700617"}],"wp:term":[{"taxonomy":"product_brand","embeddable":true,"href":"https:\/\/roveyayinevi.com.tr\/index.php\/wp-json\/wp\/v2\/product_brand?post=700617"},{"taxonomy":"product_cat","embeddable":true,"href":"https:\/\/roveyayinevi.com.tr\/index.php\/wp-json\/wp\/v2\/product_cat?post=700617"},{"taxonomy":"product_tag","embeddable":true,"href":"https:\/\/roveyayinevi.com.tr\/index.php\/wp-json\/wp\/v2\/product_tag?post=700617"}],"curies":[{"name":"wp","href":"https:\/\/api.w.org\/{rel}","templated":true}]}}