{"id":700603,"date":"2025-08-27T15:00:37","date_gmt":"2025-08-27T12:00:37","guid":{"rendered":"https:\/\/roveyayinevi.com.tr\/index.php\/urun\/benim-adim-leonardo-da-vinci\/"},"modified":"2026-04-16T02:09:58","modified_gmt":"2026-04-15T23:09:58","slug":"benim-adim-leonardo-da-vinci","status":"publish","type":"product","link":"https:\/\/roveyayinevi.com.tr\/index.php\/urun\/benim-adim-leonardo-da-vinci\/","title":{"rendered":"Benim Ad\u0131m Leonardo Da Vinci"},"content":{"rendered":"<p>&#8220;D\u00fc\u015f\u00fcn\u00fcrlerden \u015fairlere, mimarlardan ressamlara, krallardan papalara ve hatta s\u0131radan insanlara kadar hepimiz d\u00fcnyay\u0131 de\u011fi\u015ftirebilece\u011fimize inand\u0131k. Ben de R\u00f6nesans d\u00f6neminde do\u011fmu\u015f biri olarak b\u00f6yle bir f\u0131rsat\u0131 ka\u00e7\u0131racak de\u011fildim. Bu nedenle kendimi resme, heykel yapmaya, kale ve sava\u015f makineleri tasarlamaya adad\u0131m. Ayr\u0131ca insanl\u0131\u011f\u0131n i\u015flerini kolayla\u015ft\u0131racak ufak tefek cihazlar ve u\u00e7an makineler de \u00e7izdim.&#8221;<\/p>\n","protected":false},"excerpt":{"rendered":"<p>&#8220;D\u00fc\u015f\u00fcn\u00fcrlerden \u015fairlere, mimarlardan ressamlara, krallardan papalara ve hatta s\u0131radan insanlara kadar hepimiz d\u00fcnyay\u0131 de\u011fi\u015ftirebilece\u011fimize inand\u0131k. Ben de R\u00f6nesans d\u00f6neminde do\u011fmu\u015f biri olarak b\u00f6yle bir f\u0131rsat\u0131 ka\u00e7\u0131racak<span class=\"excerpt-hellip\"> [\u2026]<\/span><\/p>\n","protected":false},"featured_media":0,"template":"","meta":{"_monsterinsights_skip_tracking":false,"_monsterinsights_sitenote_active":false,"_monsterinsights_sitenote_note":"","_monsterinsights_sitenote_category":0},"product_brand":[],"product_cat":[12274,14573],"product_tag":[],"class_list":{"0":"post-700603","1":"product","2":"type-product","3":"status-publish","5":"product_cat-cocuk-ve-genclik-kitaplari","6":"product_cat-referans-kitaplar-cocuk-ve-genclik-kitaplari","7":"pa_cilt-ciltsiz","8":"pa_tur-kitap","9":"pa_yayinevi-altin-kitaplar-cocuk-kitaplari","10":"pa_yazar-antonio-tello","12":"first","13":"instock","14":"sale","15":"shipping-taxable","16":"purchasable","17":"product-type-simple"},"_links":{"self":[{"href":"https:\/\/roveyayinevi.com.tr\/index.php\/wp-json\/wp\/v2\/product\/700603","targetHints":{"allow":["GET"]}}],"collection":[{"href":"https:\/\/roveyayinevi.com.tr\/index.php\/wp-json\/wp\/v2\/product"}],"about":[{"href":"https:\/\/roveyayinevi.com.tr\/index.php\/wp-json\/wp\/v2\/types\/product"}],"wp:attachment":[{"href":"https:\/\/roveyayinevi.com.tr\/index.php\/wp-json\/wp\/v2\/media?parent=700603"}],"wp:term":[{"taxonomy":"product_brand","embeddable":true,"href":"https:\/\/roveyayinevi.com.tr\/index.php\/wp-json\/wp\/v2\/product_brand?post=700603"},{"taxonomy":"product_cat","embeddable":true,"href":"https:\/\/roveyayinevi.com.tr\/index.php\/wp-json\/wp\/v2\/product_cat?post=700603"},{"taxonomy":"product_tag","embeddable":true,"href":"https:\/\/roveyayinevi.com.tr\/index.php\/wp-json\/wp\/v2\/product_tag?post=700603"}],"curies":[{"name":"wp","href":"https:\/\/api.w.org\/{rel}","templated":true}]}}