{"id":700601,"date":"2025-08-27T15:00:37","date_gmt":"2025-08-27T12:00:37","guid":{"rendered":"https:\/\/roveyayinevi.com.tr\/index.php\/urun\/psikanalize-giris-hatali-eylemler\/"},"modified":"2026-04-16T02:09:58","modified_gmt":"2026-04-15T23:09:58","slug":"psikanalize-giris-hatali-eylemler","status":"publish","type":"product","link":"https:\/\/roveyayinevi.com.tr\/index.php\/urun\/psikanalize-giris-hatali-eylemler\/","title":{"rendered":"Psikanalize Giri\u015f &#8211; Hatal\u0131 Eylemler"},"content":{"rendered":"<p>Psikanaliz kuram\u0131n\u0131n kurucusu olan Freud (1856-1939), bu kuram\u0131yla ilgili ilk notlar\u0131n\u0131 \u00f6\u011frencilerine aktard\u0131\u011f\u0131 derslerle kitapla\u015ft\u0131rd\u0131.Freud derslerine psikanalizin psi\u015fik sorun ya\u015fayan hastalara uygulanan bir tedavi y\u00f6ntemi oldu\u011funun bilindi\u011fini, bu noktadan ba\u015flayarak bu alanda uygulanan tedavi y\u00f6nteminin di\u011fer t\u00fcm t\u0131p alanlar\u0131nda uygulanan y\u00f6ntemlerden t\u00fcm\u00fcyle farkl\u0131 oldu\u011funu, hatta onlar\u0131n tam tersi oldu\u011funu s\u00f6yleyerek ba\u015fl\u0131yor. Freud\u2019un derslerinin Hatal\u0131 Eylemler ad\u0131n\u0131 ta\u015f\u0131yan bu ilk b\u00f6l\u00fcm\u00fcnde, sa\u011fl\u0131kl\u0131 herhangi bir bireyde g\u00f6zlemlenebilinen, s\u0131k rastlanan, \u00e7ok iyi bilinen ama fazla de\u011fer g\u00f6rmeyen ve hasta kavram\u0131yla ilgisi olmayan baz\u0131 fenomenleri irdeliyor. <\/p>\n","protected":false},"excerpt":{"rendered":"<p>Psikanaliz kuram\u0131n\u0131n kurucusu olan Freud (1856-1939), bu kuram\u0131yla ilgili ilk notlar\u0131n\u0131 \u00f6\u011frencilerine aktard\u0131\u011f\u0131 derslerle kitapla\u015ft\u0131rd\u0131.Freud derslerine psikanalizin psi\u015fik sorun ya\u015fayan hastalara uygulanan bir tedavi y\u00f6ntemi oldu\u011funun<span class=\"excerpt-hellip\"> [\u2026]<\/span><\/p>\n","protected":false},"featured_media":0,"template":"","meta":{"_monsterinsights_skip_tracking":false,"_monsterinsights_sitenote_active":false,"_monsterinsights_sitenote_note":"","_monsterinsights_sitenote_category":0},"product_brand":[],"product_cat":[12358,12357],"product_tag":[],"class_list":{"0":"post-700601","1":"product","2":"type-product","3":"status-publish","5":"product_cat-genel-psikoloji","6":"product_cat-psikoloji","7":"pa_cilt-ciltsiz","8":"pa_tur-kitap","9":"pa_yayinevi-cem-yayinevi","10":"pa_yazar-sigmund-freud","12":"first","13":"instock","14":"sale","15":"shipping-taxable","16":"purchasable","17":"product-type-simple"},"_links":{"self":[{"href":"https:\/\/roveyayinevi.com.tr\/index.php\/wp-json\/wp\/v2\/product\/700601","targetHints":{"allow":["GET"]}}],"collection":[{"href":"https:\/\/roveyayinevi.com.tr\/index.php\/wp-json\/wp\/v2\/product"}],"about":[{"href":"https:\/\/roveyayinevi.com.tr\/index.php\/wp-json\/wp\/v2\/types\/product"}],"wp:attachment":[{"href":"https:\/\/roveyayinevi.com.tr\/index.php\/wp-json\/wp\/v2\/media?parent=700601"}],"wp:term":[{"taxonomy":"product_brand","embeddable":true,"href":"https:\/\/roveyayinevi.com.tr\/index.php\/wp-json\/wp\/v2\/product_brand?post=700601"},{"taxonomy":"product_cat","embeddable":true,"href":"https:\/\/roveyayinevi.com.tr\/index.php\/wp-json\/wp\/v2\/product_cat?post=700601"},{"taxonomy":"product_tag","embeddable":true,"href":"https:\/\/roveyayinevi.com.tr\/index.php\/wp-json\/wp\/v2\/product_tag?post=700601"}],"curies":[{"name":"wp","href":"https:\/\/api.w.org\/{rel}","templated":true}]}}