{"id":700576,"date":"2025-08-27T15:00:28","date_gmt":"2025-08-27T12:00:28","guid":{"rendered":"https:\/\/roveyayinevi.com.tr\/index.php\/urun\/dil-dogruluk-ve-mantik\/"},"modified":"2026-04-15T02:12:56","modified_gmt":"2026-04-14T23:12:56","slug":"dil-dogruluk-ve-mantik","status":"publish","type":"product","link":"https:\/\/roveyayinevi.com.tr\/index.php\/urun\/dil-dogruluk-ve-mantik\/","title":{"rendered":"Dil, Do\u011fruluk ve Mant\u0131k"},"content":{"rendered":"<p>Yirminci Y\u00fczy\u0131l\u0131n \u00f6nde gelen \u0130ngiliz filozoflar\u0131ndan biri olan A. J. Ayer\u2019in bu en tan\u0131nm\u0131\u015f yap\u0131t\u0131n\u0131 ilk kez Aral\u0131k 1984\u2019te yay\u0131mlam\u0131\u015ft\u0131k. Bug\u00fcn yeni bas\u0131m\u0131n\u0131 yaparken kitab\u0131n \u00f6nemini hala korudu\u011funa inan\u0131yoruz. Dil, Do\u011fruluk ve Mant\u0131k felsefe \u00f6nermelerinin yap\u0131s\u0131n\u0131 ve felsefeyle deneysel bilimler aras\u0131ndaki ba\u011f\u0131nt\u0131y\u0131 incelemektedir. Y\u00fczy\u0131l\u0131n ba\u015f\u0131ndan beri filozof i\u00e7in yeni bir kimlik, felsefe i\u00e7in yeni bir i\u015flev aran\u0131yor. Filozofun s\u00f6ylediklerine daha ku\u015fkulu bir g\u00f6zle bak\u0131l\u0131yor. Bu soruna Russell ve Wittgenstein\u2019\u0131n gelene\u011fi \u00fcst\u00fcne kurulmu\u015f bir olguculukla yan\u0131t arayan Ayer, felsefenin do\u011fas\u0131nda \u00e7at\u0131\u015fan felsefe okullar\u0131n\u0131n bulunmas\u0131n\u0131 hakl\u0131 \u00e7\u0131karacak hi\u00e7bir \u015fey bulunmad\u0131\u011f\u0131n\u0131 \u00f6ne s\u00fcr\u00fcyor; felsefenin i\u015flevini yaln\u0131zca bilimsel \u00f6nermeleri ayd\u0131nlatmak olarak sapt\u0131yor. Bu kitap, metafizi\u011fe kar\u015f\u0131 ortaya koydu\u011fu g\u00fc\u00e7l\u00fc yan\u0131tla ve felsefe metinleri i\u00e7in al\u0131\u015f\u0131lmam\u0131\u015f kavgac\u0131 ve yal\u0131n diliyle bir klasik haline gelmi\u015ftir. \ufffcTan\u0131t\u0131m Metni<\/p>\n","protected":false},"excerpt":{"rendered":"<p>Yirminci Y\u00fczy\u0131l\u0131n \u00f6nde gelen \u0130ngiliz filozoflar\u0131ndan biri olan A. J. Ayer\u2019in bu en tan\u0131nm\u0131\u015f yap\u0131t\u0131n\u0131 ilk kez Aral\u0131k 1984\u2019te yay\u0131mlam\u0131\u015ft\u0131k. Bug\u00fcn yeni bas\u0131m\u0131n\u0131 yaparken kitab\u0131n \u00f6nemini<span class=\"excerpt-hellip\"> [\u2026]<\/span><\/p>\n","protected":false},"featured_media":0,"template":"","meta":{"_monsterinsights_skip_tracking":false,"_monsterinsights_sitenote_active":false,"_monsterinsights_sitenote_note":"","_monsterinsights_sitenote_category":0},"product_brand":[],"product_cat":[12389,12388],"product_tag":[],"class_list":{"0":"post-700576","1":"product","2":"type-product","3":"status-publish","5":"product_cat-diger-felsefe","6":"product_cat-felsefe","7":"pa_cilt-ciltsiz","8":"pa_tur-kitap","9":"pa_yayinevi-metis-yayinlari","10":"pa_yazar-alfred-jules-ayer","12":"first","13":"instock","14":"sale","15":"shipping-taxable","16":"purchasable","17":"product-type-simple"},"_links":{"self":[{"href":"https:\/\/roveyayinevi.com.tr\/index.php\/wp-json\/wp\/v2\/product\/700576","targetHints":{"allow":["GET"]}}],"collection":[{"href":"https:\/\/roveyayinevi.com.tr\/index.php\/wp-json\/wp\/v2\/product"}],"about":[{"href":"https:\/\/roveyayinevi.com.tr\/index.php\/wp-json\/wp\/v2\/types\/product"}],"wp:attachment":[{"href":"https:\/\/roveyayinevi.com.tr\/index.php\/wp-json\/wp\/v2\/media?parent=700576"}],"wp:term":[{"taxonomy":"product_brand","embeddable":true,"href":"https:\/\/roveyayinevi.com.tr\/index.php\/wp-json\/wp\/v2\/product_brand?post=700576"},{"taxonomy":"product_cat","embeddable":true,"href":"https:\/\/roveyayinevi.com.tr\/index.php\/wp-json\/wp\/v2\/product_cat?post=700576"},{"taxonomy":"product_tag","embeddable":true,"href":"https:\/\/roveyayinevi.com.tr\/index.php\/wp-json\/wp\/v2\/product_tag?post=700576"}],"curies":[{"name":"wp","href":"https:\/\/api.w.org\/{rel}","templated":true}]}}