{"id":700567,"date":"2025-08-27T15:00:25","date_gmt":"2025-08-27T12:00:25","guid":{"rendered":"https:\/\/roveyayinevi.com.tr\/index.php\/urun\/kayip-sicil\/"},"modified":"2026-04-16T02:09:58","modified_gmt":"2026-04-15T23:09:58","slug":"kayip-sicil","status":"publish","type":"product","link":"https:\/\/roveyayinevi.com.tr\/index.php\/urun\/kayip-sicil\/","title":{"rendered":"Kay\u0131p Sicil"},"content":{"rendered":"<p>Tarih: 27 Aral\u0131k 2012.\u0130ki y\u0131l sonra evimde uyand\u0131m sabaha.K\u00fct\u00fcphaneye girdim; polisler darmada\u011f\u0131n etmi\u015fti.Ba\u015fbakan Recep Tayyip Erdo\u011fan ile ilgili yaz\u0131lm\u0131\u015f kitaplar\u0131 bir araya getiriyordum; kitaplar tamamd\u0131; ama ayr\u0131ca bir defter ile bir dosya olacakt\u0131.Arad\u0131m&#8230; Arad\u0131m&#8230;Yok Bulamad\u0131m.\u0130yi biliyorum, dosyan\u0131n \u00fczerine Erdo\u011fan&#8217;\u0131n Sicili yazm\u0131\u015ft\u0131m.Bulmal\u0131yd\u0131m; benim i\u00e7in \u00e7ok \u00f6nemliydi; bunca y\u0131l\u0131n eme\u011fi vard\u0131.G\u00f6z\u00fcm gibi koruyordum.Evin her yerine bakt\u0131m. Bulamad\u0131m.Dosya ve defter kay\u0131pt\u0131&#8230;Sonra anlad\u0131m;  dosyay\u0131 ve o defteri evden biri\/birileri \u00e7ald\u0131!Peki&#8230;H\u0131rs\u0131z kimdi&#8230; Niye \u00e7alm\u0131\u015ft\u0131?Bilgileri-belgeleri ileride Erdo\u011fan&#8217;a kar\u015f\u0131 kullanmak i\u00e7in al\u0131p g\u00f6t\u00fcrd\u00fcler dosyay\u0131.17 Aral\u0131k Operasyonu ba\u015flay\u0131nca, bekledim; bakal\u0131m bizim dosya ve defterden de bilgiler ortaya serilecek mi diye!Cemaat\/paralel yap\u0131, o bilgileri Cumhurba\u015fkanl\u0131\u011f\u0131 se\u00e7iminde mi kullanacakt\u0131?\u00c7\u0131kmas\u0131n\u0131 hi\u00e7 bekleme, otur yaz dedim,Kay\u0131p Sicil\/Erdo\u011fan&#8217;\u0131n \u00c7al\u0131nan Dosyas\u0131 kitab\u0131 b\u00f6yle ortaya \u00e7\u0131kt\u0131.<\/p>\n","protected":false},"excerpt":{"rendered":"<p>Tarih: 27 Aral\u0131k 2012.\u0130ki y\u0131l sonra evimde uyand\u0131m sabaha.K\u00fct\u00fcphaneye girdim; polisler darmada\u011f\u0131n etmi\u015fti.Ba\u015fbakan Recep Tayyip Erdo\u011fan ile ilgili yaz\u0131lm\u0131\u015f kitaplar\u0131 bir araya getiriyordum; kitaplar tamamd\u0131; ama<span class=\"excerpt-hellip\"> [\u2026]<\/span><\/p>\n","protected":false},"featured_media":0,"template":"","meta":{"_monsterinsights_skip_tracking":false,"_monsterinsights_sitenote_active":false,"_monsterinsights_sitenote_note":"","_monsterinsights_sitenote_category":0},"product_brand":[],"product_cat":[12346,12337],"product_tag":[],"class_list":{"0":"post-700567","1":"product","2":"type-product","3":"status-publish","5":"product_cat-derin-siyaset-komplo-teorileri","6":"product_cat-politika-siyaset","7":"pa_cilt-ciltsiz","8":"pa_tur-kitap","9":"pa_yayinevi-kirmizi-kedi-yayinevi","10":"pa_yazar-soner-yalcin","12":"first","13":"instock","14":"sale","15":"shipping-taxable","16":"purchasable","17":"product-type-simple"},"_links":{"self":[{"href":"https:\/\/roveyayinevi.com.tr\/index.php\/wp-json\/wp\/v2\/product\/700567","targetHints":{"allow":["GET"]}}],"collection":[{"href":"https:\/\/roveyayinevi.com.tr\/index.php\/wp-json\/wp\/v2\/product"}],"about":[{"href":"https:\/\/roveyayinevi.com.tr\/index.php\/wp-json\/wp\/v2\/types\/product"}],"wp:attachment":[{"href":"https:\/\/roveyayinevi.com.tr\/index.php\/wp-json\/wp\/v2\/media?parent=700567"}],"wp:term":[{"taxonomy":"product_brand","embeddable":true,"href":"https:\/\/roveyayinevi.com.tr\/index.php\/wp-json\/wp\/v2\/product_brand?post=700567"},{"taxonomy":"product_cat","embeddable":true,"href":"https:\/\/roveyayinevi.com.tr\/index.php\/wp-json\/wp\/v2\/product_cat?post=700567"},{"taxonomy":"product_tag","embeddable":true,"href":"https:\/\/roveyayinevi.com.tr\/index.php\/wp-json\/wp\/v2\/product_tag?post=700567"}],"curies":[{"name":"wp","href":"https:\/\/api.w.org\/{rel}","templated":true}]}}

Kayıp Sicil

<p>Tarih: 27 Aralık 2012.İki yıl sonra evimde uyandım sabaha.Kütüphaneye girdim; polisler darmadağın etmişti.Başbakan Recep Tayyip Erdoğan ile ilgili yazılmış kitapları bir araya getiriyordum; kitaplar tamamdı; ama ayrıca bir defter ile bir dosya olacaktı.Aradım&#8230; Aradım&#8230;Yok Bulamadım.İyi biliyorum, dosyanın üzerine Erdoğan&#8217;ın Sicili yazmıştım.Bulmalıydım; benim için çok önemliydi; bunca yılın emeği vardı.Gözüm gibi koruyordum.Evin her yerine baktım. Bulamadım.Dosya ve defter kayıptı&#8230;Sonra anladım;  dosyayı ve o defteri evden biri/birileri çaldı!Peki&#8230;Hırsız kimdi&#8230; Niye çalmıştı?Bilgileri-belgeleri ileride Erdoğan&#8217;a karşı kullanmak için alıp götürdüler dosyayı.17 Aralık Operasyonu başlayınca, bekledim; bakalım bizim dosya ve defterden de bilgiler ortaya serilecek mi diye!Cemaat/paralel yapı, o bilgileri Cumhurbaşkanlığı seçiminde mi kullanacaktı?Çıkmasını hiç bekleme, otur yaz dedim,Kayıp Sicil/Erdoğan&#8217;ın Çalınan Dosyası kitabı böyle ortaya çıktı.</p>

<p>Tarih: 27 Aralık 2012.İki yıl sonra evimde uyandım sabaha.Kütüphaneye girdim; polisler darmadağın etmişti.Başbakan Recep Tayyip Erdoğan ile ilgili yazılmış kitapları bir araya getiriyordum; kitaplar tamamdı; ama<span class="excerpt-hellip"> […]</span></p>
