{"id":700551,"date":"2025-08-27T15:00:21","date_gmt":"2025-08-27T12:00:21","guid":{"rendered":"https:\/\/roveyayinevi.com.tr\/index.php\/urun\/biyoloji-budur\/"},"modified":"2026-04-16T02:09:57","modified_gmt":"2026-04-15T23:09:57","slug":"biyoloji-budur","status":"publish","type":"product","link":"https:\/\/roveyayinevi.com.tr\/index.php\/urun\/biyoloji-budur\/","title":{"rendered":"Biyoloji Budur"},"content":{"rendered":"<p>Yirminci y\u00fczy\u0131l\u0131n \u00f6nemli evrimsel biyologlar\u0131ndan ve modern sentezin \u00f6nc\u00fclerinden biri olan Ernst Mayr, Biyoloji Budur ile biyolojinin bir b\u00fct\u00fcn olarak \u00f6nemini ve zenginli\u011fini g\u00f6zler \u00f6n\u00fcne seriyor.Ya\u015fam bilimlerini incelemenin yan\u0131 s\u0131ra bilime adanm\u0131\u015f ola\u011fan\u00fcst\u00fc bir ya\u015fam\u0131n birikimini de aktaran yazar, okuyucuya ve biyologlara kendi \u00f6zel ara\u015ft\u0131rma alanlar\u0131nda geni\u015f bir bak\u0131\u015f a\u00e7\u0131s\u0131 kazanabilmeleri i\u00e7in kavramsal bir \u00e7er\u00e7eve sunuyor. <\/p>\n","protected":false},"excerpt":{"rendered":"<p>Yirminci y\u00fczy\u0131l\u0131n \u00f6nemli evrimsel biyologlar\u0131ndan ve modern sentezin \u00f6nc\u00fclerinden biri olan Ernst Mayr, Biyoloji Budur ile biyolojinin bir b\u00fct\u00fcn olarak \u00f6nemini ve zenginli\u011fini g\u00f6zler \u00f6n\u00fcne seriyor.Ya\u015fam<span class=\"excerpt-hellip\"> [\u2026]<\/span><\/p>\n","protected":false},"featured_media":0,"template":"","meta":{"_monsterinsights_skip_tracking":false,"_monsterinsights_sitenote_active":false,"_monsterinsights_sitenote_note":"","_monsterinsights_sitenote_category":0},"product_brand":[],"product_cat":[12573,12566],"product_tag":[],"class_list":{"0":"post-700551","1":"product","2":"type-product","3":"status-publish","5":"product_cat-akademik-kitaplar","6":"product_cat-egitim","7":"pa_cilt-ciltsiz","8":"pa_tur-kitap","9":"pa_yayinevi-say-yayinlari","10":"pa_yazar-ernst-mayr","12":"first","13":"instock","14":"sale","15":"shipping-taxable","16":"purchasable","17":"product-type-simple"},"_links":{"self":[{"href":"https:\/\/roveyayinevi.com.tr\/index.php\/wp-json\/wp\/v2\/product\/700551","targetHints":{"allow":["GET"]}}],"collection":[{"href":"https:\/\/roveyayinevi.com.tr\/index.php\/wp-json\/wp\/v2\/product"}],"about":[{"href":"https:\/\/roveyayinevi.com.tr\/index.php\/wp-json\/wp\/v2\/types\/product"}],"wp:attachment":[{"href":"https:\/\/roveyayinevi.com.tr\/index.php\/wp-json\/wp\/v2\/media?parent=700551"}],"wp:term":[{"taxonomy":"product_brand","embeddable":true,"href":"https:\/\/roveyayinevi.com.tr\/index.php\/wp-json\/wp\/v2\/product_brand?post=700551"},{"taxonomy":"product_cat","embeddable":true,"href":"https:\/\/roveyayinevi.com.tr\/index.php\/wp-json\/wp\/v2\/product_cat?post=700551"},{"taxonomy":"product_tag","embeddable":true,"href":"https:\/\/roveyayinevi.com.tr\/index.php\/wp-json\/wp\/v2\/product_tag?post=700551"}],"curies":[{"name":"wp","href":"https:\/\/api.w.org\/{rel}","templated":true}]}}