{"id":700550,"date":"2025-08-27T15:00:20","date_gmt":"2025-08-27T12:00:20","guid":{"rendered":"https:\/\/roveyayinevi.com.tr\/index.php\/urun\/herkes-icin-tarot-kutulu\/"},"modified":"2026-04-16T02:09:57","modified_gmt":"2026-04-15T23:09:57","slug":"herkes-icin-tarot-kutulu","status":"publish","type":"product","link":"https:\/\/roveyayinevi.com.tr\/index.php\/urun\/herkes-icin-tarot-kutulu\/","title":{"rendered":"Herkes \u0130\u00e7in Tarot (Kutulu)"},"content":{"rendered":"<p>\u00d6zel kutusunda sunulan Herkes \u0130\u00e7in Tarot seti, k\u0131lavuz kitap\u00e7\u0131\u011f\u0131 ile beraber Evrensel Tarot adl\u0131 me\u015fhur Tarot kartlar\u0131 destesini i\u00e7ermektedir.Evrensel Tarot destesi,  22 B\u00fcy\u00fck Arkana ve 56 K\u00fc\u00e7\u00fck Arkana olmak \u00fczere toplam 78 Tarot kart\u0131ndan olu\u015fmaktad\u0131r. Kartlar \u00fczerinde, aslen \u00fcnl\u00fc \u0130ngiliz ok\u00fclt \u00fcstad\u0131 A. E. Wait\u2019in f\u0131r\u00e7as\u0131ndan \u00e7\u0131km\u0131\u015f ve usta ressam Roberto de Angelis taraf\u0131ndan yeniden yorumlanm\u0131\u015f ezoterik g\u00f6rseller bulunmaktad\u0131r.K\u0131lavuzda, 78 kart\u0131n her birinin ta\u015f\u0131d\u0131\u011f\u0131 anlamlar ve bu kartlar\u0131n birbirleriyle ili\u015fkileri Tarot&#8217;a yeni ba\u015flayanlar\u0131n bile rahat\u00e7a anlaya-bilece\u011fi \u015fekilde a\u00e7\u0131klanmaktad\u0131r. Kart a\u00e7\u0131l\u0131mlar\u0131 ve bu a\u00e7\u0131l\u0131mlar\u0131n nas\u0131l okunmas\u0131 gerekti\u011fi de ayr\u0131nt\u0131l\u0131 olarak anlat\u0131lmaktad\u0131r. <\/p>\n","protected":false},"excerpt":{"rendered":"<p>\u00d6zel kutusunda sunulan Herkes \u0130\u00e7in Tarot seti, k\u0131lavuz kitap\u00e7\u0131\u011f\u0131 ile beraber Evrensel Tarot adl\u0131 me\u015fhur Tarot kartlar\u0131 destesini i\u00e7ermektedir.Evrensel Tarot destesi, 22 B\u00fcy\u00fck Arkana ve 56<span class=\"excerpt-hellip\"> [\u2026]<\/span><\/p>\n","protected":false},"featured_media":0,"template":"","meta":{"_monsterinsights_skip_tracking":false,"_monsterinsights_sitenote_active":false,"_monsterinsights_sitenote_note":"","_monsterinsights_sitenote_category":0},"product_brand":[],"product_cat":[19840,12364],"product_tag":[],"class_list":{"0":"post-700550","1":"product","2":"type-product","3":"status-publish","5":"product_cat-astroloji","6":"product_cat-genel-konular","7":"pa_cilt-ciltli","8":"pa_tur-kitap","9":"pa_yayinevi-omega","10":"pa_yazar-isa-donelli","12":"first","13":"instock","14":"sale","15":"shipping-taxable","16":"purchasable","17":"product-type-simple"},"_links":{"self":[{"href":"https:\/\/roveyayinevi.com.tr\/index.php\/wp-json\/wp\/v2\/product\/700550","targetHints":{"allow":["GET"]}}],"collection":[{"href":"https:\/\/roveyayinevi.com.tr\/index.php\/wp-json\/wp\/v2\/product"}],"about":[{"href":"https:\/\/roveyayinevi.com.tr\/index.php\/wp-json\/wp\/v2\/types\/product"}],"wp:attachment":[{"href":"https:\/\/roveyayinevi.com.tr\/index.php\/wp-json\/wp\/v2\/media?parent=700550"}],"wp:term":[{"taxonomy":"product_brand","embeddable":true,"href":"https:\/\/roveyayinevi.com.tr\/index.php\/wp-json\/wp\/v2\/product_brand?post=700550"},{"taxonomy":"product_cat","embeddable":true,"href":"https:\/\/roveyayinevi.com.tr\/index.php\/wp-json\/wp\/v2\/product_cat?post=700550"},{"taxonomy":"product_tag","embeddable":true,"href":"https:\/\/roveyayinevi.com.tr\/index.php\/wp-json\/wp\/v2\/product_tag?post=700550"}],"curies":[{"name":"wp","href":"https:\/\/api.w.org\/{rel}","templated":true}]}}