{"id":700525,"date":"2025-08-27T15:00:13","date_gmt":"2025-08-27T12:00:13","guid":{"rendered":"https:\/\/roveyayinevi.com.tr\/index.php\/urun\/gulyabani-3\/"},"modified":"2026-04-16T02:09:57","modified_gmt":"2026-04-15T23:09:57","slug":"gulyabani-3","status":"publish","type":"product","link":"https:\/\/roveyayinevi.com.tr\/index.php\/urun\/gulyabani-3\/","title":{"rendered":"Gulyabani"},"content":{"rendered":"<p>T\u00fcrk edebiyat\u0131na bir\u00e7ok \u00f6nemli eser kazand\u0131ran, romanlar\u0131 g\u00fcn\u00fcm\u00fczde de de\u011ferini ve \u00f6zg\u00fcnl\u00fc\u011f\u00fcn\u00fc koruyan H\u00fcseyin Rahmi G\u00fcrp\u0131nar, toplumun \u00e7e\u015fitli s\u0131n\u0131f ve tabakalar\u0131na mensup ki\u015filerin belirli \u00f6zelliklerini ustal\u0131kla ortaya koyar, olaylar\u0131 abart\u0131l\u0131 olmayan bir g\u00fcld\u00fcr\u00fc ve anlat\u0131m rahatl\u0131\u011f\u0131yla okuyucuya sunar. <\/p>\n","protected":false},"excerpt":{"rendered":"<p>T\u00fcrk edebiyat\u0131na bir\u00e7ok \u00f6nemli eser kazand\u0131ran, romanlar\u0131 g\u00fcn\u00fcm\u00fczde de de\u011ferini ve \u00f6zg\u00fcnl\u00fc\u011f\u00fcn\u00fc koruyan H\u00fcseyin Rahmi G\u00fcrp\u0131nar, toplumun \u00e7e\u015fitli s\u0131n\u0131f ve tabakalar\u0131na mensup ki\u015filerin belirli \u00f6zelliklerini ustal\u0131kla<span class=\"excerpt-hellip\"> [\u2026]<\/span><\/p>\n","protected":false},"featured_media":0,"template":"","meta":{"_monsterinsights_skip_tracking":false,"_monsterinsights_sitenote_active":false,"_monsterinsights_sitenote_note":"","_monsterinsights_sitenote_category":0},"product_brand":[],"product_cat":[12291,12711],"product_tag":[],"class_list":{"0":"post-700525","1":"product","2":"type-product","3":"status-publish","5":"product_cat-edebiyat","6":"product_cat-roman-oyku","7":"pa_tur-kitap","8":"pa_yayinevi-bilgi-yayinevi","9":"pa_yazar-huseyin-rahmi-gurpinar","11":"first","12":"instock","13":"sale","14":"shipping-taxable","15":"purchasable","16":"product-type-simple"},"_links":{"self":[{"href":"https:\/\/roveyayinevi.com.tr\/index.php\/wp-json\/wp\/v2\/product\/700525","targetHints":{"allow":["GET"]}}],"collection":[{"href":"https:\/\/roveyayinevi.com.tr\/index.php\/wp-json\/wp\/v2\/product"}],"about":[{"href":"https:\/\/roveyayinevi.com.tr\/index.php\/wp-json\/wp\/v2\/types\/product"}],"wp:attachment":[{"href":"https:\/\/roveyayinevi.com.tr\/index.php\/wp-json\/wp\/v2\/media?parent=700525"}],"wp:term":[{"taxonomy":"product_brand","embeddable":true,"href":"https:\/\/roveyayinevi.com.tr\/index.php\/wp-json\/wp\/v2\/product_brand?post=700525"},{"taxonomy":"product_cat","embeddable":true,"href":"https:\/\/roveyayinevi.com.tr\/index.php\/wp-json\/wp\/v2\/product_cat?post=700525"},{"taxonomy":"product_tag","embeddable":true,"href":"https:\/\/roveyayinevi.com.tr\/index.php\/wp-json\/wp\/v2\/product_tag?post=700525"}],"curies":[{"name":"wp","href":"https:\/\/api.w.org\/{rel}","templated":true}]}}