{"id":700520,"date":"2025-08-27T15:00:11","date_gmt":"2025-08-27T12:00:11","guid":{"rendered":"https:\/\/roveyayinevi.com.tr\/index.php\/urun\/cokasklilik\/"},"modified":"2026-04-16T02:09:57","modified_gmt":"2026-04-15T23:09:57","slug":"cokasklilik","status":"publish","type":"product","link":"https:\/\/roveyayinevi.com.tr\/index.php\/urun\/cokasklilik\/","title":{"rendered":"\u00c7oka\u015fkl\u0131l\u0131k"},"content":{"rendered":"<p>Devletlerin resmi kurumlar\u0131 bo\u015fanma oranlar\u0131ndaki art\u0131\u015ftan bahseder ama nedenlerini yeterince sorgulamaz. Ya da ekonomik, k\u00fclt\u00fcrel, sosyolojik, her t\u00fcrl\u00fc neden say\u0131l\u0131r ama tek bir konu kesinlikle sorgulanmaz; o da heteronormatif teke\u015fli evlili\u011fin kendisidir. Thomas Schroedter ve Christina Vetter bu kitapta, i\u015fte modern zamanlar\u0131n bu en b\u00fcy\u00fck tabusunu ele al\u0131yor. \u0130ki yazar, teke\u015flili\u011fin ve buna ba\u011fl\u0131 a\u015fk tasavvurlar\u0131m\u0131z\u0131n \u201cg\u00f6kten zembille inmedi\u011fini\u201d, bilakis tarih i\u00e7inde bir tertibat olarak kurulup \u015fekillendi\u011fini ve normatif hale getirildi\u011fini s\u00f6yl\u00fcyor ve ard\u0131ndan \u00e7oka\u015fkl\u0131l\u0131k i\u00e7in yap\u0131lan tan\u0131mlamalar\u0131 derleyip toparl\u0131yor. Teke\u015fli olmayan ili\u015fkilerin k\u00f6kenlerini ve bug\u00fcnk\u00fc d\u00fcnyada ya\u015fanma bi\u00e7imlerini anlatan Schroedter ve Vetter, ayn\u0131 zamanda, sosyolojik bir perspektifle, bahsi ge\u00e7en t\u00fcm kavramlar\u0131 ele\u015ftirel bir g\u00f6zle irdeliyor. Kitap boyunca teke\u015flili\u011fe ve \u00e7oka\u015fkl\u0131l\u0131\u011fa kuramsal bir g\u00f6zle bakmakla kalmay\u0131p, edebiyatla da i\u00e7lid\u0131\u015fl\u0131 olarak, a\u015fka dair Avrupa ba\u011flam\u0131nda yaz\u0131l\u0131p \u00e7izilenleri de g\u00f6zden ge\u00e7iren Schroedter ve Vetter, s\u0131k s\u0131k \u201cqueer\u201d d\u00fc\u015f\u00fcnceye g\u00f6z k\u0131rp\u0131yor ve bu d\u00fc\u015f\u00fcnceden t\u00fcreyen bir pedagoji ve etik \u00f6nerisinde bulunuyor. Normalin s\u0131n\u0131rlar\u0131n\u0131 ge\u00e7ip, teke\u015fli olmayan ili\u015fkiler d\u00fcnyas\u0131 \u00fczerine d\u00fc\u015f\u00fcnmeye cesareti olanlara&#8230; <\/p>\n","protected":false},"excerpt":{"rendered":"<p>Devletlerin resmi kurumlar\u0131 bo\u015fanma oranlar\u0131ndaki art\u0131\u015ftan bahseder ama nedenlerini yeterince sorgulamaz. Ya da ekonomik, k\u00fclt\u00fcrel, sosyolojik, her t\u00fcrl\u00fc neden say\u0131l\u0131r ama tek bir konu kesinlikle sorgulanmaz;<span class=\"excerpt-hellip\"> [\u2026]<\/span><\/p>\n","protected":false},"featured_media":0,"template":"","meta":{"_monsterinsights_skip_tracking":false,"_monsterinsights_sitenote_active":false,"_monsterinsights_sitenote_note":"","_monsterinsights_sitenote_category":0},"product_brand":[],"product_cat":[12312,12304],"product_tag":[],"class_list":{"0":"post-700520","1":"product","2":"type-product","3":"status-publish","5":"product_cat-diger","6":"product_cat-tarih","7":"pa_cilt-ciltsiz","8":"pa_tur-kitap","9":"pa_yayinevi-ayrinti-yayinlari","10":"pa_yazar-thomas-schroedter-christina-vetter","12":"first","13":"instock","14":"sale","15":"shipping-taxable","16":"purchasable","17":"product-type-simple"},"_links":{"self":[{"href":"https:\/\/roveyayinevi.com.tr\/index.php\/wp-json\/wp\/v2\/product\/700520","targetHints":{"allow":["GET"]}}],"collection":[{"href":"https:\/\/roveyayinevi.com.tr\/index.php\/wp-json\/wp\/v2\/product"}],"about":[{"href":"https:\/\/roveyayinevi.com.tr\/index.php\/wp-json\/wp\/v2\/types\/product"}],"wp:attachment":[{"href":"https:\/\/roveyayinevi.com.tr\/index.php\/wp-json\/wp\/v2\/media?parent=700520"}],"wp:term":[{"taxonomy":"product_brand","embeddable":true,"href":"https:\/\/roveyayinevi.com.tr\/index.php\/wp-json\/wp\/v2\/product_brand?post=700520"},{"taxonomy":"product_cat","embeddable":true,"href":"https:\/\/roveyayinevi.com.tr\/index.php\/wp-json\/wp\/v2\/product_cat?post=700520"},{"taxonomy":"product_tag","embeddable":true,"href":"https:\/\/roveyayinevi.com.tr\/index.php\/wp-json\/wp\/v2\/product_tag?post=700520"}],"curies":[{"name":"wp","href":"https:\/\/api.w.org\/{rel}","templated":true}]}}