{"id":700515,"date":"2025-08-27T15:00:10","date_gmt":"2025-08-27T12:00:10","guid":{"rendered":"https:\/\/roveyayinevi.com.tr\/index.php\/urun\/cehennem-makineleri-ikinci-kitap-mekanik-prens\/"},"modified":"2026-02-03T02:16:39","modified_gmt":"2026-02-02T23:16:39","slug":"cehennem-makineleri-ikinci-kitap-mekanik-prens","status":"publish","type":"product","link":"https:\/\/roveyayinevi.com.tr\/index.php\/urun\/cehennem-makineleri-ikinci-kitap-mekanik-prens\/","title":{"rendered":"Cehennem Makineleri \u0130kinci Kitap: Mekanik Prens"},"content":{"rendered":"<p>Londra Enstit\u00fcs\u00fc\u2019ndeki dengeler hi\u00e7 bu kadar hassas olmam\u0131\u015ft\u0131. Konsey, Charlotte\u2019\u0131n g\u00fcc\u00fcn\u00fc elinden almak ve bu g\u00fcc\u00fc, ahlak de\u011ferlerinden yoksun, g\u00f6z\u00fcn\u00fc iktidar h\u0131rs\u0131 b\u00fcr\u00fcm\u00fc\u015f Benedict Lightwood\u2019a vermek istiyordu. Will, Jem ve Tessa, Enstit\u00fc\u2019y\u00fc ve Charlotte\u2019\u0131 kurtarma umuduyla Mortmain\u2019in ge\u00e7mi\u015fiyle ilgili s\u0131rlar\u0131 ara\u015ft\u0131rmaya karar verdi. Ancak tek ke\u015ffettikleri d\u00fc\u015fman\u0131n amac\u0131 de\u011fildi. Ayn\u0131 zamanda Tessa\u2019yla ilgili huzursuz edici G\u00f6lge Avc\u0131s\u0131 ba\u011flant\u0131s\u0131n\u0131 da \u00f6\u011frendiler. Zaten Will ve Jem\u2019in ilgisi aras\u0131nda kalan Tessa, kendisinin bizzat bir canavar a d\u00f6n\u00fc\u015fmesine G\u00f6lge Avc\u0131lar\u0131\u2019n\u0131n yard\u0131m etti\u011fini \u00f6\u011frenince ba\u015fka bir se\u00e7imle daha y\u00fcz y\u00fcze gelecekti. <\/p>\n","protected":false},"excerpt":{"rendered":"<p>Londra Enstit\u00fcs\u00fc\u2019ndeki dengeler hi\u00e7 bu kadar hassas olmam\u0131\u015ft\u0131. Konsey, Charlotte\u2019\u0131n g\u00fcc\u00fcn\u00fc elinden almak ve bu g\u00fcc\u00fc, ahlak de\u011ferlerinden yoksun, g\u00f6z\u00fcn\u00fc iktidar h\u0131rs\u0131 b\u00fcr\u00fcm\u00fc\u015f Benedict Lightwood\u2019a vermek<span class=\"excerpt-hellip\"> [\u2026]<\/span><\/p>\n","protected":false},"featured_media":0,"template":"","meta":{"_monsterinsights_skip_tracking":false,"_monsterinsights_sitenote_active":false,"_monsterinsights_sitenote_note":"","_monsterinsights_sitenote_category":0},"product_brand":[],"product_cat":[12891,12291],"product_tag":[],"class_list":{"0":"post-700515","1":"product","2":"type-product","3":"status-publish","5":"product_cat-amerikan-edebiyati","6":"product_cat-edebiyat","7":"pa_cilt-ciltsiz","8":"pa_tur-kitap","9":"pa_yayinevi-artemis-yayinlari","10":"pa_yazar-cassandra-clare","12":"first","13":"instock","14":"sale","15":"shipping-taxable","16":"purchasable","17":"product-type-simple"},"_links":{"self":[{"href":"https:\/\/roveyayinevi.com.tr\/index.php\/wp-json\/wp\/v2\/product\/700515","targetHints":{"allow":["GET"]}}],"collection":[{"href":"https:\/\/roveyayinevi.com.tr\/index.php\/wp-json\/wp\/v2\/product"}],"about":[{"href":"https:\/\/roveyayinevi.com.tr\/index.php\/wp-json\/wp\/v2\/types\/product"}],"wp:attachment":[{"href":"https:\/\/roveyayinevi.com.tr\/index.php\/wp-json\/wp\/v2\/media?parent=700515"}],"wp:term":[{"taxonomy":"product_brand","embeddable":true,"href":"https:\/\/roveyayinevi.com.tr\/index.php\/wp-json\/wp\/v2\/product_brand?post=700515"},{"taxonomy":"product_cat","embeddable":true,"href":"https:\/\/roveyayinevi.com.tr\/index.php\/wp-json\/wp\/v2\/product_cat?post=700515"},{"taxonomy":"product_tag","embeddable":true,"href":"https:\/\/roveyayinevi.com.tr\/index.php\/wp-json\/wp\/v2\/product_tag?post=700515"}],"curies":[{"name":"wp","href":"https:\/\/api.w.org\/{rel}","templated":true}]}}