{"id":700514,"date":"2025-08-27T15:00:09","date_gmt":"2025-08-27T12:00:09","guid":{"rendered":"https:\/\/roveyayinevi.com.tr\/index.php\/urun\/red-kit-toplu-albumler-3\/"},"modified":"2026-04-16T02:09:41","modified_gmt":"2026-04-15T23:09:41","slug":"red-kit-toplu-albumler-3","status":"publish","type":"product","link":"https:\/\/roveyayinevi.com.tr\/index.php\/urun\/red-kit-toplu-albumler-3\/","title":{"rendered":"Red Kit &#8211; Toplu Alb\u00fcmler 3"},"content":{"rendered":"<p>Vah\u015fi Bat\u0131&#8217;n\u0131n k\u00f6t\u00fclerinin en b\u00fcy\u00fck kabusudur. Red Kit. G\u00f6lgesinden h\u0131zl\u0131 silah \u00e7eken kovboyla ne b\u00fcy\u00fck \u015farlatan Dortor Doxey boy \u00f6l\u00e7\u00fc\u015febilir ne de usta silah\u015for \u00d6r\u00fcmcek Ayak. Bu alb\u00fcm ayn\u0131 zamanda Rene Goscinny&#8217;nin \u00fcnl\u00fc kovboya yazd\u0131\u011f\u0131 ilk hikayeyi de i\u00e7ermektedir. \ufffcTan\u0131t\u0131m Metni<\/p>\n","protected":false},"excerpt":{"rendered":"<p>Vah\u015fi Bat\u0131&#8217;n\u0131n k\u00f6t\u00fclerinin en b\u00fcy\u00fck kabusudur. Red Kit. G\u00f6lgesinden h\u0131zl\u0131 silah \u00e7eken kovboyla ne b\u00fcy\u00fck \u015farlatan Dortor Doxey boy \u00f6l\u00e7\u00fc\u015febilir ne de usta silah\u015for \u00d6r\u00fcmcek Ayak.<span class=\"excerpt-hellip\"> [\u2026]<\/span><\/p>\n","protected":false},"featured_media":0,"template":"","meta":{"_monsterinsights_skip_tracking":false,"_monsterinsights_sitenote_active":false,"_monsterinsights_sitenote_note":"","_monsterinsights_sitenote_category":0},"product_brand":[],"product_cat":[12689,12274],"product_tag":[],"class_list":{"0":"post-700514","1":"product","2":"type-product","3":"status-publish","5":"product_cat-cizgi-roman-cocuk-ve-genclik-kitaplari","6":"product_cat-cocuk-ve-genclik-kitaplari","7":"pa_cilt-ciltsiz","8":"pa_tur-kitap","9":"pa_yayinevi-yapi-kredi-yayinlari","10":"pa_yazar-goscinny","12":"first","13":"instock","14":"sale","15":"shipping-taxable","16":"purchasable","17":"product-type-simple"},"_links":{"self":[{"href":"https:\/\/roveyayinevi.com.tr\/index.php\/wp-json\/wp\/v2\/product\/700514","targetHints":{"allow":["GET"]}}],"collection":[{"href":"https:\/\/roveyayinevi.com.tr\/index.php\/wp-json\/wp\/v2\/product"}],"about":[{"href":"https:\/\/roveyayinevi.com.tr\/index.php\/wp-json\/wp\/v2\/types\/product"}],"wp:attachment":[{"href":"https:\/\/roveyayinevi.com.tr\/index.php\/wp-json\/wp\/v2\/media?parent=700514"}],"wp:term":[{"taxonomy":"product_brand","embeddable":true,"href":"https:\/\/roveyayinevi.com.tr\/index.php\/wp-json\/wp\/v2\/product_brand?post=700514"},{"taxonomy":"product_cat","embeddable":true,"href":"https:\/\/roveyayinevi.com.tr\/index.php\/wp-json\/wp\/v2\/product_cat?post=700514"},{"taxonomy":"product_tag","embeddable":true,"href":"https:\/\/roveyayinevi.com.tr\/index.php\/wp-json\/wp\/v2\/product_tag?post=700514"}],"curies":[{"name":"wp","href":"https:\/\/api.w.org\/{rel}","templated":true}]}}