{"id":700508,"date":"2025-08-27T15:00:08","date_gmt":"2025-08-27T12:00:08","guid":{"rendered":"https:\/\/roveyayinevi.com.tr\/index.php\/urun\/kis-hasadi\/"},"modified":"2026-04-16T02:09:40","modified_gmt":"2026-04-15T23:09:40","slug":"kis-hasadi","status":"publish","type":"product","link":"https:\/\/roveyayinevi.com.tr\/index.php\/urun\/kis-hasadi\/","title":{"rendered":"K\u0131\u015f Hasad\u0131"},"content":{"rendered":"<p>\u201c\u015eeyh Efendi ve dervi\u015flerinden birka\u00e7\u0131 yerde kurulmu\u015f bir halkan\u0131n i\u00e7inde diz \u00fcst\u00fc oturuyorlar. Davet edilmi\u015f de\u011filim ama yine de hazretleri biraz kenara iteliyor ve aralar\u0131na oturuyorum. Zikir ba\u015fl\u0131yor ve Allah\u2019\u0131n esmas\u0131n\u0131 tekrar ediyorum; sal\u0131n\u0131yorum, sallan\u0131yorum, bunlar bana \u00e7ok tabii geliyor. Hatta \u00f6yle ki zikir bir par\u00e7am h\u00e2line geliyor. Ruhum evine, oca\u011f\u0131na kavu\u015fmu\u015f gibi\u2026\u201d &#8211; Shems Friedlander Boston, Massachusetts\u2019te ba\u015flayan bir \u00e7ocukluktan Sanat Okulu\u2019nda ge\u00e7en senelere, Boston Record-American\u2019daki muhabirlik deneyiminden Swami Muktananda\u2019n\u0131n u\u00e7ma derslerine, sanat galerilerinden Konya\u2019ya uzanan, \u015eeyh Muzaffer Efendi\u2019den Safer Baba ve semazenlere kadar pek \u00e7ok ki\u015fiyi i\u00e7ine s\u0131\u011fd\u0131ran 74 y\u0131l&#8230; M\u00fczikler ve rayihalar e\u015flik ediyor bu hat\u0131ralara&#8230; \u0130stanbul geceleri, Kahire g\u00fcnleri ve sayfalara not d\u00fc\u015f\u00fclen daha nice hat\u0131ralar\u2026 <\/p>\n","protected":false},"excerpt":{"rendered":"<p>\u201c\u015eeyh Efendi ve dervi\u015flerinden birka\u00e7\u0131 yerde kurulmu\u015f bir halkan\u0131n i\u00e7inde diz \u00fcst\u00fc oturuyorlar. Davet edilmi\u015f de\u011filim ama yine de hazretleri biraz kenara iteliyor ve aralar\u0131na oturuyorum.<span class=\"excerpt-hellip\"> [\u2026]<\/span><\/p>\n","protected":false},"featured_media":0,"template":"","meta":{"_monsterinsights_skip_tracking":false,"_monsterinsights_sitenote_active":false,"_monsterinsights_sitenote_note":"","_monsterinsights_sitenote_category":0},"product_brand":[],"product_cat":[12718,18102,12719],"product_tag":[],"class_list":{"0":"post-700508","1":"product","2":"type-product","3":"status-publish","5":"product_cat-din","6":"product_cat-edebiyat-roman","7":"product_cat-islam","8":"pa_cilt-ciltsiz","9":"pa_tur-kitap","10":"pa_yayinevi-timas-yayinlari","11":"pa_yazar-shems-friedlander","13":"first","14":"instock","15":"sale","16":"shipping-taxable","17":"purchasable","18":"product-type-simple"},"_links":{"self":[{"href":"https:\/\/roveyayinevi.com.tr\/index.php\/wp-json\/wp\/v2\/product\/700508","targetHints":{"allow":["GET"]}}],"collection":[{"href":"https:\/\/roveyayinevi.com.tr\/index.php\/wp-json\/wp\/v2\/product"}],"about":[{"href":"https:\/\/roveyayinevi.com.tr\/index.php\/wp-json\/wp\/v2\/types\/product"}],"wp:attachment":[{"href":"https:\/\/roveyayinevi.com.tr\/index.php\/wp-json\/wp\/v2\/media?parent=700508"}],"wp:term":[{"taxonomy":"product_brand","embeddable":true,"href":"https:\/\/roveyayinevi.com.tr\/index.php\/wp-json\/wp\/v2\/product_brand?post=700508"},{"taxonomy":"product_cat","embeddable":true,"href":"https:\/\/roveyayinevi.com.tr\/index.php\/wp-json\/wp\/v2\/product_cat?post=700508"},{"taxonomy":"product_tag","embeddable":true,"href":"https:\/\/roveyayinevi.com.tr\/index.php\/wp-json\/wp\/v2\/product_tag?post=700508"}],"curies":[{"name":"wp","href":"https:\/\/api.w.org\/{rel}","templated":true}]}}