{"id":700500,"date":"2025-08-27T15:00:05","date_gmt":"2025-08-27T12:00:05","guid":{"rendered":"https:\/\/roveyayinevi.com.tr\/index.php\/urun\/gunes-ulkesi\/"},"modified":"2026-04-16T02:09:40","modified_gmt":"2026-04-15T23:09:40","slug":"gunes-ulkesi","status":"publish","type":"product","link":"https:\/\/roveyayinevi.com.tr\/index.php\/urun\/gunes-ulkesi\/","title":{"rendered":"G\u00fcne\u015f \u00dclkesi"},"content":{"rendered":"<p>Felsefe D\u00fcnyas\u0131n\u0131n Temel Metinleri  Pro. Dr. \u00c7i\u011fdem D\u00fcr\u00fc\u015fken\u2019in Latince As\u0131llar\u0131ndan Eksiksiz ,Tam Metin ve \u00d6zenli \u00c7evirisiyle Raflarda!.Campanella\u2019ya g\u00f6re do\u011fa \u201csonsuz bilgelik\u201d \u00fczerine yaz\u0131lm\u0131\u015f bir kitapt\u0131r. \u00c7\u00fcnk\u00fc do\u011fa ya\u015fayan bir organizmad\u0131r, do\u011fada olup biten her \u015fey iki kar\u015f\u0131t g\u00fcc\u00fcn ili\u015fkisi sonucu meydana gelir. Her varl\u0131k kendini koruma e\u011filimini duyularla ger\u00e7ekle\u015ftirir, kendisine zarar verecek olandan bu sayede ka\u00e7ar, olumlu olan\u0131 arar. Aristoteles kar\u015f\u0131t\u0131 bu g\u00f6r\u00fc\u015fleri, Dominiken manast\u0131rlar\u0131ndaki yal\u0131n ve payla\u015f\u0131mc\u0131 ya\u015fam anlay\u0131\u015f\u0131yla birle\u015fince Campanella s\u00fcrekli bask\u0131 alt\u0131nda tutulur; hapsedilir, i\u015fkence g\u00f6r\u00fcr, s\u00fcrg\u00fcne g\u00f6nderilir. G\u00fcne\u015f \u00dclkesi yazar\u0131n \u00f6zg\u00fcrl\u00fck aray\u0131\u015f\u0131n\u0131n\u0131n \u00fctopyas\u0131d\u0131r. Kitab\u0131n kahraman\u0131 olan ve yeniyi aray\u0131\u015f\u0131 simgeleyen Cenevizli Kaptan seyahatleri s\u0131ras\u0131nda ekvatorun alt\u0131ndaki Taprobana adas\u0131na gelir. Burada yurtta\u015flar\u0131n bir t\u00fcr kom\u00fcn hayat\u0131 s\u00fcrd\u00fcrd\u00fc\u011f\u00fc G\u00fcne\u015f \u00dclkesi\u2019ni g\u00f6r\u00fcr. Kendini be\u011fenmi\u015fli\u011fe, dolay\u0131s\u0131yla k\u00f6t\u00fcl\u00fc\u011fe yol a\u00e7t\u0131\u011f\u0131ndan \u00f6zel m\u00fclkiyet yasakt\u0131r; bu \u00fclkede her \u015fey herkese aittir. Herkes s\u00fcrekli e\u011fitim g\u00f6rmekte, kendini geli\u015ftirmektedir. B\u00fct\u00fcn hayat, varl\u0131ktaki olumlu olan\u0131 ortaya \u00e7\u0131kar\u0131p geli\u015ftirmeye adanm\u0131\u015ft\u0131r. G\u00fcne\u015f \u00dclkesi, Thomas More\u2019un \u00dctopya gelene\u011finin parlak bir \u00f6rne\u011fidir.<\/p>\n","protected":false},"excerpt":{"rendered":"<p>Felsefe D\u00fcnyas\u0131n\u0131n Temel Metinleri Pro. Dr. \u00c7i\u011fdem D\u00fcr\u00fc\u015fken\u2019in Latince As\u0131llar\u0131ndan Eksiksiz ,Tam Metin ve \u00d6zenli \u00c7evirisiyle Raflarda!.Campanella\u2019ya g\u00f6re do\u011fa \u201csonsuz bilgelik\u201d \u00fczerine yaz\u0131lm\u0131\u015f bir kitapt\u0131r. \u00c7\u00fcnk\u00fc<span class=\"excerpt-hellip\"> [\u2026]<\/span><\/p>\n","protected":false},"featured_media":0,"template":"","meta":{"_monsterinsights_skip_tracking":false,"_monsterinsights_sitenote_active":false,"_monsterinsights_sitenote_note":"","_monsterinsights_sitenote_category":0},"product_brand":[],"product_cat":[12389,12388],"product_tag":[],"class_list":{"0":"post-700500","1":"product","2":"type-product","3":"status-publish","5":"product_cat-diger-felsefe","6":"product_cat-felsefe","7":"pa_cilt-ciltsiz","8":"pa_tur-kitap","9":"pa_yayinevi-alfa-yayinlari","10":"pa_yazar-tommaso-campanella","12":"first","13":"instock","14":"sale","15":"shipping-taxable","16":"purchasable","17":"product-type-simple"},"_links":{"self":[{"href":"https:\/\/roveyayinevi.com.tr\/index.php\/wp-json\/wp\/v2\/product\/700500","targetHints":{"allow":["GET"]}}],"collection":[{"href":"https:\/\/roveyayinevi.com.tr\/index.php\/wp-json\/wp\/v2\/product"}],"about":[{"href":"https:\/\/roveyayinevi.com.tr\/index.php\/wp-json\/wp\/v2\/types\/product"}],"wp:attachment":[{"href":"https:\/\/roveyayinevi.com.tr\/index.php\/wp-json\/wp\/v2\/media?parent=700500"}],"wp:term":[{"taxonomy":"product_brand","embeddable":true,"href":"https:\/\/roveyayinevi.com.tr\/index.php\/wp-json\/wp\/v2\/product_brand?post=700500"},{"taxonomy":"product_cat","embeddable":true,"href":"https:\/\/roveyayinevi.com.tr\/index.php\/wp-json\/wp\/v2\/product_cat?post=700500"},{"taxonomy":"product_tag","embeddable":true,"href":"https:\/\/roveyayinevi.com.tr\/index.php\/wp-json\/wp\/v2\/product_tag?post=700500"}],"curies":[{"name":"wp","href":"https:\/\/api.w.org\/{rel}","templated":true}]}}