{"id":700495,"date":"2025-08-27T15:00:04","date_gmt":"2025-08-27T12:00:04","guid":{"rendered":"https:\/\/roveyayinevi.com.tr\/index.php\/urun\/100dunya-2-baskadenize-donus\/"},"modified":"2026-04-16T02:09:40","modified_gmt":"2026-04-15T23:09:40","slug":"100dunya-2-baskadenize-donus","status":"publish","type":"product","link":"https:\/\/roveyayinevi.com.tr\/index.php\/urun\/100dunya-2-baskadenize-donus\/","title":{"rendered":"100D\u00fcnya 2: Ba\u015fkadeniz&#8217;e D\u00f6n\u00fc\u015f"},"content":{"rendered":"<p>Evrenin \u00e7\u00f6pl\u00fckleri b\u00fcy\u00fck d\u00fc\u015fleri a\u011f\u0131rlarken, \u201c100D\u00fcnya\u201dda ikinci macera doludizgin! <\/p>\n","protected":false},"excerpt":{"rendered":"<p>Evrenin \u00e7\u00f6pl\u00fckleri b\u00fcy\u00fck d\u00fc\u015fleri a\u011f\u0131rlarken, \u201c100D\u00fcnya\u201dda ikinci macera doludizgin!<\/p>\n","protected":false},"featured_media":0,"template":"","meta":{"_monsterinsights_skip_tracking":false,"_monsterinsights_sitenote_active":false,"_monsterinsights_sitenote_note":"","_monsterinsights_sitenote_category":0},"product_brand":[],"product_cat":[12274,12284],"product_tag":[],"class_list":{"0":"post-700495","1":"product","2":"type-product","3":"status-publish","5":"product_cat-cocuk-ve-genclik-kitaplari","6":"product_cat-hikayeler","7":"pa_cilt-ciltsiz","8":"pa_tur-kitap","9":"pa_yayinevi-on8-kitap","10":"pa_yazar-danielle-martinigol","12":"first","13":"instock","14":"sale","15":"shipping-taxable","16":"purchasable","17":"product-type-simple"},"_links":{"self":[{"href":"https:\/\/roveyayinevi.com.tr\/index.php\/wp-json\/wp\/v2\/product\/700495","targetHints":{"allow":["GET"]}}],"collection":[{"href":"https:\/\/roveyayinevi.com.tr\/index.php\/wp-json\/wp\/v2\/product"}],"about":[{"href":"https:\/\/roveyayinevi.com.tr\/index.php\/wp-json\/wp\/v2\/types\/product"}],"wp:attachment":[{"href":"https:\/\/roveyayinevi.com.tr\/index.php\/wp-json\/wp\/v2\/media?parent=700495"}],"wp:term":[{"taxonomy":"product_brand","embeddable":true,"href":"https:\/\/roveyayinevi.com.tr\/index.php\/wp-json\/wp\/v2\/product_brand?post=700495"},{"taxonomy":"product_cat","embeddable":true,"href":"https:\/\/roveyayinevi.com.tr\/index.php\/wp-json\/wp\/v2\/product_cat?post=700495"},{"taxonomy":"product_tag","embeddable":true,"href":"https:\/\/roveyayinevi.com.tr\/index.php\/wp-json\/wp\/v2\/product_tag?post=700495"}],"curies":[{"name":"wp","href":"https:\/\/api.w.org\/{rel}","templated":true}]}}