{"id":700492,"date":"2025-08-27T15:00:03","date_gmt":"2025-08-27T12:00:03","guid":{"rendered":"https:\/\/roveyayinevi.com.tr\/index.php\/urun\/assassins-creed-3-cilt-accipiter\/"},"modified":"2026-04-16T02:09:40","modified_gmt":"2026-04-15T23:09:40","slug":"assassins-creed-3-cilt-accipiter","status":"publish","type":"product","link":"https:\/\/roveyayinevi.com.tr\/index.php\/urun\/assassins-creed-3-cilt-accipiter\/","title":{"rendered":"Assassin\u2019s Creed 3. Cilt &#8211; Accipiter"},"content":{"rendered":"<p>Aquilus babas\u0131n\u0131n intikam\u0131n\u0131 almakla kararl\u0131.\u0130ntikam aray\u0131\u015f\u0131, onu \u00e7al\u0131nan ha\u00e7 Ankh\u2019la yollar\u0131n\u0131n kesi\u015fece\u011fi Roma\u2019ya kadar getiriyor. Ayn\u0131 d\u00f6nemde, kendisi de bir Liberali Circulum \u00fcyesi olan Accipiter\u2019in emrindeki barbarlar \u00f6nce Lugdunum\u2019a, ard\u0131ndan \u0130talya\u2019ya sald\u0131rmaya haz\u0131rlan\u0131yor\u202616 milyonun \u00fczerinde bir sat\u0131\u015f rakam\u0131na ula\u015fan \u201cAssassin\u2019sCreed\u201d adl\u0131 bilgisayar oyununun kahramanlar\u0131, \u00fcnl\u00fc senarist Corbeyran\u2019\u0131n kalemi ve DjillaliDefali\u2019nin \u00e7izgileriyle hayat buluyor ve bizi, t\u00fcm oyunseverleri \u015fa\u015fk\u0131na \u00e7evirecek, bug\u00fcne kadar hi\u00e7 yay\u0131nlanmam\u0131\u015f, zaman ve bilime meydan okuyan heyecanl\u0131 bir maceraya davet ediyor. <\/p>\n","protected":false},"excerpt":{"rendered":"<p>Aquilus babas\u0131n\u0131n intikam\u0131n\u0131 almakla kararl\u0131.\u0130ntikam aray\u0131\u015f\u0131, onu \u00e7al\u0131nan ha\u00e7 Ankh\u2019la yollar\u0131n\u0131n kesi\u015fece\u011fi Roma\u2019ya kadar getiriyor. Ayn\u0131 d\u00f6nemde, kendisi de bir Liberali Circulum \u00fcyesi olan Accipiter\u2019in emrindeki<span class=\"excerpt-hellip\"> [\u2026]<\/span><\/p>\n","protected":false},"featured_media":0,"template":"","meta":{"_monsterinsights_skip_tracking":false,"_monsterinsights_sitenote_active":false,"_monsterinsights_sitenote_note":"","_monsterinsights_sitenote_category":0},"product_brand":[],"product_cat":[12416,12291],"product_tag":[],"class_list":{"0":"post-700492","1":"product","2":"type-product","3":"status-publish","5":"product_cat-cizgi-roman","6":"product_cat-edebiyat","7":"pa_tur-kitap","8":"pa_yayinevi-akil-celen-kitaplar","9":"pa_yazar-eric-corbeyran","11":"first","12":"instock","13":"sale","14":"shipping-taxable","15":"purchasable","16":"product-type-simple"},"_links":{"self":[{"href":"https:\/\/roveyayinevi.com.tr\/index.php\/wp-json\/wp\/v2\/product\/700492","targetHints":{"allow":["GET"]}}],"collection":[{"href":"https:\/\/roveyayinevi.com.tr\/index.php\/wp-json\/wp\/v2\/product"}],"about":[{"href":"https:\/\/roveyayinevi.com.tr\/index.php\/wp-json\/wp\/v2\/types\/product"}],"wp:attachment":[{"href":"https:\/\/roveyayinevi.com.tr\/index.php\/wp-json\/wp\/v2\/media?parent=700492"}],"wp:term":[{"taxonomy":"product_brand","embeddable":true,"href":"https:\/\/roveyayinevi.com.tr\/index.php\/wp-json\/wp\/v2\/product_brand?post=700492"},{"taxonomy":"product_cat","embeddable":true,"href":"https:\/\/roveyayinevi.com.tr\/index.php\/wp-json\/wp\/v2\/product_cat?post=700492"},{"taxonomy":"product_tag","embeddable":true,"href":"https:\/\/roveyayinevi.com.tr\/index.php\/wp-json\/wp\/v2\/product_tag?post=700492"}],"curies":[{"name":"wp","href":"https:\/\/api.w.org\/{rel}","templated":true}]}}