{"id":700484,"date":"2025-08-27T15:00:00","date_gmt":"2025-08-27T12:00:00","guid":{"rendered":"https:\/\/roveyayinevi.com.tr\/index.php\/urun\/rainer-maria-rilke-butun-siirlerinden-secmeler\/"},"modified":"2025-11-09T03:15:53","modified_gmt":"2025-11-09T00:15:53","slug":"rainer-maria-rilke-butun-siirlerinden-secmeler","status":"publish","type":"product","link":"https:\/\/roveyayinevi.com.tr\/index.php\/urun\/rainer-maria-rilke-butun-siirlerinden-secmeler\/","title":{"rendered":"Rainer Maria Rilke &#8211; B\u00fct\u00fcn \u015eiirlerinden Se\u00e7meler"},"content":{"rendered":"<p>Rainer Maria Rilke (1875-1926) 20. y\u00fczy\u0131l Bat\u0131 \u015fiiri sanat\u0131n\u0131n en b\u00fcy\u00fck temsilcilerindendir. \u015eairin do\u011fdu\u011fu Prag kenti, o zamanki Avusturya-Macaristan \u0130mparatorlu\u011fu\u2019nun s\u0131n\u0131rlar\u0131 i\u00e7erisindedir. Orta Avrupa\u2019n\u0131n kozmopolit k\u00fclt\u00fcr\u00fcn\u00fcn doruk noktas\u0131na vard\u0131\u011f\u0131 bir d\u00f6nemde yeti\u015fen Rilke b\u00fct\u00fcn ya\u015fam\u0131n\u0131 \u201c\u015fiirde \u015fiiri aramak\u201d u\u011fra\u015f\u0131na odaklar.1899 ve 1900 y\u0131llar\u0131nda Lou Salome ile birlikte Rusya\u2019ya yapt\u0131\u011f\u0131 iki yolculuk ve orada Tolstoy\u2019la tan\u0131\u015fmas\u0131 bu aray\u0131\u015fta \u00f6nemli bir yer tutar. Paris\u2019te Rodin ve C\u00e9zane ile kurdu\u011fu dostluk keza duygu d\u00fcnyas\u0131n\u0131 zenginle\u015ftirir. Yine H\u00f6lderlin\u2019le tan\u0131\u015fmas\u0131 ve Alman idealizmi Rilke\u2019nin \u015fiirini besleyen g\u00fc\u00e7l\u00fc damarlard\u0131r.Stefan Zweig, 1936 y\u0131l\u0131nda Londra\u2019da, Rilke \u00fczerine verdi\u011fi bir konferansta \u015fairi \u015f\u00f6yle betimler: \u201cZaman\u0131m\u0131z\u0131n zengin ve ba\u015far\u0131l\u0131 \u015fairlerinden hi\u00e7biri, kendini hi\u00e7bir yere ba\u011flamayan Rilke kadar \u00f6zg\u00fcr de\u011fildi. Onun ne al\u0131\u015fkanl\u0131klar\u0131, ne adresi ve asl\u0131nda ne de bir vatan\u0131 vard\u0131; \u0130talya\u2019da, Fransa\u2019da ya da Avusturya\u2019da ayn\u0131 rahatl\u0131kla ya\u015fayabilirdi ve nerede oldu\u011fu hi\u00e7bir zaman bilinmezdi. Onunla kar\u015f\u0131la\u015fmak, hemen her zaman bir rastlant\u0131ya ba\u011fl\u0131yd\u0131&#8230;\u201dBu se\u00e7ki Rilke\u2019nin Ya\u015fam ve \u015eark\u0131lar, Resimler Kitab\u0131, Saatler Kitab\u0131, Sancaktar Christoph Rilke\u2019nin A\u015fk\u0131 ve \u00d6l\u00fcm\u00fc \u00dczerine Bir Ezgi, Yeni \u015eiirler, Erken \u015eiirler, \u0130lk \u015eiirler, Duino A\u011f\u0131tlar\u0131 ve Orpheus\u2019a Sone adl\u0131 kitaplar\u0131ndan Ahmet Cemal taraf\u0131ndan derlenmi\u015ftir. <\/p>\n","protected":false},"excerpt":{"rendered":"<p>Rainer Maria Rilke (1875-1926) 20. y\u00fczy\u0131l Bat\u0131 \u015fiiri sanat\u0131n\u0131n en b\u00fcy\u00fck temsilcilerindendir. \u015eairin do\u011fdu\u011fu Prag kenti, o zamanki Avusturya-Macaristan \u0130mparatorlu\u011fu\u2019nun s\u0131n\u0131rlar\u0131 i\u00e7erisindedir. Orta Avrupa\u2019n\u0131n kozmopolit k\u00fclt\u00fcr\u00fcn\u00fcn<span class=\"excerpt-hellip\"> [\u2026]<\/span><\/p>\n","protected":false},"featured_media":0,"template":"","meta":{"_monsterinsights_skip_tracking":false,"_monsterinsights_sitenote_active":false,"_monsterinsights_sitenote_note":"","_monsterinsights_sitenote_category":0},"product_brand":[],"product_cat":[12291,12509],"product_tag":[],"class_list":{"0":"post-700484","1":"product","2":"type-product","3":"status-publish","5":"product_cat-edebiyat","6":"product_cat-siir","7":"pa_cilt-ciltsiz","8":"pa_tur-kitap","9":"pa_yayinevi-is-bankasi-kultur-yayinlari","10":"pa_yazar-rainer-maria-rilke","12":"first","13":"instock","14":"sale","15":"shipping-taxable","16":"purchasable","17":"product-type-simple"},"_links":{"self":[{"href":"https:\/\/roveyayinevi.com.tr\/index.php\/wp-json\/wp\/v2\/product\/700484","targetHints":{"allow":["GET"]}}],"collection":[{"href":"https:\/\/roveyayinevi.com.tr\/index.php\/wp-json\/wp\/v2\/product"}],"about":[{"href":"https:\/\/roveyayinevi.com.tr\/index.php\/wp-json\/wp\/v2\/types\/product"}],"wp:attachment":[{"href":"https:\/\/roveyayinevi.com.tr\/index.php\/wp-json\/wp\/v2\/media?parent=700484"}],"wp:term":[{"taxonomy":"product_brand","embeddable":true,"href":"https:\/\/roveyayinevi.com.tr\/index.php\/wp-json\/wp\/v2\/product_brand?post=700484"},{"taxonomy":"product_cat","embeddable":true,"href":"https:\/\/roveyayinevi.com.tr\/index.php\/wp-json\/wp\/v2\/product_cat?post=700484"},{"taxonomy":"product_tag","embeddable":true,"href":"https:\/\/roveyayinevi.com.tr\/index.php\/wp-json\/wp\/v2\/product_tag?post=700484"}],"curies":[{"name":"wp","href":"https:\/\/api.w.org\/{rel}","templated":true}]}}