{"id":700482,"date":"2025-08-27T14:59:59","date_gmt":"2025-08-27T11:59:59","guid":{"rendered":"https:\/\/roveyayinevi.com.tr\/index.php\/urun\/standard-worterbuch-deutsch-sozluk\/"},"modified":"2026-04-16T02:09:40","modified_gmt":"2026-04-15T23:09:40","slug":"standard-worterbuch-deutsch-sozluk","status":"publish","type":"product","link":"https:\/\/roveyayinevi.com.tr\/index.php\/urun\/standard-worterbuch-deutsch-sozluk\/","title":{"rendered":"Standard W\u00f6rterbuch Deutsch S\u00f6zl\u00fck"},"content":{"rendered":"<p>Bu s\u00f6zl\u00fckte en s\u0131k kullan\u0131lan 30.000 s\u00f6zc\u00fck yer almaktadir.S\u00f6zl\u00fck Almanca ve T\u00fcrk\u00e7e ve T\u00fcrk\u00e7e-Almanca olmak \u00fczere iki b\u00f6l\u00fcmden olu\u015fmaktad\u0131r.En s\u0131k kullan\u0131lan,en g\u00fczel s\u00f6zc\u00fcklere yer verilmi\u015ftir.Bu nedenle bu s\u00f6zl\u00fck hem i\u00e7erik olarak \u00e7ok zengin hemde boyut olarak her t\u00fcrl\u00fc ihtiyac\u0131n\u0131z\u0131 kar\u015f\u0131layabilecek b\u00fcy\u00fckl\u00fckte haz\u0131rlanm\u0131\u015ft\u0131r. <\/p>\n","protected":false},"excerpt":{"rendered":"<p>Bu s\u00f6zl\u00fckte en s\u0131k kullan\u0131lan 30.000 s\u00f6zc\u00fck yer almaktadir.S\u00f6zl\u00fck Almanca ve T\u00fcrk\u00e7e ve T\u00fcrk\u00e7e-Almanca olmak \u00fczere iki b\u00f6l\u00fcmden olu\u015fmaktad\u0131r.En s\u0131k kullan\u0131lan,en g\u00fczel s\u00f6zc\u00fcklere yer verilmi\u015ftir.Bu nedenle<span class=\"excerpt-hellip\"> [\u2026]<\/span><\/p>\n","protected":false},"featured_media":0,"template":"","meta":{"_monsterinsights_skip_tracking":false,"_monsterinsights_sitenote_active":false,"_monsterinsights_sitenote_note":"","_monsterinsights_sitenote_category":0},"product_brand":[],"product_cat":[12566,13611],"product_tag":[],"class_list":{"0":"post-700482","1":"product","2":"type-product","3":"status-publish","5":"product_cat-egitim","6":"product_cat-sozlukler-ve-konusma-kilavuzlari","7":"pa_tur-kitap","8":"pa_yayinevi-engin-yayinevi","9":"pa_yazar-zeki-cemil-arda","11":"first","12":"instock","13":"sale","14":"shipping-taxable","15":"purchasable","16":"product-type-simple"},"_links":{"self":[{"href":"https:\/\/roveyayinevi.com.tr\/index.php\/wp-json\/wp\/v2\/product\/700482","targetHints":{"allow":["GET"]}}],"collection":[{"href":"https:\/\/roveyayinevi.com.tr\/index.php\/wp-json\/wp\/v2\/product"}],"about":[{"href":"https:\/\/roveyayinevi.com.tr\/index.php\/wp-json\/wp\/v2\/types\/product"}],"wp:attachment":[{"href":"https:\/\/roveyayinevi.com.tr\/index.php\/wp-json\/wp\/v2\/media?parent=700482"}],"wp:term":[{"taxonomy":"product_brand","embeddable":true,"href":"https:\/\/roveyayinevi.com.tr\/index.php\/wp-json\/wp\/v2\/product_brand?post=700482"},{"taxonomy":"product_cat","embeddable":true,"href":"https:\/\/roveyayinevi.com.tr\/index.php\/wp-json\/wp\/v2\/product_cat?post=700482"},{"taxonomy":"product_tag","embeddable":true,"href":"https:\/\/roveyayinevi.com.tr\/index.php\/wp-json\/wp\/v2\/product_tag?post=700482"}],"curies":[{"name":"wp","href":"https:\/\/api.w.org\/{rel}","templated":true}]}}