{"id":700478,"date":"2025-08-27T14:59:58","date_gmt":"2025-08-27T11:59:58","guid":{"rendered":"https:\/\/roveyayinevi.com.tr\/index.php\/urun\/fener-baliginin-kayip-isigi\/"},"modified":"2026-02-03T02:15:51","modified_gmt":"2026-02-02T23:15:51","slug":"fener-baliginin-kayip-isigi","status":"publish","type":"product","link":"https:\/\/roveyayinevi.com.tr\/index.php\/urun\/fener-baliginin-kayip-isigi\/","title":{"rendered":"Fener Bal\u0131\u011f\u0131n\u0131n Kay\u0131p I\u015f\u0131\u011f\u0131"},"content":{"rendered":"<p>Okyanusun y\u00fczlerce metre alt\u0131nda, k\u0131z\u0131l yosun k\u00f6y\u00fc&#8217;nde irili ufakl\u0131 fener bal\u0131klar\u0131 ya\u015f\u0131yordu. En b\u00fcy\u00fck \u00f6zellikleri, ba\u015flar\u0131n\u0131n tepesinde bulunan ve uclar\u0131nda \u0131\u015f\u0131k olan birer lambaya sahip olmalar\u0131yd\u0131. \u0130yi kalpli Loppi Parlak\u0131\u015f\u0131k, ad\u0131ndanda anla\u015f\u0131ld\u0131\u011f\u0131 gibi g\u00fc\u00e7l\u00fc bir \u0131\u015f\u0131\u011fa sahipti ve herkesin bunu fark etmesini istiyordu. \u00d6zellikle de o g\u00fcn, Okyanus sirki&#8217;yle birlikte ya\u015fad\u0131klar\u0131 yere gelen sihirbaz ahtopot \u0131\u015f\u0131k\u00e7alan&#8217;\u0131n. Fener bal\u0131\u011f\u0131, ahtopotun g\u00f6sterisi ba\u015flad\u0131\u011f\u0131 s\u0131rada fenerindeki \u0131\u015f\u0131\u011f\u0131 daha \u00f6nce olmad\u0131\u011f\u0131 kadar parlatt\u0131, parlatt\u0131, parlatt\u0131&#8230; Ard\u0131ndan bay\u0131ld\u0131. Uyand\u0131\u011f\u0131nda onu k\u00f6t\u00fc bir s\u00fcpriz ve unutulmaz bir mecera bekliyordu. \ufffc<\/p>\n","protected":false},"excerpt":{"rendered":"<p>Okyanusun y\u00fczlerce metre alt\u0131nda, k\u0131z\u0131l yosun k\u00f6y\u00fc&#8217;nde irili ufakl\u0131 fener bal\u0131klar\u0131 ya\u015f\u0131yordu. En b\u00fcy\u00fck \u00f6zellikleri, ba\u015flar\u0131n\u0131n tepesinde bulunan ve uclar\u0131nda \u0131\u015f\u0131k olan birer lambaya sahip olmalar\u0131yd\u0131.<span class=\"excerpt-hellip\"> [\u2026]<\/span><\/p>\n","protected":false},"featured_media":0,"template":"","meta":{"_monsterinsights_skip_tracking":false,"_monsterinsights_sitenote_active":false,"_monsterinsights_sitenote_note":"","_monsterinsights_sitenote_category":0},"product_brand":[],"product_cat":[12275,12274],"product_tag":[],"class_list":{"0":"post-700478","1":"product","2":"type-product","3":"status-publish","5":"product_cat-6-12-yas-kitaplari","6":"product_cat-cocuk-ve-genclik-kitaplari","7":"pa_cilt-ciltsiz","8":"pa_tur-kitap","9":"pa_yayinevi-dogan-egmont-yayincilik","10":"pa_yazar-goktug-canbaba","12":"first","13":"instock","14":"sale","15":"shipping-taxable","16":"purchasable","17":"product-type-simple"},"_links":{"self":[{"href":"https:\/\/roveyayinevi.com.tr\/index.php\/wp-json\/wp\/v2\/product\/700478","targetHints":{"allow":["GET"]}}],"collection":[{"href":"https:\/\/roveyayinevi.com.tr\/index.php\/wp-json\/wp\/v2\/product"}],"about":[{"href":"https:\/\/roveyayinevi.com.tr\/index.php\/wp-json\/wp\/v2\/types\/product"}],"wp:attachment":[{"href":"https:\/\/roveyayinevi.com.tr\/index.php\/wp-json\/wp\/v2\/media?parent=700478"}],"wp:term":[{"taxonomy":"product_brand","embeddable":true,"href":"https:\/\/roveyayinevi.com.tr\/index.php\/wp-json\/wp\/v2\/product_brand?post=700478"},{"taxonomy":"product_cat","embeddable":true,"href":"https:\/\/roveyayinevi.com.tr\/index.php\/wp-json\/wp\/v2\/product_cat?post=700478"},{"taxonomy":"product_tag","embeddable":true,"href":"https:\/\/roveyayinevi.com.tr\/index.php\/wp-json\/wp\/v2\/product_tag?post=700478"}],"curies":[{"name":"wp","href":"https:\/\/api.w.org\/{rel}","templated":true}]}}