{"id":700463,"date":"2025-08-27T14:59:53","date_gmt":"2025-08-27T11:59:53","guid":{"rendered":"https:\/\/roveyayinevi.com.tr\/index.php\/urun\/kisa-dunya-tarihi\/"},"modified":"2026-04-16T02:09:40","modified_gmt":"2026-04-15T23:09:40","slug":"kisa-dunya-tarihi","status":"publish","type":"product","link":"https:\/\/roveyayinevi.com.tr\/index.php\/urun\/kisa-dunya-tarihi\/","title":{"rendered":"K\u0131sa D\u00fcnya Tarihi"},"content":{"rendered":"<p>Tarih \u00f6ncesinden ilk uygarl\u0131klar\u0131n ortaya \u00e7\u0131k\u0131\u015f\u0131na; varolu\u015fumuzun temellerinin at\u0131ld\u0131\u011f\u0131 d\u00f6nemlerden insano\u011flunun d\u00fcnyaya yay\u0131l\u0131p h\u00fckmetmesine; Avrupa\u2019n\u0131n olu\u015fumu, Amerika\u2019n\u0131n ke\u015ffi ve d\u00fcnyan\u0131n \u201ck\u00fc\u00e7\u00fclmeye\u201d ba\u015flad\u0131\u011f\u0131 d\u00f6nemlerden \u201cb\u00fcy\u00fck\u201d sava\u015flara, insano\u011flunun d\u00fcnya \u00fczerindeki ser\u00fcvenine \u0131\u015f\u0131k tutan K\u0131sa D\u00fcnya Tarihi, tarih tutkunlar\u0131n\u0131n k\u00fct\u00fcphanelerinde mutlaka bulundurmalar\u0131 gereken kitaplardan biridir. J. M. Roberts, tarihteki \u00f6nemli geli\u015fmeleri; d\u00fcnya medeniyetini \u015fekillendiren \u00f6nemli kimlikleri; sanat, politika, din, bilim gibi insanl\u0131\u011fa ve tarihe y\u00f6n veren konular\u0131 objektif bir bak\u0131\u015f a\u00e7\u0131s\u0131 ile de\u011ferlendirerek hem genel okura hem de akademik \u00e7evrelere hitap ediyor. \ufffcTan\u0131t\u0131m Metni<\/p>\n","protected":false},"excerpt":{"rendered":"<p>Tarih \u00f6ncesinden ilk uygarl\u0131klar\u0131n ortaya \u00e7\u0131k\u0131\u015f\u0131na; varolu\u015fumuzun temellerinin at\u0131ld\u0131\u011f\u0131 d\u00f6nemlerden insano\u011flunun d\u00fcnyaya yay\u0131l\u0131p h\u00fckmetmesine; Avrupa\u2019n\u0131n olu\u015fumu, Amerika\u2019n\u0131n ke\u015ffi ve d\u00fcnyan\u0131n \u201ck\u00fc\u00e7\u00fclmeye\u201d ba\u015flad\u0131\u011f\u0131 d\u00f6nemlerden \u201cb\u00fcy\u00fck\u201d sava\u015flara, insano\u011flunun<span class=\"excerpt-hellip\"> [\u2026]<\/span><\/p>\n","protected":false},"featured_media":0,"template":"","meta":{"_monsterinsights_skip_tracking":false,"_monsterinsights_sitenote_active":false,"_monsterinsights_sitenote_note":"","_monsterinsights_sitenote_category":0},"product_brand":[],"product_cat":[13590,12337],"product_tag":[],"class_list":{"0":"post-700463","1":"product","2":"type-product","3":"status-publish","5":"product_cat-arastirma-inceleme-politika-siyaset","6":"product_cat-politika-siyaset","7":"pa_cilt-ciltsiz","8":"pa_tur-kitap","9":"pa_yayinevi-inkilap-kitabevi","10":"pa_yazar-j-m-roberts","12":"first","13":"instock","14":"sale","15":"shipping-taxable","16":"purchasable","17":"product-type-simple"},"_links":{"self":[{"href":"https:\/\/roveyayinevi.com.tr\/index.php\/wp-json\/wp\/v2\/product\/700463","targetHints":{"allow":["GET"]}}],"collection":[{"href":"https:\/\/roveyayinevi.com.tr\/index.php\/wp-json\/wp\/v2\/product"}],"about":[{"href":"https:\/\/roveyayinevi.com.tr\/index.php\/wp-json\/wp\/v2\/types\/product"}],"wp:attachment":[{"href":"https:\/\/roveyayinevi.com.tr\/index.php\/wp-json\/wp\/v2\/media?parent=700463"}],"wp:term":[{"taxonomy":"product_brand","embeddable":true,"href":"https:\/\/roveyayinevi.com.tr\/index.php\/wp-json\/wp\/v2\/product_brand?post=700463"},{"taxonomy":"product_cat","embeddable":true,"href":"https:\/\/roveyayinevi.com.tr\/index.php\/wp-json\/wp\/v2\/product_cat?post=700463"},{"taxonomy":"product_tag","embeddable":true,"href":"https:\/\/roveyayinevi.com.tr\/index.php\/wp-json\/wp\/v2\/product_tag?post=700463"}],"curies":[{"name":"wp","href":"https:\/\/api.w.org\/{rel}","templated":true}]}}