{"id":700454,"date":"2025-08-27T14:59:50","date_gmt":"2025-08-27T11:59:50","guid":{"rendered":"https:\/\/roveyayinevi.com.tr\/index.php\/urun\/ilyada-ve-odysseia\/"},"modified":"2026-04-16T02:09:39","modified_gmt":"2026-04-15T23:09:39","slug":"ilyada-ve-odysseia","status":"publish","type":"product","link":"https:\/\/roveyayinevi.com.tr\/index.php\/urun\/ilyada-ve-odysseia\/","title":{"rendered":"\u0130lyada ve Odysseia"},"content":{"rendered":"<p>lyada ve OdysseiaHomeros\u2019un iki b\u00fcy\u00fck eseri: Truva sava\u015f\u0131n\u0131n destan\u0131 \u0130lyada ile Kral Odysseus\u2019un macera dolu vatana d\u00f6n\u00fc\u015f hik\u00e2yesi Odysseia. \u0130lyada ve Odysseia\u2019dan on iki hik\u00e2yenin yer ald\u0131\u011f\u0131 bu kitapla Akhilleus ve Hektor&#8217;un Truva Sava\u015f\u0131 s\u0131ras\u0131ndaki m\u00fccadelesinin tam kalbine giriyor, Odysseus&#8217;la birlikte s\u0131ra d\u0131\u015f\u0131 bir yolculu\u011fa \u00e7\u0131k\u0131yoruz. Homeros\u2019un mitoloji ile ger\u00e7ek ya\u015fam\u0131 bir araya getirdi\u011fi bu iki b\u00fcy\u00fck destan, Yunan Antik \u00c7a\u011f\u0131\u2019ndan beri insanlar\u0131 b\u00fcy\u00fclemeye devam ediyor&#8230; . &#8220;Demirden bir y\u00fcre\u011fin oldu\u011funu biliyordum. Ama kendini tanr\u0131lar\u0131n gazab\u0131ndan koru! Ne kadar yi\u011fit olursan ol, senin de yok olup gidece\u011fin g\u00fcn yak\u0131nd\u0131r!&#8221;<\/p>\n","protected":false},"excerpt":{"rendered":"<p>lyada ve OdysseiaHomeros\u2019un iki b\u00fcy\u00fck eseri: Truva sava\u015f\u0131n\u0131n destan\u0131 \u0130lyada ile Kral Odysseus\u2019un macera dolu vatana d\u00f6n\u00fc\u015f hik\u00e2yesi Odysseia. \u0130lyada ve Odysseia\u2019dan on iki hik\u00e2yenin yer<span class=\"excerpt-hellip\"> [\u2026]<\/span><\/p>\n","protected":false},"featured_media":0,"template":"","meta":{"_monsterinsights_skip_tracking":false,"_monsterinsights_sitenote_active":false,"_monsterinsights_sitenote_note":"","_monsterinsights_sitenote_category":0},"product_brand":[],"product_cat":[12364],"product_tag":[],"class_list":{"0":"post-700454","1":"product","2":"type-product","3":"status-publish","5":"product_cat-genel-konular","6":"pa_cilt-ciltsiz","7":"pa_tur-kitap","8":"pa_yayinevi-arkadas-yayinlari","9":"pa_yazar-homeros","11":"first","12":"instock","13":"sale","14":"shipping-taxable","15":"purchasable","16":"product-type-simple"},"_links":{"self":[{"href":"https:\/\/roveyayinevi.com.tr\/index.php\/wp-json\/wp\/v2\/product\/700454","targetHints":{"allow":["GET"]}}],"collection":[{"href":"https:\/\/roveyayinevi.com.tr\/index.php\/wp-json\/wp\/v2\/product"}],"about":[{"href":"https:\/\/roveyayinevi.com.tr\/index.php\/wp-json\/wp\/v2\/types\/product"}],"wp:attachment":[{"href":"https:\/\/roveyayinevi.com.tr\/index.php\/wp-json\/wp\/v2\/media?parent=700454"}],"wp:term":[{"taxonomy":"product_brand","embeddable":true,"href":"https:\/\/roveyayinevi.com.tr\/index.php\/wp-json\/wp\/v2\/product_brand?post=700454"},{"taxonomy":"product_cat","embeddable":true,"href":"https:\/\/roveyayinevi.com.tr\/index.php\/wp-json\/wp\/v2\/product_cat?post=700454"},{"taxonomy":"product_tag","embeddable":true,"href":"https:\/\/roveyayinevi.com.tr\/index.php\/wp-json\/wp\/v2\/product_tag?post=700454"}],"curies":[{"name":"wp","href":"https:\/\/api.w.org\/{rel}","templated":true}]}}