{"id":700448,"date":"2025-08-27T14:59:49","date_gmt":"2025-08-27T11:59:49","guid":{"rendered":"https:\/\/roveyayinevi.com.tr\/index.php\/urun\/resimli-ingilizce-dil-kartlari-6-sinif\/"},"modified":"2026-04-16T02:09:39","modified_gmt":"2026-04-15T23:09:39","slug":"resimli-ingilizce-dil-kartlari-6-sinif","status":"publish","type":"product","link":"https:\/\/roveyayinevi.com.tr\/index.php\/urun\/resimli-ingilizce-dil-kartlari-6-sinif\/","title":{"rendered":"Resimli \u0130ngilizce Dil Kartlar\u0131 6. S\u0131n\u0131f"},"content":{"rendered":"<p>Bu \u00e7al\u0131\u015fma;\u0130lk\u00f6\u011fretim d\u00fczeyinde s\u0131n\u0131fland\u0131r\u0131lm\u0131\u015f, Milli E\u011fitim Bakanl\u0131\u011f\u0131 m\u00fcfredat\u0131na uygun kelime ezberleme ve bu kelimeleri c\u00fcmle i\u00e7erisinde kullanmaya y\u00f6nelik resimli, yard\u0131mc\u0131 kaynakt\u0131r.Kelimelerin T\u00fcrk\u00e7e kar\u015f\u0131l\u0131klar\u0131, telaffuzlar\u0131 ile birlikte verilmi\u015f olup bu kelimeler \u00f6rnek c\u00fcmle i\u00e7erisinde kullan\u0131lm\u0131\u015f ve kelime resimle anlat\u0131lm\u0131\u015ft\u0131r. Resimler, renkli ve kelimeleri haf\u0131zaya almaya yard\u0131mc\u0131 olacak \u015fekilde c\u00fcmle i\u00e7erisinde kullan\u0131lan bi\u00e7imi ile hik\u00e2ye edilmi\u015ftir.Bu metodla okuyucunun s\u00f6zc\u00fck da\u011farc\u0131\u011f\u0131n\u0131 zenginle\u015ftirmek ama\u00e7lanmaktad\u0131r <\/p>\n","protected":false},"excerpt":{"rendered":"<p>Bu \u00e7al\u0131\u015fma;\u0130lk\u00f6\u011fretim d\u00fczeyinde s\u0131n\u0131fland\u0131r\u0131lm\u0131\u015f, Milli E\u011fitim Bakanl\u0131\u011f\u0131 m\u00fcfredat\u0131na uygun kelime ezberleme ve bu kelimeleri c\u00fcmle i\u00e7erisinde kullanmaya y\u00f6nelik resimli, yard\u0131mc\u0131 kaynakt\u0131r.Kelimelerin T\u00fcrk\u00e7e kar\u015f\u0131l\u0131klar\u0131, telaffuzlar\u0131 ile birlikte<span class=\"excerpt-hellip\"> [\u2026]<\/span><\/p>\n","protected":false},"featured_media":0,"template":"","meta":{"_monsterinsights_skip_tracking":false,"_monsterinsights_sitenote_active":false,"_monsterinsights_sitenote_note":"","_monsterinsights_sitenote_category":0},"product_brand":[],"product_cat":[14597,12566,14702],"product_tag":[],"class_list":{"0":"post-700448","1":"product","2":"type-product","3":"status-publish","5":"product_cat-dil-ogrenimi","6":"product_cat-egitim","7":"product_cat-ingilizce","8":"pa_cilt-ciltsiz","9":"pa_tur-kitap10","10":"pa_yayinevi-delta-kultur-yayinevi","11":"pa_yazar-basak-bengier","13":"first","14":"instock","15":"sale","16":"shipping-taxable","17":"purchasable","18":"product-type-simple"},"_links":{"self":[{"href":"https:\/\/roveyayinevi.com.tr\/index.php\/wp-json\/wp\/v2\/product\/700448","targetHints":{"allow":["GET"]}}],"collection":[{"href":"https:\/\/roveyayinevi.com.tr\/index.php\/wp-json\/wp\/v2\/product"}],"about":[{"href":"https:\/\/roveyayinevi.com.tr\/index.php\/wp-json\/wp\/v2\/types\/product"}],"wp:attachment":[{"href":"https:\/\/roveyayinevi.com.tr\/index.php\/wp-json\/wp\/v2\/media?parent=700448"}],"wp:term":[{"taxonomy":"product_brand","embeddable":true,"href":"https:\/\/roveyayinevi.com.tr\/index.php\/wp-json\/wp\/v2\/product_brand?post=700448"},{"taxonomy":"product_cat","embeddable":true,"href":"https:\/\/roveyayinevi.com.tr\/index.php\/wp-json\/wp\/v2\/product_cat?post=700448"},{"taxonomy":"product_tag","embeddable":true,"href":"https:\/\/roveyayinevi.com.tr\/index.php\/wp-json\/wp\/v2\/product_tag?post=700448"}],"curies":[{"name":"wp","href":"https:\/\/api.w.org\/{rel}","templated":true}]}}