{"id":700435,"date":"2025-08-27T14:58:35","date_gmt":"2025-08-27T11:58:35","guid":{"rendered":"https:\/\/roveyayinevi.com.tr\/index.php\/urun\/dile-karisilmaz-mi\/"},"modified":"2026-04-16T02:09:39","modified_gmt":"2026-04-15T23:09:39","slug":"dile-karisilmaz-mi","status":"publish","type":"product","link":"https:\/\/roveyayinevi.com.tr\/index.php\/urun\/dile-karisilmaz-mi\/","title":{"rendered":"Dile Kar\u0131\u015f\u0131lmaz m\u0131?"},"content":{"rendered":"<p>Dil, kendili\u011finden var olmuyor. Dili yaratan insand\u0131r. Dili yaratan insan olunca, insan\u0131n ona kar\u0131\u015fmas\u0131 da do\u011fal oluyor. Bu y\u00fczdendir ki, \u201cdilde evrim \/devrim\u201d tart\u0131\u015fmas\u0131 sa\u00e7ma geliyor bana: Dili yaratan insan onu kendi haline b\u0131rakamaz; b\u0131rak\u0131rsa, oldu\u011fu yerde kal\u0131r dil, yeni gereksemeleri kar\u015f\u0131layamaz. Diller, insan\u0131n kar\u0131\u015fmas\u0131yla geli\u015fir, geli\u015fmi\u015ftir. T\u00fcrk\u00e7emizde de bu b\u00f6yle olmu\u015ftur. Kar\u0131\u015fma iki t\u00fcrl\u00fcd\u00fcr: \u201cOlumlu kar\u0131\u015fma\u201d, \u201columsuz kar\u0131\u015fma\u201d. Dilde devrim, dile \u201columlu kar\u0131\u015fma\u201dd\u0131r. Bilin\u00e7li bir kar\u0131\u015fmad\u0131r bu. Bug\u00fcn kulland\u0131\u011f\u0131m\u0131z bir\u00e7ok s\u00f6zc\u00fck, binlerce s\u00f6zc\u00fck \u201cevrim\u201d yoluyla de\u011fil \u201cdevrim\u201d yoluyla, dile olumlu kar\u0131\u015fma yoluyla girmi\u015ftir dilimize. Halk\u0131n dile kazand\u0131rd\u0131\u011f\u0131 s\u00f6zc\u00fckleri, \u201cdolmu\u015f\u201du, \u201ckapt\u0131ka\u00e7t\u0131\u201dy\u0131, \u201cgecekondu\u201dyu bile b\u00f6yle d\u00fc\u015f\u00fcnebiliriz: O da dile olumlu kar\u0131\u015fmad\u0131r. Dile insan da kar\u0131\u015f\u0131r, devlet de. Sorun \u201columlu\u201dluk, \u201columsuz\u201dluktur. <\/p>\n","protected":false},"excerpt":{"rendered":"<p>Dil, kendili\u011finden var olmuyor. Dili yaratan insand\u0131r. Dili yaratan insan olunca, insan\u0131n ona kar\u0131\u015fmas\u0131 da do\u011fal oluyor. Bu y\u00fczdendir ki, \u201cdilde evrim \/devrim\u201d tart\u0131\u015fmas\u0131 sa\u00e7ma geliyor<span class=\"excerpt-hellip\"> [\u2026]<\/span><\/p>\n","protected":false},"featured_media":0,"template":"","meta":{"_monsterinsights_skip_tracking":false,"_monsterinsights_sitenote_active":false,"_monsterinsights_sitenote_note":"","_monsterinsights_sitenote_category":0},"product_brand":[],"product_cat":[12777,12291],"product_tag":[],"class_list":{"0":"post-700435","1":"product","2":"type-product","3":"status-publish","5":"product_cat-deneme","6":"product_cat-edebiyat","7":"pa_tur-kitap","8":"pa_yayinevi-arkadas-yayinlari","9":"pa_yazar-ali-puskulluoglu","11":"first","12":"instock","13":"sale","14":"shipping-taxable","15":"purchasable","16":"product-type-simple"},"_links":{"self":[{"href":"https:\/\/roveyayinevi.com.tr\/index.php\/wp-json\/wp\/v2\/product\/700435","targetHints":{"allow":["GET"]}}],"collection":[{"href":"https:\/\/roveyayinevi.com.tr\/index.php\/wp-json\/wp\/v2\/product"}],"about":[{"href":"https:\/\/roveyayinevi.com.tr\/index.php\/wp-json\/wp\/v2\/types\/product"}],"wp:attachment":[{"href":"https:\/\/roveyayinevi.com.tr\/index.php\/wp-json\/wp\/v2\/media?parent=700435"}],"wp:term":[{"taxonomy":"product_brand","embeddable":true,"href":"https:\/\/roveyayinevi.com.tr\/index.php\/wp-json\/wp\/v2\/product_brand?post=700435"},{"taxonomy":"product_cat","embeddable":true,"href":"https:\/\/roveyayinevi.com.tr\/index.php\/wp-json\/wp\/v2\/product_cat?post=700435"},{"taxonomy":"product_tag","embeddable":true,"href":"https:\/\/roveyayinevi.com.tr\/index.php\/wp-json\/wp\/v2\/product_tag?post=700435"}],"curies":[{"name":"wp","href":"https:\/\/api.w.org\/{rel}","templated":true}]}}