{"id":700432,"date":"2025-08-27T14:58:35","date_gmt":"2025-08-27T11:58:35","guid":{"rendered":"https:\/\/roveyayinevi.com.tr\/index.php\/urun\/yasamin-tum-cesitliligi\/"},"modified":"2026-04-16T02:09:39","modified_gmt":"2026-04-15T23:09:39","slug":"yasamin-tum-cesitliligi","status":"publish","type":"product","link":"https:\/\/roveyayinevi.com.tr\/index.php\/urun\/yasamin-tum-cesitliligi\/","title":{"rendered":"Ya\u015fam\u0131n T\u00fcm \u00c7e\u015fitlili\u011fi"},"content":{"rendered":"<p>Bu kitap, canl\u0131lar\u0131n evrimi \u00fczerine basmakal\u0131p fikirlerimizi sorgulamakta. Sorgulamay\u0131 yapan, 20. y\u00fczy\u0131l\u0131n en \u00f6nde gelen Darwin yorumcular\u0131ndan birisi ve \u2018\u2018yarad\u0131l\u0131\u015f teorisi\u2019\u2019ne kar\u015f\u0131 g\u00fc\u00e7l\u00fc polemikleriyle tan\u0131nm\u0131\u015f bir bilim adam\u0131 olan Stephen Jay Gould (1941-2002). <\/p>\n","protected":false},"excerpt":{"rendered":"<p>Bu kitap, canl\u0131lar\u0131n evrimi \u00fczerine basmakal\u0131p fikirlerimizi sorgulamakta. Sorgulamay\u0131 yapan, 20. y\u00fczy\u0131l\u0131n en \u00f6nde gelen Darwin yorumcular\u0131ndan birisi ve \u2018\u2018yarad\u0131l\u0131\u015f teorisi\u2019\u2019ne kar\u015f\u0131 g\u00fc\u00e7l\u00fc polemikleriyle tan\u0131nm\u0131\u015f bir<span class=\"excerpt-hellip\"> [\u2026]<\/span><\/p>\n","protected":false},"featured_media":0,"template":"","meta":{"_monsterinsights_skip_tracking":false,"_monsterinsights_sitenote_active":false,"_monsterinsights_sitenote_note":"","_monsterinsights_sitenote_category":0},"product_brand":[],"product_cat":[13005,13006],"product_tag":[],"class_list":{"0":"post-700432","1":"product","2":"type-product","3":"status-publish","5":"product_cat-bilim-muhendislik","6":"product_cat-populer-bilim","7":"pa_cilt-ciltsiz","8":"pa_tur-kitap","9":"pa_yayinevi-versus-yayinlari","10":"pa_yazar-stephen-jay-gould","12":"first","13":"instock","14":"sale","15":"shipping-taxable","16":"purchasable","17":"product-type-simple"},"_links":{"self":[{"href":"https:\/\/roveyayinevi.com.tr\/index.php\/wp-json\/wp\/v2\/product\/700432","targetHints":{"allow":["GET"]}}],"collection":[{"href":"https:\/\/roveyayinevi.com.tr\/index.php\/wp-json\/wp\/v2\/product"}],"about":[{"href":"https:\/\/roveyayinevi.com.tr\/index.php\/wp-json\/wp\/v2\/types\/product"}],"wp:attachment":[{"href":"https:\/\/roveyayinevi.com.tr\/index.php\/wp-json\/wp\/v2\/media?parent=700432"}],"wp:term":[{"taxonomy":"product_brand","embeddable":true,"href":"https:\/\/roveyayinevi.com.tr\/index.php\/wp-json\/wp\/v2\/product_brand?post=700432"},{"taxonomy":"product_cat","embeddable":true,"href":"https:\/\/roveyayinevi.com.tr\/index.php\/wp-json\/wp\/v2\/product_cat?post=700432"},{"taxonomy":"product_tag","embeddable":true,"href":"https:\/\/roveyayinevi.com.tr\/index.php\/wp-json\/wp\/v2\/product_tag?post=700432"}],"curies":[{"name":"wp","href":"https:\/\/api.w.org\/{rel}","templated":true}]}}