{"id":700425,"date":"2025-08-27T14:58:33","date_gmt":"2025-08-27T11:58:33","guid":{"rendered":"https:\/\/roveyayinevi.com.tr\/index.php\/urun\/poetika-siir-sanati-uzerine-2\/"},"modified":"2026-04-16T02:09:39","modified_gmt":"2026-04-15T23:09:39","slug":"poetika-siir-sanati-uzerine-2","status":"publish","type":"product","link":"https:\/\/roveyayinevi.com.tr\/index.php\/urun\/poetika-siir-sanati-uzerine-2\/","title":{"rendered":"Poetika &#8211; \u015eiir Sanat\u0131 \u00dczerine"},"content":{"rendered":"<p>Felsefede yal\u0131nl\u0131\u011f\u0131n ve durulu\u011fun doruk noktas\u0131; &#8220;\u00e7\u00f6z\u00fcmlemenin ve &#8220;b\u00f6l\u00fcmlemenin \u00fcstad\u0131 Aristoteles\u2019in, \u015fiir sanat\u0131n\u0131n g\u00fcc\u00fcn\u00fc &#8220;s\u00f6z\u00fcn g\u00fcc\u00fc&#8221;yle a\u00e7\u0131\u011fa vurdu\u011fu bir ba\u015fyap\u0131t: Poietika. Eski Yunan tragedyalar\u0131n\u0131n do\u011fas\u0131n\u0131, tarihini ve geleneksel uygulamalar\u0131n\u0131 b\u00fct\u00fcn bir \u015fiirsel ardy\u00f6resiyle birlikte konu edinen Aristoteles\u2019in Poietika\u2019s\u0131, \u00e7a\u011flar\u0131 a\u015fan etkisiyle g\u00fcn\u00fcm\u00fcz\u00fcn sanat ve yaz\u0131n kuramlar\u0131na yol g\u00f6stermeyi hala s\u00fcrd\u00fcr\u00fcyor. Felsefece d\u00fc\u015f\u00fcnmenin tarihinde ana u\u011fraklardan biri olan yap\u0131t\u0131, ilk kez \u00f6zg\u00fcn dilinden bir \u00e7eviriyle ve Yunanca asl\u0131yla birlikte sunuyoruz.<\/p>\n","protected":false},"excerpt":{"rendered":"<p>Felsefede yal\u0131nl\u0131\u011f\u0131n ve durulu\u011fun doruk noktas\u0131; &#8220;\u00e7\u00f6z\u00fcmlemenin ve &#8220;b\u00f6l\u00fcmlemenin \u00fcstad\u0131 Aristoteles\u2019in, \u015fiir sanat\u0131n\u0131n g\u00fcc\u00fcn\u00fc &#8220;s\u00f6z\u00fcn g\u00fcc\u00fc&#8221;yle a\u00e7\u0131\u011fa vurdu\u011fu bir ba\u015fyap\u0131t: Poietika. Eski Yunan tragedyalar\u0131n\u0131n do\u011fas\u0131n\u0131, tarihini<span class=\"excerpt-hellip\"> [\u2026]<\/span><\/p>\n","protected":false},"featured_media":0,"template":"","meta":{"_monsterinsights_skip_tracking":false,"_monsterinsights_sitenote_active":false,"_monsterinsights_sitenote_note":"","_monsterinsights_sitenote_category":0},"product_brand":[],"product_cat":[12388,14717],"product_tag":[],"class_list":{"0":"post-700425","1":"product","2":"type-product","3":"status-publish","5":"product_cat-felsefe","6":"product_cat-felsefe-tarihi","7":"pa_cilt-ciltsiz","8":"pa_tur-kitap","9":"pa_yayinevi-pharmakon-kitap","10":"pa_yazar-aristoteles","12":"first","13":"instock","14":"sale","15":"shipping-taxable","16":"purchasable","17":"product-type-simple"},"_links":{"self":[{"href":"https:\/\/roveyayinevi.com.tr\/index.php\/wp-json\/wp\/v2\/product\/700425","targetHints":{"allow":["GET"]}}],"collection":[{"href":"https:\/\/roveyayinevi.com.tr\/index.php\/wp-json\/wp\/v2\/product"}],"about":[{"href":"https:\/\/roveyayinevi.com.tr\/index.php\/wp-json\/wp\/v2\/types\/product"}],"wp:attachment":[{"href":"https:\/\/roveyayinevi.com.tr\/index.php\/wp-json\/wp\/v2\/media?parent=700425"}],"wp:term":[{"taxonomy":"product_brand","embeddable":true,"href":"https:\/\/roveyayinevi.com.tr\/index.php\/wp-json\/wp\/v2\/product_brand?post=700425"},{"taxonomy":"product_cat","embeddable":true,"href":"https:\/\/roveyayinevi.com.tr\/index.php\/wp-json\/wp\/v2\/product_cat?post=700425"},{"taxonomy":"product_tag","embeddable":true,"href":"https:\/\/roveyayinevi.com.tr\/index.php\/wp-json\/wp\/v2\/product_tag?post=700425"}],"curies":[{"name":"wp","href":"https:\/\/api.w.org\/{rel}","templated":true}]}}