{"id":700421,"date":"2025-08-27T14:58:32","date_gmt":"2025-08-27T11:58:32","guid":{"rendered":"https:\/\/roveyayinevi.com.tr\/index.php\/urun\/dusunu-yorum-oyleyse-deliyim\/"},"modified":"2026-04-16T02:09:39","modified_gmt":"2026-04-15T23:09:39","slug":"dusunu-yorum-oyleyse-deliyim","status":"publish","type":"product","link":"https:\/\/roveyayinevi.com.tr\/index.php\/urun\/dusunu-yorum-oyleyse-deliyim\/","title":{"rendered":"D\u00fc\u015f\u00fcn\u00fc-yorum, \u00d6yleyse Deliyim"},"content":{"rendered":"<p>Neden d\u00fc\u015f\u00fcncelerimizle davran\u0131\u015flar\u0131m\u0131z birbirinden farkl\u0131d\u0131r?\u201c\u0130\u015fte bu!\u201d dedirtecek kitap i\u015fte bu\u2026Erkekler neden aldat\u0131r? Neden eski dosttan sevgili olmaz? Neden k\u00f6t\u00fc gidebilecek her \u015fey k\u00f6t\u00fc gider? Pes etmek ve ba\u015farmak neden i\u00e7 i\u00e7edir?Hay\u0131r demek neden bu kadar zor?Neden d\u00fc\u015f\u00fcnd\u00fc\u011f\u00fcm\u00fczden fazlas\u0131n\u0131 yapabiliriz?Neden felaketlerin pe\u015f pe\u015fe gelece\u011fini d\u00fc\u015f\u00fcn\u00fcr\u00fcz? Neden niyetlendi\u011fimiz her \u015feye 72 saat i\u00e7inde ba\u015flamam\u0131z gerekiyor? \u0130yi bir tavsiye neden hep pahal\u0131d\u0131r? Neden hep kaybedenleri destekleriz?\u00c7\u00fcnk\u00fc insanlar bilin\u00e7alt\u0131n\u0131n etkilerine kar\u015f\u0131 zay\u0131ft\u0131r. Hi\u00e7 de d\u00fc\u015f\u00fcnd\u00fc\u011f\u00fcm\u00fcz kadar mant\u0131kl\u0131 de\u011filiz.Jochen Mai ve Daniel Rettig g\u00fcnl\u00fck hayatta duygular\u0131m\u0131z\u0131, d\u00fc\u015f\u00fcncelerimizi ve davran\u0131\u015flar\u0131m\u0131z\u0131 belirleyen en ilgin\u00e7 psikolojik olgular\u0131 bir araya toplad\u0131. \u00c7al\u0131\u015f\u0131rken ya da pes ederken, kazan\u0131rken ya da kaybederken, \u00f6\u011frenirken ya da anlarken, \u00f6fkelenirken ya da severken kararlar\u0131m\u0131z ve duygular\u0131m\u0131z y\u00f6nlendirilmeye fazlas\u0131yla a\u00e7\u0131kt\u0131r. Ancak bu mekanizmay\u0131 tan\u0131y\u0131p nas\u0131l \u00e7al\u0131\u015ft\u0131\u011f\u0131n\u0131 \u00e7\u00f6zmek de b\u00fcy\u00fck bir avantajd\u0131r. Bu kitap, inceledi\u011fi etkiler, ara\u015ft\u0131rmalar ve psikososyal deneylerle olduk\u00e7a e\u011flenceli ve ilgi \u00e7ekici bilgiler sunman\u0131n yan\u0131 s\u0131ra, i\u00e7indeki testler arac\u0131l\u0131\u011f\u0131yla da davran\u0131\u015flar\u0131m\u0131z hakk\u0131nda ipu\u00e7lar\u0131 veriyor.&#8221;D\u00fc\u015f\u00fcn\u00fcyorum, \u00d6yleyse Deliyim, d\u00fcnyaya bamba\u015fka g\u00f6zlerle bakman\u0131z\u0131 sa\u011flayacak.\u201d- Zeit OnlineNeden hep kaybedenleri destekleriz? <\/p>\n","protected":false},"excerpt":{"rendered":"<p>Neden d\u00fc\u015f\u00fcncelerimizle davran\u0131\u015flar\u0131m\u0131z birbirinden farkl\u0131d\u0131r?\u201c\u0130\u015fte bu!\u201d dedirtecek kitap i\u015fte bu\u2026Erkekler neden aldat\u0131r? Neden eski dosttan sevgili olmaz? Neden k\u00f6t\u00fc gidebilecek her \u015fey k\u00f6t\u00fc gider? Pes etmek<span class=\"excerpt-hellip\"> [\u2026]<\/span><\/p>\n","protected":false},"featured_media":0,"template":"","meta":{"_monsterinsights_skip_tracking":false,"_monsterinsights_sitenote_active":false,"_monsterinsights_sitenote_note":"","_monsterinsights_sitenote_category":0},"product_brand":[],"product_cat":[12358,12357],"product_tag":[],"class_list":{"0":"post-700421","1":"product","2":"type-product","3":"status-publish","5":"product_cat-genel-psikoloji","6":"product_cat-psikoloji","7":"pa_cilt-ciltsiz","8":"pa_tur-kitap","9":"pa_yayinevi-pegasus-yayinlari","10":"pa_yazar-jochen-mai","12":"first","13":"instock","14":"sale","15":"shipping-taxable","16":"purchasable","17":"product-type-simple"},"_links":{"self":[{"href":"https:\/\/roveyayinevi.com.tr\/index.php\/wp-json\/wp\/v2\/product\/700421","targetHints":{"allow":["GET"]}}],"collection":[{"href":"https:\/\/roveyayinevi.com.tr\/index.php\/wp-json\/wp\/v2\/product"}],"about":[{"href":"https:\/\/roveyayinevi.com.tr\/index.php\/wp-json\/wp\/v2\/types\/product"}],"wp:attachment":[{"href":"https:\/\/roveyayinevi.com.tr\/index.php\/wp-json\/wp\/v2\/media?parent=700421"}],"wp:term":[{"taxonomy":"product_brand","embeddable":true,"href":"https:\/\/roveyayinevi.com.tr\/index.php\/wp-json\/wp\/v2\/product_brand?post=700421"},{"taxonomy":"product_cat","embeddable":true,"href":"https:\/\/roveyayinevi.com.tr\/index.php\/wp-json\/wp\/v2\/product_cat?post=700421"},{"taxonomy":"product_tag","embeddable":true,"href":"https:\/\/roveyayinevi.com.tr\/index.php\/wp-json\/wp\/v2\/product_tag?post=700421"}],"curies":[{"name":"wp","href":"https:\/\/api.w.org\/{rel}","templated":true}]}}