{"id":700418,"date":"2025-08-27T14:58:31","date_gmt":"2025-08-27T11:58:31","guid":{"rendered":"https:\/\/roveyayinevi.com.tr\/index.php\/urun\/edebiyat-ve-bilim\/"},"modified":"2026-04-16T02:09:39","modified_gmt":"2026-04-15T23:09:39","slug":"edebiyat-ve-bilim","status":"publish","type":"product","link":"https:\/\/roveyayinevi.com.tr\/index.php\/urun\/edebiyat-ve-bilim\/","title":{"rendered":"Edebiyat ve Bilim"},"content":{"rendered":"<p>Ya\u015fad\u0131\u011f\u0131 d\u00f6nemlerdeki \u00f6zg\u00fcrl\u00fck\u00e7\u00fcl\u00fc\u011f\u00fcn sonsuz evrensel h\u00fcmanizmlerini takip eden Huxley, \u00f6zg\u00fcrl\u00fckler anlay\u0131\u015f\u0131 ve ya\u015fam\u0131 ile modern sonras\u0131 edebiyat\u0131 ve sanatlar\u0131 derinden etkilemi\u015ftir. <\/p>\n","protected":false},"excerpt":{"rendered":"<p>Ya\u015fad\u0131\u011f\u0131 d\u00f6nemlerdeki \u00f6zg\u00fcrl\u00fck\u00e7\u00fcl\u00fc\u011f\u00fcn sonsuz evrensel h\u00fcmanizmlerini takip eden Huxley, \u00f6zg\u00fcrl\u00fckler anlay\u0131\u015f\u0131 ve ya\u015fam\u0131 ile modern sonras\u0131 edebiyat\u0131 ve sanatlar\u0131 derinden etkilemi\u015ftir.<\/p>\n","protected":false},"featured_media":0,"template":"","meta":{"_monsterinsights_skip_tracking":false,"_monsterinsights_sitenote_active":false,"_monsterinsights_sitenote_note":"","_monsterinsights_sitenote_category":0},"product_brand":[],"product_cat":[12777,12291],"product_tag":[],"class_list":{"0":"post-700418","1":"product","2":"type-product","3":"status-publish","5":"product_cat-deneme","6":"product_cat-edebiyat","7":"pa_tur-kitap","8":"pa_yayinevi-epos-yayinlari","9":"pa_yazar-aldous-huxley","11":"first","12":"instock","13":"sale","14":"shipping-taxable","15":"purchasable","16":"product-type-simple"},"_links":{"self":[{"href":"https:\/\/roveyayinevi.com.tr\/index.php\/wp-json\/wp\/v2\/product\/700418","targetHints":{"allow":["GET"]}}],"collection":[{"href":"https:\/\/roveyayinevi.com.tr\/index.php\/wp-json\/wp\/v2\/product"}],"about":[{"href":"https:\/\/roveyayinevi.com.tr\/index.php\/wp-json\/wp\/v2\/types\/product"}],"wp:attachment":[{"href":"https:\/\/roveyayinevi.com.tr\/index.php\/wp-json\/wp\/v2\/media?parent=700418"}],"wp:term":[{"taxonomy":"product_brand","embeddable":true,"href":"https:\/\/roveyayinevi.com.tr\/index.php\/wp-json\/wp\/v2\/product_brand?post=700418"},{"taxonomy":"product_cat","embeddable":true,"href":"https:\/\/roveyayinevi.com.tr\/index.php\/wp-json\/wp\/v2\/product_cat?post=700418"},{"taxonomy":"product_tag","embeddable":true,"href":"https:\/\/roveyayinevi.com.tr\/index.php\/wp-json\/wp\/v2\/product_tag?post=700418"}],"curies":[{"name":"wp","href":"https:\/\/api.w.org\/{rel}","templated":true}]}}