{"id":700415,"date":"2025-08-27T14:58:30","date_gmt":"2025-08-27T11:58:30","guid":{"rendered":"https:\/\/roveyayinevi.com.tr\/index.php\/urun\/allahin-ipine-askla-saril\/"},"modified":"2026-04-16T02:09:39","modified_gmt":"2026-04-15T23:09:39","slug":"allahin-ipine-askla-saril","status":"publish","type":"product","link":"https:\/\/roveyayinevi.com.tr\/index.php\/urun\/allahin-ipine-askla-saril\/","title":{"rendered":"Allah\u2019\u0131n \u0130pine A\u015fkla Sar\u0131l!"},"content":{"rendered":"<p>Hepimizin gelece\u011fi i\u00e7in, \u00e7ocuklar\u0131m\u0131z\u0131 kurtarabilmek i\u00e7in. Bu kitap! Tek \u2018bir\u2019 kitap \u2018oku\u2019yucular\u0131n\u0131n! Akl\u0131n ve kalbin birlikteli\u011fini ba\u015farabilmi\u015flerin! Yoksa okutmaz kendini, a\u00e7maz size \u2018s\u0131r\u2019lar\u0131n\u0131! Ey hayati s\u0131r okuyucular\u0131! A\u015fka gelin! G\u00fcnl\u00fck akl\u0131 terk edin! Yola \u00e7\u0131k\u0131n art\u0131k bizimle! \u2018Bir\u2019 hakikat yolculu\u011fu! Yoksa anlayamazs\u0131n\u0131z ki! \u015eu an d\u00fcnyada olup bitenleri! Masum \u00e7ocuklar\u0131n hunharca neden \u00f6ld\u00fcr\u00fcld\u00fc\u011f\u00fcn\u00fc! \u015eehirlerin neden bombaland\u0131\u011f\u0131n\u0131! \u2018Mesiyanik\u2019 projenin ne oldu\u011funu! Sahte \u2018\u015feyh\u2019lerin, kabalist sufilerin bunca y\u0131l neden gizlendiklerini! Laboratuar vir\u00fcslerini. Cep telefonlar\u0131n\u0131n hangi ama\u00e7 i\u00e7in deri alt\u0131na yerle\u015ftirecek bir \u2018\u00e7ip\u2019e d\u00f6n\u00fc\u015fece\u011fini! Yiyeceklerin i\u00e7eceklerin genetik yap\u0131lar\u0131n\u0131n neden de\u011fi\u015ftirildi\u011fini! Anlayamazs\u0131n ey okuyucu! Yol bitti! Ya anlayacaks\u0131n! Ya da s\u00fcr\u00fckleneceksin \u2018ate\u015f\u2019in i\u00e7ine h\u0131zla&#8230; Nas\u0131l anlayacaks\u0131n? \u2018Oku\u2019yarak! \u0130nan ki hi\u00e7 kolay de\u011fil bu kitab\u0131 yazabilmek! Gelecek i\u00e7in&#8230; Hepimizin gelece\u011fi i\u00e7in! \u00c7ocuklar\u0131m\u0131z\u0131 kurtarabilmek i\u00e7in! \u2018Oku\u2019yun! Hayat \u2018bir\u2019 s\u0131rd\u0131r okuruna! Ba\u015fl\u0131yor i\u015fte hik\u00e2ye! Ger\u00e7ek hayat hik\u00e2yemiz! \u2018Oku\u2019yun l\u00fctfen! Kalbin i\u00e7inde yazan\u0131 \u2018oku\u2019madan bilinemiyor bu hayat! O s\u0131r \u2018emanet\u2019! Evet, tek \u2018bir\u2019 kitap i\u00e7in! Ba\u015fl\u0131yoruz! Yeniden ba\u015fl\u0131yoruz belki de hayata&#8230; Yeni do\u011fmu\u015f bir \u00e7ocuk gibi! <\/p>\n","protected":false},"excerpt":{"rendered":"<p>Hepimizin gelece\u011fi i\u00e7in, \u00e7ocuklar\u0131m\u0131z\u0131 kurtarabilmek i\u00e7in. Bu kitap! Tek \u2018bir\u2019 kitap \u2018oku\u2019yucular\u0131n\u0131n! Akl\u0131n ve kalbin birlikteli\u011fini ba\u015farabilmi\u015flerin! Yoksa okutmaz kendini, a\u00e7maz size \u2018s\u0131r\u2019lar\u0131n\u0131! Ey hayati s\u0131r<span class=\"excerpt-hellip\"> [\u2026]<\/span><\/p>\n","protected":false},"featured_media":0,"template":"","meta":{"_monsterinsights_skip_tracking":false,"_monsterinsights_sitenote_active":false,"_monsterinsights_sitenote_note":"","_monsterinsights_sitenote_category":0},"product_brand":[],"product_cat":[12718,12719],"product_tag":[],"class_list":{"0":"post-700415","1":"product","2":"type-product","3":"status-publish","5":"product_cat-din","6":"product_cat-islam","7":"pa_cilt-ciltsiz","8":"pa_tur-kitap","9":"pa_yayinevi-hayykitap","10":"pa_yazar-hayati-sir","12":"first","13":"instock","14":"sale","15":"shipping-taxable","16":"purchasable","17":"product-type-simple"},"_links":{"self":[{"href":"https:\/\/roveyayinevi.com.tr\/index.php\/wp-json\/wp\/v2\/product\/700415","targetHints":{"allow":["GET"]}}],"collection":[{"href":"https:\/\/roveyayinevi.com.tr\/index.php\/wp-json\/wp\/v2\/product"}],"about":[{"href":"https:\/\/roveyayinevi.com.tr\/index.php\/wp-json\/wp\/v2\/types\/product"}],"wp:attachment":[{"href":"https:\/\/roveyayinevi.com.tr\/index.php\/wp-json\/wp\/v2\/media?parent=700415"}],"wp:term":[{"taxonomy":"product_brand","embeddable":true,"href":"https:\/\/roveyayinevi.com.tr\/index.php\/wp-json\/wp\/v2\/product_brand?post=700415"},{"taxonomy":"product_cat","embeddable":true,"href":"https:\/\/roveyayinevi.com.tr\/index.php\/wp-json\/wp\/v2\/product_cat?post=700415"},{"taxonomy":"product_tag","embeddable":true,"href":"https:\/\/roveyayinevi.com.tr\/index.php\/wp-json\/wp\/v2\/product_tag?post=700415"}],"curies":[{"name":"wp","href":"https:\/\/api.w.org\/{rel}","templated":true}]}}