{"id":700400,"date":"2025-08-27T14:58:25","date_gmt":"2025-08-27T11:58:25","guid":{"rendered":"https:\/\/roveyayinevi.com.tr\/index.php\/urun\/bicirik\/"},"modified":"2026-04-03T02:14:06","modified_gmt":"2026-04-02T23:14:06","slug":"bicirik","status":"publish","type":"product","link":"https:\/\/roveyayinevi.com.tr\/index.php\/urun\/bicirik\/","title":{"rendered":"B\u0131c\u0131r\u0131k"},"content":{"rendered":"<p>Merhaba&#8230;Kitab\u0131m\u0131 eline ald\u0131\u011f\u0131nda g\u00f6zlerinin parlad\u0131\u011f\u0131n\u0131 g\u00f6rd\u00fcm. Yoksa sen de mi bir kitap kurdusun? Okumay\u0131 \u00e7ok mu seviyorsun? \u00d6yleyse, Tomurcuk Kitaplar\u2019la arkada\u015f ol&#8230; Her birinde, yeni \u015feyler \u00f6\u011frenecek, de\u011fi\u015fik bir ser\u00fcvenle kar\u015f\u0131la\u015facaks\u0131n. <\/p>\n","protected":false},"excerpt":{"rendered":"<p>Merhaba&#8230;Kitab\u0131m\u0131 eline ald\u0131\u011f\u0131nda g\u00f6zlerinin parlad\u0131\u011f\u0131n\u0131 g\u00f6rd\u00fcm. Yoksa sen de mi bir kitap kurdusun? Okumay\u0131 \u00e7ok mu seviyorsun? \u00d6yleyse, Tomurcuk Kitaplar\u2019la arkada\u015f ol&#8230; Her birinde, yeni \u015feyler<span class=\"excerpt-hellip\"> [\u2026]<\/span><\/p>\n","protected":false},"featured_media":0,"template":"","meta":{"_monsterinsights_skip_tracking":false,"_monsterinsights_sitenote_active":false,"_monsterinsights_sitenote_note":"","_monsterinsights_sitenote_category":0},"product_brand":[],"product_cat":[12274,12284],"product_tag":[],"class_list":{"0":"post-700400","1":"product","2":"type-product","3":"status-publish","5":"product_cat-cocuk-ve-genclik-kitaplari","6":"product_cat-hikayeler","7":"pa_cilt-ciltsiz","8":"pa_tur-kitap","9":"pa_yayinevi-say-cocuk","10":"pa_yazar-gulsum-cengiz","12":"first","13":"instock","14":"sale","15":"shipping-taxable","16":"purchasable","17":"product-type-simple"},"_links":{"self":[{"href":"https:\/\/roveyayinevi.com.tr\/index.php\/wp-json\/wp\/v2\/product\/700400","targetHints":{"allow":["GET"]}}],"collection":[{"href":"https:\/\/roveyayinevi.com.tr\/index.php\/wp-json\/wp\/v2\/product"}],"about":[{"href":"https:\/\/roveyayinevi.com.tr\/index.php\/wp-json\/wp\/v2\/types\/product"}],"wp:attachment":[{"href":"https:\/\/roveyayinevi.com.tr\/index.php\/wp-json\/wp\/v2\/media?parent=700400"}],"wp:term":[{"taxonomy":"product_brand","embeddable":true,"href":"https:\/\/roveyayinevi.com.tr\/index.php\/wp-json\/wp\/v2\/product_brand?post=700400"},{"taxonomy":"product_cat","embeddable":true,"href":"https:\/\/roveyayinevi.com.tr\/index.php\/wp-json\/wp\/v2\/product_cat?post=700400"},{"taxonomy":"product_tag","embeddable":true,"href":"https:\/\/roveyayinevi.com.tr\/index.php\/wp-json\/wp\/v2\/product_tag?post=700400"}],"curies":[{"name":"wp","href":"https:\/\/api.w.org\/{rel}","templated":true}]}}