{"id":700390,"date":"2025-08-27T14:58:22","date_gmt":"2025-08-27T11:58:22","guid":{"rendered":"https:\/\/roveyayinevi.com.tr\/index.php\/urun\/garfield-ile-arkadasalari-13-zabadunun-esrari\/"},"modified":"2026-03-13T02:10:03","modified_gmt":"2026-03-12T23:10:03","slug":"garfield-ile-arkadasalari-13-zabadunun-esrari","status":"publish","type":"product","link":"https:\/\/roveyayinevi.com.tr\/index.php\/urun\/garfield-ile-arkadasalari-13-zabadunun-esrari\/","title":{"rendered":"Garfield ile Arkada\u015falar\u0131 &#8211; 13. Zabadu&#8217;nun Esrar\u0131"},"content":{"rendered":"<p>Jon televizyonda izledi\u011fi bir belgeselde, Franistan&#8217;\u0131n balta girmemi\u015f ormanlar\u0131nda ya\u015fayan Zabadu adl\u0131 esrarengiz yarat\u0131ktan s\u00f6z edildi\u011fini duyar. Bu Zabadu hik\u00e2yesi, Jon&#8217;a okul g\u00fcnlerinde ya\u015fad\u0131\u011f\u0131 bir olay\u0131 hat\u0131rlat\u0131r. Baz\u0131 \u015feylerden \u015f\u00fcphelenen Jon, Zabadu&#8217;nun s\u0131rr\u0131n\u0131 \u00e7\u00f6zmek \u00fczere, yan\u0131na Garfield ile Odie&#8217;yi de alarak Franistan&#8217;\u0131n yolunu tutar ve Zabadu&#8217;nun pe\u015fine d\u00fc\u015ferler. Bakal\u0131m dostlar\u0131m\u0131z, balta girmemi\u015f orman\u0131n derinliklerinde at\u0131ld\u0131klar\u0131 macerada, bu muammay\u0131 \u00e7\u00f6zebilecekler mi? \ufffcTan\u0131t\u0131m Metni<\/p>\n","protected":false},"excerpt":{"rendered":"<p>Jon televizyonda izledi\u011fi bir belgeselde, Franistan&#8217;\u0131n balta girmemi\u015f ormanlar\u0131nda ya\u015fayan Zabadu adl\u0131 esrarengiz yarat\u0131ktan s\u00f6z edildi\u011fini duyar. Bu Zabadu hik\u00e2yesi, Jon&#8217;a okul g\u00fcnlerinde ya\u015fad\u0131\u011f\u0131 bir olay\u0131<span class=\"excerpt-hellip\"> [\u2026]<\/span><\/p>\n","protected":false},"featured_media":0,"template":"","meta":{"_monsterinsights_skip_tracking":false,"_monsterinsights_sitenote_active":false,"_monsterinsights_sitenote_note":"","_monsterinsights_sitenote_category":0},"product_brand":[],"product_cat":[12274,12284],"product_tag":[],"class_list":{"0":"post-700390","1":"product","2":"type-product","3":"status-publish","5":"product_cat-cocuk-ve-genclik-kitaplari","6":"product_cat-hikayeler","7":"pa_cilt-ciltsiz","8":"pa_tur-kitap","9":"pa_yayinevi-yapi-kredi-yayinlari","10":"pa_yazar-jim-davis","12":"first","13":"instock","14":"sale","15":"shipping-taxable","16":"purchasable","17":"product-type-simple"},"_links":{"self":[{"href":"https:\/\/roveyayinevi.com.tr\/index.php\/wp-json\/wp\/v2\/product\/700390","targetHints":{"allow":["GET"]}}],"collection":[{"href":"https:\/\/roveyayinevi.com.tr\/index.php\/wp-json\/wp\/v2\/product"}],"about":[{"href":"https:\/\/roveyayinevi.com.tr\/index.php\/wp-json\/wp\/v2\/types\/product"}],"wp:attachment":[{"href":"https:\/\/roveyayinevi.com.tr\/index.php\/wp-json\/wp\/v2\/media?parent=700390"}],"wp:term":[{"taxonomy":"product_brand","embeddable":true,"href":"https:\/\/roveyayinevi.com.tr\/index.php\/wp-json\/wp\/v2\/product_brand?post=700390"},{"taxonomy":"product_cat","embeddable":true,"href":"https:\/\/roveyayinevi.com.tr\/index.php\/wp-json\/wp\/v2\/product_cat?post=700390"},{"taxonomy":"product_tag","embeddable":true,"href":"https:\/\/roveyayinevi.com.tr\/index.php\/wp-json\/wp\/v2\/product_tag?post=700390"}],"curies":[{"name":"wp","href":"https:\/\/api.w.org\/{rel}","templated":true}]}}