{"id":700378,"date":"2025-08-27T14:58:19","date_gmt":"2025-08-27T11:58:19","guid":{"rendered":"https:\/\/roveyayinevi.com.tr\/index.php\/urun\/hayat-bilgisi-ogretimi-ve-ogretmen-kilavuzu\/"},"modified":"2026-04-16T02:09:38","modified_gmt":"2026-04-15T23:09:38","slug":"hayat-bilgisi-ogretimi-ve-ogretmen-kilavuzu","status":"publish","type":"product","link":"https:\/\/roveyayinevi.com.tr\/index.php\/urun\/hayat-bilgisi-ogretimi-ve-ogretmen-kilavuzu\/","title":{"rendered":"Hayat Bilgisi \u00d6\u011fretimi ve \u00d6\u011fretmen K\u0131lavuzu"},"content":{"rendered":"<p>&#8220;Hayat Bilgisi \u00d6\u011fretimi ve \u00d6\u011fretmen K\u0131lavuzu&#8221; kitab\u0131, yazar\u0131n daha \u00f6nce birlikte y\u00fcr\u00fct\u00fclen &#8220;Hayat ve Sosyal Bilgiler \u00d6\u011fretimi&#8221; dersi i\u00e7in haz\u0131rlad\u0131\u011f\u0131 &#8220;Hayat ve Sosyal Bilgiler \u00d6\u011fretimi ve \u00d6\u011fretmen K\u0131lavuzu&#8221; kitab\u0131n\u0131n yeni programa g\u00f6re yeniden g\u00f6zden ge\u00e7irilmi\u015f ve geli\u015ftirilmi\u015f halidir. Hedef davran\u0131\u015flar, i\u00e7erik, e\u011fitim ve s\u0131nama durumlar\u0131 senaryolar i\u00e7inde verilmeye \u00e7al\u0131\u015f\u0131ld\u0131. Ara\u00e7-gere\u00e7ler bu amaca hizmet edecek bi\u00e7imde d\u00fczenlenip i\u015fe ko\u015fuldu. E\u011fitim durumlar\u0131nda kullan\u0131lacak strateji, y\u00f6ntem ve tekniklerle ak\u0131l y\u00fcr\u00fctme yollar\u0131n\u0131 kapsayacak \u00f6rneklere yer verildi. Bu \u00f6rnekler okul ortam\u0131nda kullan\u0131lm\u0131\u015f ve i\u015flerli\u011fi denetlenmi\u015f; eksikleri giderilmi\u015f; yanl\u0131\u015flar\u0131 d\u00fczeltilmi\u015f ve tekrar uygulamada s\u0131nanm\u0131\u015f \u00f6rneklerdir. <\/p>\n","protected":false},"excerpt":{"rendered":"<p>&#8220;Hayat Bilgisi \u00d6\u011fretimi ve \u00d6\u011fretmen K\u0131lavuzu&#8221; kitab\u0131, yazar\u0131n daha \u00f6nce birlikte y\u00fcr\u00fct\u00fclen &#8220;Hayat ve Sosyal Bilgiler \u00d6\u011fretimi&#8221; dersi i\u00e7in haz\u0131rlad\u0131\u011f\u0131 &#8220;Hayat ve Sosyal Bilgiler \u00d6\u011fretimi ve<span class=\"excerpt-hellip\"> [\u2026]<\/span><\/p>\n","protected":false},"featured_media":0,"template":"","meta":{"_monsterinsights_skip_tracking":false,"_monsterinsights_sitenote_active":false,"_monsterinsights_sitenote_note":"","_monsterinsights_sitenote_category":0},"product_brand":[],"product_cat":[12573,12566],"product_tag":[],"class_list":{"0":"post-700378","1":"product","2":"type-product","3":"status-publish","5":"product_cat-akademik-kitaplar","6":"product_cat-egitim","7":"pa_cilt-ciltsiz","8":"pa_tur-kitap","9":"pa_yayinevi-ani-yayincilik","10":"pa_yazar-veysel-sonmez","12":"first","13":"instock","14":"sale","15":"shipping-taxable","16":"purchasable","17":"product-type-simple"},"_links":{"self":[{"href":"https:\/\/roveyayinevi.com.tr\/index.php\/wp-json\/wp\/v2\/product\/700378","targetHints":{"allow":["GET"]}}],"collection":[{"href":"https:\/\/roveyayinevi.com.tr\/index.php\/wp-json\/wp\/v2\/product"}],"about":[{"href":"https:\/\/roveyayinevi.com.tr\/index.php\/wp-json\/wp\/v2\/types\/product"}],"wp:attachment":[{"href":"https:\/\/roveyayinevi.com.tr\/index.php\/wp-json\/wp\/v2\/media?parent=700378"}],"wp:term":[{"taxonomy":"product_brand","embeddable":true,"href":"https:\/\/roveyayinevi.com.tr\/index.php\/wp-json\/wp\/v2\/product_brand?post=700378"},{"taxonomy":"product_cat","embeddable":true,"href":"https:\/\/roveyayinevi.com.tr\/index.php\/wp-json\/wp\/v2\/product_cat?post=700378"},{"taxonomy":"product_tag","embeddable":true,"href":"https:\/\/roveyayinevi.com.tr\/index.php\/wp-json\/wp\/v2\/product_tag?post=700378"}],"curies":[{"name":"wp","href":"https:\/\/api.w.org\/{rel}","templated":true}]}}