{"id":700375,"date":"2025-08-27T14:58:18","date_gmt":"2025-08-27T11:58:18","guid":{"rendered":"https:\/\/roveyayinevi.com.tr\/index.php\/urun\/edebiyat-sozlugu\/"},"modified":"2026-04-16T02:09:38","modified_gmt":"2026-04-15T23:09:38","slug":"edebiyat-sozlugu","status":"publish","type":"product","link":"https:\/\/roveyayinevi.com.tr\/index.php\/urun\/edebiyat-sozlugu\/","title":{"rendered":"Edebiyat S\u00f6zl\u00fc\u011f\u00fc"},"content":{"rendered":"<p>Elinizdeki s\u00f6zl\u00fck, edebiyat\u0131n temel kavramlar\u0131n\u0131 kaps\u0131yor. T\u00fcrk edebiyat\u0131n\u0131n geli\u015fim evrelerini, bu evrelerde ortaya konan \u00fcr\u00fcnlerin t\u00fcrsel ve bi\u00e7imsel \u00f6zelliklerini, bunlar\u0131n dokusunda yer alan s\u00f6z ve anlam sanatlar\u0131n\u0131 ku\u015fat\u0131yor. \u015eiirsel ve anlat\u0131sal t\u00fcrler, d\u00fc\u015f\u00fcnce yaz\u0131lar\u0131, s\u00f6zl\u00fc\u011f\u00fcn konu haritas\u0131nda yer al\u0131yor. Ayr\u0131ca d\u00fc\u015f\u00fcnce ve duygu d\u00fcnyam\u0131zdaki yeni yakla\u015f\u0131mlar\u0131n, yeni a\u00e7\u0131l\u0131mlar\u0131n \u00fcr\u00fcn\u00fc olan edebiyat ak\u0131mlar\u0131, edebiyat kuramlar\u0131, bunlara dayal\u0131 ele\u015ftiri t\u00fcrleri ayr\u0131nt\u0131l\u0131 bir bi\u00e7imde i\u015fleniyor. Dilin kullan\u0131m\u0131na y\u00f6nelik kimi dilbilgisi ve dilbilim terimleri de s\u00f6zl\u00fc\u011f\u00fcn maddeleri aras\u0131nda. <\/p>\n","protected":false},"excerpt":{"rendered":"<p>Elinizdeki s\u00f6zl\u00fck, edebiyat\u0131n temel kavramlar\u0131n\u0131 kaps\u0131yor. T\u00fcrk edebiyat\u0131n\u0131n geli\u015fim evrelerini, bu evrelerde ortaya konan \u00fcr\u00fcnlerin t\u00fcrsel ve bi\u00e7imsel \u00f6zelliklerini, bunlar\u0131n dokusunda yer alan s\u00f6z ve anlam<span class=\"excerpt-hellip\"> [\u2026]<\/span><\/p>\n","protected":false},"featured_media":0,"template":"","meta":{"_monsterinsights_skip_tracking":false,"_monsterinsights_sitenote_active":false,"_monsterinsights_sitenote_note":"","_monsterinsights_sitenote_category":0},"product_brand":[],"product_cat":[12566,13611],"product_tag":[],"class_list":{"0":"post-700375","1":"product","2":"type-product","3":"status-publish","5":"product_cat-egitim","6":"product_cat-sozlukler-ve-konusma-kilavuzlari","7":"pa_tur-kitap","8":"pa_yayinevi-bilgi-yayinevi","9":"pa_yazar-emin-ozdemir","11":"first","12":"instock","13":"sale","14":"shipping-taxable","15":"purchasable","16":"product-type-simple"},"_links":{"self":[{"href":"https:\/\/roveyayinevi.com.tr\/index.php\/wp-json\/wp\/v2\/product\/700375","targetHints":{"allow":["GET"]}}],"collection":[{"href":"https:\/\/roveyayinevi.com.tr\/index.php\/wp-json\/wp\/v2\/product"}],"about":[{"href":"https:\/\/roveyayinevi.com.tr\/index.php\/wp-json\/wp\/v2\/types\/product"}],"wp:attachment":[{"href":"https:\/\/roveyayinevi.com.tr\/index.php\/wp-json\/wp\/v2\/media?parent=700375"}],"wp:term":[{"taxonomy":"product_brand","embeddable":true,"href":"https:\/\/roveyayinevi.com.tr\/index.php\/wp-json\/wp\/v2\/product_brand?post=700375"},{"taxonomy":"product_cat","embeddable":true,"href":"https:\/\/roveyayinevi.com.tr\/index.php\/wp-json\/wp\/v2\/product_cat?post=700375"},{"taxonomy":"product_tag","embeddable":true,"href":"https:\/\/roveyayinevi.com.tr\/index.php\/wp-json\/wp\/v2\/product_tag?post=700375"}],"curies":[{"name":"wp","href":"https:\/\/api.w.org\/{rel}","templated":true}]}}