{"id":700362,"date":"2025-08-27T14:58:15","date_gmt":"2025-08-27T11:58:15","guid":{"rendered":"https:\/\/roveyayinevi.com.tr\/index.php\/urun\/davud-kayseride-varlik-bilgi-ve-insan\/"},"modified":"2026-04-16T02:09:37","modified_gmt":"2026-04-15T23:09:37","slug":"davud-kayseride-varlik-bilgi-ve-insan","status":"publish","type":"product","link":"https:\/\/roveyayinevi.com.tr\/index.php\/urun\/davud-kayseride-varlik-bilgi-ve-insan\/","title":{"rendered":"Davud Kayseri&#8217;de Varl\u0131k Bilgi ve \u0130nsan"},"content":{"rendered":"<p>Osmanl\u0131 Devleti\u2019nin ilk m\u00fcderrisi\u2026Ekber\u00ee ekol\u00fcn \u00f6nemli temsilcilerinden\u2026D\u00een\u00ee ve akl\u00ee ilimlerin \u00f6nemli kilometre ta\u015flar\u0131ndan\u2026Sade Osmanl\u0131\u2019da de\u011fil, pek \u00e7ok k\u00fclt\u00fcrde de derin etkiye sahip\u2026\u0130bn\u00fc\u2019l-Arab\u00ee\u2019yi anlamak i\u00e7in ba\u015fvurulacak en \u00f6nemli isimlerden\u2026\u201cD\u00e2v\u00fbd Kayser\u00ee\u2019de Varl\u0131k, Bilgi ve \u0130nsan\u201d ba\u015fl\u0131kl\u0131 bu \u00e7al\u0131\u015fma; hayat\u0131n\u0131 yeni bilgilerle tekrar yaz\u0131p,kapsay\u0131c\u0131 bir y\u00f6ntemle b\u00fct\u00fcn eserlerini inceleyerek Kayser\u00ee\u2019nin tasavvuf\u00ee d\u00fc\u015f\u00fcncesini akademik metodolojiyle tahlil ediyor.D\u00e2v\u00fbd Kayser\u00ee\u2019nin ilm-i il\u00e2h\u00eenin temel meseleleri hakk\u0131ndaki fikirlerini tespit etmek ve onun \u00f6zelde s\u00fbf\u00ee d\u00fc\u015f\u00fcncesine, genelde de Osmanl\u0131 ilim hayat\u0131na nas\u0131l bir katk\u0131da bulundu\u011funu ortaya koymak \u00e7al\u0131\u015fman\u0131n temel maksad\u0131. Bu y\u00fczden her b\u00f6l\u00fcm, Kayser\u00ee\u2019ye ait temel bir fikir \u00fczerine kurulmu\u015f.Bu \u00e7al\u0131\u015fma; D\u00e2v\u00fbd Kayser\u00ee\u2019nin, \u0130bn\u00fc\u2019l-Arab\u00ee\u2019yi anlamak i\u00e7in bir k\u0131lavuz olmas\u0131n\u0131n yan\u0131ndabu \u00f6nemli ilim adam\u0131n\u0131n d\u00fc\u015f\u00fcnce d\u00fcnyas\u0131yla tan\u0131\u015fmay\u0131 murat edenler i\u00e7in doyurucu bir muhteva v\u00e2dediyor.Sema \u00d6zdemir Kimdir?1979\u2019da Bilecik\u2019te do\u011fdu. \u0130lk ve orta\u00f6\u011frenimini Bilecik \u0130mam Hatip Lisesi\u2019nde tamamlad\u0131ktan sonra, 1996\u2019da Dokuz Eylul \u00dcniversitesi \u0130lahiyat Fak\u00fcltesi\u2019nde lisans e\u011fitimine ba\u015flad\u0131. Uluda\u011f \u00dcniversitesi Sosyal Bilimler Enstit\u00fcs\u00fc Temel \u0130slam Bilimleri Tasavvuf Anabilim Dal\u0131\u2019nda, Prof. Dr. S\u00fcleyman Uluda\u011f dan\u0131\u015fmanl\u0131\u011f\u0131nda yazd\u0131\u011f\u0131 \u201cTasavvuf K\u00fclt\u00fcr\u00fcnde Peygamberler\u201d adl\u0131 teziyle y\u00fcksek lisans\u0131n\u0131 tamamlad\u0131. Ard\u0131ndan Marmara \u00dcniversitesi\u2019nde ayn\u0131 b\u00f6l\u00fcmde doktoraya ba\u015flayarak Prof. Dr. Mustafa Tahral\u0131 dan\u0131\u015fmanl\u0131\u011f\u0131nda \u201cD\u00e2vud Kayser\u00ee\u2019de Varl\u0131k, Bilgi ve \u0130nsan\u201d ba\u015fl\u0131kl\u0131 doktora tezini haz\u0131rlayan Sema \u00d6zdemir, 2012 senesinde \u00c7anakkale Onsekiz Mart \u00dcniversitesi \u0130lahiyat Fak\u00fcltesi Temel \u0130slam Bilimleri Tasavvuf Anabilim Dal\u0131\u2019na Yrd. Doc. Dr. olarak atand\u0131. Halen ayn\u0131 \u00fcniversitede g\u00f6revine devam etmektedir. <\/p>\n","protected":false},"excerpt":{"rendered":"<p>Osmanl\u0131 Devleti\u2019nin ilk m\u00fcderrisi\u2026Ekber\u00ee ekol\u00fcn \u00f6nemli temsilcilerinden\u2026D\u00een\u00ee ve akl\u00ee ilimlerin \u00f6nemli kilometre ta\u015flar\u0131ndan\u2026Sade Osmanl\u0131\u2019da de\u011fil, pek \u00e7ok k\u00fclt\u00fcrde de derin etkiye sahip\u2026\u0130bn\u00fc\u2019l-Arab\u00ee\u2019yi anlamak i\u00e7in ba\u015fvurulacak en<span class=\"excerpt-hellip\"> [\u2026]<\/span><\/p>\n","protected":false},"featured_media":0,"template":"","meta":{"_monsterinsights_skip_tracking":false,"_monsterinsights_sitenote_active":false,"_monsterinsights_sitenote_note":"","_monsterinsights_sitenote_category":0},"product_brand":[],"product_cat":[12718,12719,13025],"product_tag":[],"class_list":{"0":"post-700362","1":"product","2":"type-product","3":"status-publish","5":"product_cat-din","6":"product_cat-islam","7":"product_cat-islam-ve-gunumuz-islam-dusuncesi","8":"pa_tur-kitap","9":"pa_yayinevi-nefes-yayincilik","10":"pa_yazar-sema-ozdemir","12":"first","13":"instock","14":"sale","15":"shipping-taxable","16":"purchasable","17":"product-type-simple"},"_links":{"self":[{"href":"https:\/\/roveyayinevi.com.tr\/index.php\/wp-json\/wp\/v2\/product\/700362","targetHints":{"allow":["GET"]}}],"collection":[{"href":"https:\/\/roveyayinevi.com.tr\/index.php\/wp-json\/wp\/v2\/product"}],"about":[{"href":"https:\/\/roveyayinevi.com.tr\/index.php\/wp-json\/wp\/v2\/types\/product"}],"wp:attachment":[{"href":"https:\/\/roveyayinevi.com.tr\/index.php\/wp-json\/wp\/v2\/media?parent=700362"}],"wp:term":[{"taxonomy":"product_brand","embeddable":true,"href":"https:\/\/roveyayinevi.com.tr\/index.php\/wp-json\/wp\/v2\/product_brand?post=700362"},{"taxonomy":"product_cat","embeddable":true,"href":"https:\/\/roveyayinevi.com.tr\/index.php\/wp-json\/wp\/v2\/product_cat?post=700362"},{"taxonomy":"product_tag","embeddable":true,"href":"https:\/\/roveyayinevi.com.tr\/index.php\/wp-json\/wp\/v2\/product_tag?post=700362"}],"curies":[{"name":"wp","href":"https:\/\/api.w.org\/{rel}","templated":true}]}}