{"id":700336,"date":"2025-08-27T14:58:07","date_gmt":"2025-08-27T11:58:07","guid":{"rendered":"https:\/\/roveyayinevi.com.tr\/index.php\/urun\/guclu-eczane-yonetimi\/"},"modified":"2025-10-08T10:47:44","modified_gmt":"2025-10-08T07:47:44","slug":"guclu-eczane-yonetimi","status":"publish","type":"product","link":"https:\/\/roveyayinevi.com.tr\/index.php\/urun\/guclu-eczane-yonetimi\/","title":{"rendered":"G\u00fc\u00e7l\u00fc Eczane Y\u00f6netimi"},"content":{"rendered":"<p>Eczac\u0131l\u0131k yaln\u0131z meslektir, birka\u00e7 \u00e7al\u0131\u015fan\u0131n\u0131z ile \u00f6zel mekan\u0131n\u0131za g\u00f6m\u00fcld\u00fc\u011f\u00fcn\u00fcz&#8230; Kim nerede nas\u0131l mesle\u011fini y\u00fcr\u00fct\u00fcyor \u00e7o\u011fu kez bihaberizdir. Bu kitap yol boyunca ya\u015fad\u0131\u011f\u0131m\u0131z sorunlara &#8220;yaln\u0131z de\u011filmi\u015fim&#8221; empatisiyle bak\u0131\u015f a\u00e7\u0131s\u0131 getirmi\u015f, de\u011fi\u015fime giden yolda eczac\u0131ya bir ayna tutmu\u015f ve yolunu ayd\u0131nlatm\u0131\u015ft\u0131r. Ekip liderli\u011finden, tanzim te\u015fhire; stok kontrol\u00fcnden, markala\u015fmaya dek giden hedeflerimizde bize ipu\u00e7lar\u0131 vermektedir. Ana hatlar\u0131yla temel konular\u0131m\u0131za de\u011finmi\u015f, eczac\u0131lara inovasyon yarat\u0131rken ba\u015fucu kitab\u0131 olmay\u0131 hak etmi\u015f bir kitapt\u0131r.Bir solukta okurken kaybetti\u011fim i\u00e7in hem evime hem eczaneme birer tane edindi\u011fim bu kitaba; kar\u015f\u0131la\u015ft\u0131\u011f\u0131m konulara g\u00f6re evde ya da i\u015fyerimde d\u00f6ne d\u00f6ne bakmay\u0131 haz ediyorum. Okunas\u0131 bir kitap, Faruk Nalbanto\u011flu&#8217;nun beynine, eme\u011fine ve kalemine sa\u011fl\u0131k&#8230;- Eczac\u0131 Durukan Avc\u0131 &#8211; Ya\u015fam Eczanesi \/ AntalyaHer eczac\u0131n\u0131n sadece kitapl\u0131\u011f\u0131nda de\u011fil \u00e7al\u0131\u015fma masas\u0131nda da durmas\u0131 gereken bir kitap&#8230;-Uzman Eczac\u0131 Sinem G\u00fcng\u00f6r &#8211; Bu Devirde Eczac\u0131l\u0131k kitab\u0131 yazar\u0131Tam eczanemi daha g\u00fc\u00e7l\u00fc nas\u0131l y\u00f6netirim, ekibimi nas\u0131l daha iyi yeti\u015ftirebilirim, hastalar\u0131ma nas\u0131l daha iyi hizmet sunar\u0131m derken kar\u015f\u0131ma \u00e7\u0131kan kitap G\u00fc\u00e7l\u00fc Eczane Y\u00f6netimi oldu. Okuduk\u00e7a eksikliklerimi \u00f6\u011frendim, hatalar\u0131m\u0131 g\u00f6rd\u00fcm. T\u00fcm meslekta\u015flar\u0131m\u0131n faydalanacaklar\u0131na inand\u0131\u011f\u0131m bir kitap.- Eczac\u0131 Mutlu Ay Uyan\u0131k &#8211; Mutlu Eczanesi \/ Eski\u015fehir <\/p>\n","protected":false},"excerpt":{"rendered":"<p>Eczac\u0131l\u0131k yaln\u0131z meslektir, birka\u00e7 \u00e7al\u0131\u015fan\u0131n\u0131z ile \u00f6zel mekan\u0131n\u0131za g\u00f6m\u00fcld\u00fc\u011f\u00fcn\u00fcz&#8230; Kim nerede nas\u0131l mesle\u011fini y\u00fcr\u00fct\u00fcyor \u00e7o\u011fu kez bihaberizdir. Bu kitap yol boyunca ya\u015fad\u0131\u011f\u0131m\u0131z sorunlara &#8220;yaln\u0131z de\u011filmi\u015fim&#8221; empatisiyle<span class=\"excerpt-hellip\"> [\u2026]<\/span><\/p>\n","protected":false},"featured_media":0,"template":"","meta":{"_monsterinsights_skip_tracking":false,"_monsterinsights_sitenote_active":false,"_monsterinsights_sitenote_note":"","_monsterinsights_sitenote_category":0},"product_brand":[],"product_cat":[13043,17492],"product_tag":[],"class_list":{"0":"post-700336","1":"product","2":"type-product","3":"status-publish","5":"product_cat-ekonomi","6":"product_cat-pazarlama-satis-reklam","7":"pa_cilt-ciltsiz","8":"pa_tur-kitap","9":"pa_yayinevi-arti-farma","10":"pa_yazar-faruk-nalbantoglu","12":"first","13":"instock","14":"sale","15":"shipping-taxable","16":"purchasable","17":"product-type-simple"},"_links":{"self":[{"href":"https:\/\/roveyayinevi.com.tr\/index.php\/wp-json\/wp\/v2\/product\/700336","targetHints":{"allow":["GET"]}}],"collection":[{"href":"https:\/\/roveyayinevi.com.tr\/index.php\/wp-json\/wp\/v2\/product"}],"about":[{"href":"https:\/\/roveyayinevi.com.tr\/index.php\/wp-json\/wp\/v2\/types\/product"}],"wp:attachment":[{"href":"https:\/\/roveyayinevi.com.tr\/index.php\/wp-json\/wp\/v2\/media?parent=700336"}],"wp:term":[{"taxonomy":"product_brand","embeddable":true,"href":"https:\/\/roveyayinevi.com.tr\/index.php\/wp-json\/wp\/v2\/product_brand?post=700336"},{"taxonomy":"product_cat","embeddable":true,"href":"https:\/\/roveyayinevi.com.tr\/index.php\/wp-json\/wp\/v2\/product_cat?post=700336"},{"taxonomy":"product_tag","embeddable":true,"href":"https:\/\/roveyayinevi.com.tr\/index.php\/wp-json\/wp\/v2\/product_tag?post=700336"}],"curies":[{"name":"wp","href":"https:\/\/api.w.org\/{rel}","templated":true}]}}