{"id":700328,"date":"2025-08-27T14:58:05","date_gmt":"2025-08-27T11:58:05","guid":{"rendered":"https:\/\/roveyayinevi.com.tr\/index.php\/urun\/sinema-akimlari\/"},"modified":"2026-02-03T02:15:48","modified_gmt":"2026-02-02T23:15:48","slug":"sinema-akimlari","status":"publish","type":"product","link":"https:\/\/roveyayinevi.com.tr\/index.php\/urun\/sinema-akimlari\/","title":{"rendered":"Sinema Ak\u0131mlar\u0131"},"content":{"rendered":"<p>Film \u00e7ekmek ahlaki bir meseledir -Jean-Luc Godard- Sinemaya gitmemizin nedenlerinden biri de hayat\u0131m\u0131za \u015fiirsellik, e\u011flence ve a\u015fk\u0131nl\u0131k katmak istememizdir. -Jim Kitses- Tarih her ge\u00e7en g\u00fcn biraz daha sinematografik bir surete b\u00fcr\u00fcn\u00fcyor -Andre Bazin- Ben film \u00e7ekmiyorum. Sadece g\u00f6r\u00fcnt\u00fclerini bilin\u00e7li bir \u015fekilde s\u0131ral\u0131yorum. -Jean-Luc Godard- <\/p>\n","protected":false},"excerpt":{"rendered":"<p>Film \u00e7ekmek ahlaki bir meseledir -Jean-Luc Godard- Sinemaya gitmemizin nedenlerinden biri de hayat\u0131m\u0131za \u015fiirsellik, e\u011flence ve a\u015fk\u0131nl\u0131k katmak istememizdir. -Jim Kitses- Tarih her ge\u00e7en g\u00fcn biraz<span class=\"excerpt-hellip\"> [\u2026]<\/span><\/p>\n","protected":false},"featured_media":0,"template":"","meta":{"_monsterinsights_skip_tracking":false,"_monsterinsights_sitenote_active":false,"_monsterinsights_sitenote_note":"","_monsterinsights_sitenote_category":0},"product_brand":[],"product_cat":[12409,12408],"product_tag":[],"class_list":{"0":"post-700328","1":"product","2":"type-product","3":"status-publish","5":"product_cat-fotograf-sinema-tiyatro","6":"product_cat-sanat","7":"pa_tur-kitap","8":"pa_yayinevi-kalkedon-yayincilik","9":"pa_yazar-james-clarke","11":"first","12":"instock","13":"sale","14":"shipping-taxable","15":"purchasable","16":"product-type-simple"},"_links":{"self":[{"href":"https:\/\/roveyayinevi.com.tr\/index.php\/wp-json\/wp\/v2\/product\/700328","targetHints":{"allow":["GET"]}}],"collection":[{"href":"https:\/\/roveyayinevi.com.tr\/index.php\/wp-json\/wp\/v2\/product"}],"about":[{"href":"https:\/\/roveyayinevi.com.tr\/index.php\/wp-json\/wp\/v2\/types\/product"}],"wp:attachment":[{"href":"https:\/\/roveyayinevi.com.tr\/index.php\/wp-json\/wp\/v2\/media?parent=700328"}],"wp:term":[{"taxonomy":"product_brand","embeddable":true,"href":"https:\/\/roveyayinevi.com.tr\/index.php\/wp-json\/wp\/v2\/product_brand?post=700328"},{"taxonomy":"product_cat","embeddable":true,"href":"https:\/\/roveyayinevi.com.tr\/index.php\/wp-json\/wp\/v2\/product_cat?post=700328"},{"taxonomy":"product_tag","embeddable":true,"href":"https:\/\/roveyayinevi.com.tr\/index.php\/wp-json\/wp\/v2\/product_tag?post=700328"}],"curies":[{"name":"wp","href":"https:\/\/api.w.org\/{rel}","templated":true}]}}