{"id":700316,"date":"2025-08-27T14:58:02","date_gmt":"2025-08-27T11:58:02","guid":{"rendered":"https:\/\/roveyayinevi.com.tr\/index.php\/urun\/kuramdan-uygulamaya-bireyle-psikolojik-danisma\/"},"modified":"2026-04-16T02:09:36","modified_gmt":"2026-04-15T23:09:36","slug":"kuramdan-uygulamaya-bireyle-psikolojik-danisma","status":"publish","type":"product","link":"https:\/\/roveyayinevi.com.tr\/index.php\/urun\/kuramdan-uygulamaya-bireyle-psikolojik-danisma\/","title":{"rendered":"Kuramdan Uygulamaya Bireyle Psikolojik Dan\u0131\u015fma"},"content":{"rendered":"<p>Bireylerin ruh sa\u011fl\u0131\u011f\u0131n\u0131 destekleyen en \u00f6nemli alanlardan bir tanesi psikolojikdan\u0131\u015fma ve rehberlik alan\u0131d\u0131r. Gerek bireyle gerekse grupla psikolojik dan\u0131\u015fmahizmetleriyle bireylerin ruh sa\u011fl\u0131klar\u0131na olumlu katk\u0131lar sunulmaktad\u0131r. Bu s\u00fcre\u00e7tepsikolojik dan\u0131\u015fmanlar\u0131n, psikolojik dan\u0131\u015fma hizmetini hem teorik hem deuygulama a\u00e7\u0131s\u0131ndan bilmelerine ihtiya\u00e7lar\u0131 vard\u0131r. Psikolojik dan\u0131\u015fma ve rehberlikalan\u0131 T\u00fcrkiye&#8217;de geli\u015fimini g\u00f6sterirken \u00e7ok say\u0131da psikolojik dan\u0131\u015fman aday\u0131 da bualanda e\u011fitim g\u00f6rmektedir. Bu s\u00fcre\u00e7te psikolojik dan\u0131\u015fman adaylar\u0131 i\u00e7in, psikolojikdan\u0131\u015fma uygulamalar\u0131na \u0131\u015f\u0131k tutacak kaynaklara ihtiya\u00e7 vard\u0131r. Bu noktada konualan\u0131yla ilgili ortaya konan kitaplara bak\u0131ld\u0131\u011f\u0131nda, daha \u00e7ok \u00e7eviri kitaplarla s\u00fcreciny\u00f6netildi\u011fi g\u00f6r\u00fclmektedir. Oysaki T\u00fcrkiye&#8217;deki \u00fcniversitelerinde \u00f6\u011frenim g\u00f6ren\u00f6\u011frencilerin yerel kaynaklara da ihtiya\u00e7lar\u0131 vard\u0131r. Ayr\u0131ca psikolojik dan\u0131\u015fmanadaylar\u0131n\u0131n geli\u015fim d\u00fczeylerine uygun ve geli\u015fimlerini destekleyecek kaynaklaragereksinim duyulmaktad\u0131r. Bu kitap bu noktada yer alan \u00f6nemli bir eksikli\u011figidermek amac\u0131yla yaz\u0131lm\u0131\u015ft\u0131r.<\/p>\n","protected":false},"excerpt":{"rendered":"<p>Bireylerin ruh sa\u011fl\u0131\u011f\u0131n\u0131 destekleyen en \u00f6nemli alanlardan bir tanesi psikolojikdan\u0131\u015fma ve rehberlik alan\u0131d\u0131r. Gerek bireyle gerekse grupla psikolojik dan\u0131\u015fmahizmetleriyle bireylerin ruh sa\u011fl\u0131klar\u0131na olumlu katk\u0131lar sunulmaktad\u0131r. Bu<span class=\"excerpt-hellip\"> [\u2026]<\/span><\/p>\n","protected":false},"featured_media":0,"template":"","meta":{"_monsterinsights_skip_tracking":false,"_monsterinsights_sitenote_active":false,"_monsterinsights_sitenote_note":"","_monsterinsights_sitenote_category":0},"product_brand":[],"product_cat":[12358,12357],"product_tag":[],"class_list":{"0":"post-700316","1":"product","2":"type-product","3":"status-publish","5":"product_cat-genel-psikoloji","6":"product_cat-psikoloji","7":"pa_cilt-ciltsiz","8":"pa_tur-kitap","9":"pa_yayinevi-ani-yayincilik","10":"pa_yazar-ali-eryilmaz","12":"first","13":"instock","14":"sale","15":"shipping-taxable","16":"purchasable","17":"product-type-simple"},"_links":{"self":[{"href":"https:\/\/roveyayinevi.com.tr\/index.php\/wp-json\/wp\/v2\/product\/700316","targetHints":{"allow":["GET"]}}],"collection":[{"href":"https:\/\/roveyayinevi.com.tr\/index.php\/wp-json\/wp\/v2\/product"}],"about":[{"href":"https:\/\/roveyayinevi.com.tr\/index.php\/wp-json\/wp\/v2\/types\/product"}],"wp:attachment":[{"href":"https:\/\/roveyayinevi.com.tr\/index.php\/wp-json\/wp\/v2\/media?parent=700316"}],"wp:term":[{"taxonomy":"product_brand","embeddable":true,"href":"https:\/\/roveyayinevi.com.tr\/index.php\/wp-json\/wp\/v2\/product_brand?post=700316"},{"taxonomy":"product_cat","embeddable":true,"href":"https:\/\/roveyayinevi.com.tr\/index.php\/wp-json\/wp\/v2\/product_cat?post=700316"},{"taxonomy":"product_tag","embeddable":true,"href":"https:\/\/roveyayinevi.com.tr\/index.php\/wp-json\/wp\/v2\/product_tag?post=700316"}],"curies":[{"name":"wp","href":"https:\/\/api.w.org\/{rel}","templated":true}]}}