{"id":700289,"date":"2025-08-27T14:57:54","date_gmt":"2025-08-27T11:57:54","guid":{"rendered":"https:\/\/roveyayinevi.com.tr\/index.php\/urun\/icimdeki-muzik\/"},"modified":"2026-04-16T02:09:35","modified_gmt":"2026-04-15T23:09:35","slug":"icimdeki-muzik","status":"publish","type":"product","link":"https:\/\/roveyayinevi.com.tr\/index.php\/urun\/icimdeki-muzik\/","title":{"rendered":"\u0130\u00e7imdeki M\u00fczik"},"content":{"rendered":"<p>\u015eimdiye kadar tek kelime konu\u015fmad\u0131m. Neredeyse on bir ya\u015f\u0131nday\u0131m. \u0130ngiltere&#8217;nin sayg\u0131n edebiyat \u00f6d\u00fcllerinden Coratta Scott King \u00f6d\u00fcll\u00fc yazar Sharon M. Draper&#8217;dan h\u00fcz\u00fcn ve umut dolu soluksuz okunacak bir roman. Ger\u00e7ek bir ya\u015fam \u00f6yk\u00fcs\u00fcnden ilham al\u0131narak kaleme al\u0131nm\u0131\u015f. 11 ya\u015f\u0131ndaki Melody&#8217;nin hastal\u0131\u011f\u0131n\u0131n ad\u0131 Spastik ikili kuadripleji yani beyin felci. Y\u00fcr\u00fcyemiyor, konu\u015fam\u0131yor, tekerlekli sandalyeye mahkum. Hi\u00e7bir uzvuna komut veremeyen bu k\u00fc\u00e7\u00fck k\u0131z\u0131n beyni ise m\u00fckemmel i\u015fliyor. Hik\u00e2ye Melody&#8217;nin \u00f6\u011fretmenlerine, arkada\u015flar\u0131na, kom\u015fular\u0131na k\u0131saca d\u0131\u015f d\u00fcnyaya kendini kan\u0131tlama \u00e7abas\u0131n\u0131 anlat\u0131yor. \u0130ncelikli, naif, ak\u0131c\u0131, komik ve ilham verici bir eser. Sesini asla unutamayaca\u011f\u0131n\u0131z bu cesur k\u0131zla tan\u0131\u015fmaya haz\u0131r m\u0131s\u0131n\u0131z? <\/p>\n","protected":false},"excerpt":{"rendered":"<p>\u015eimdiye kadar tek kelime konu\u015fmad\u0131m. Neredeyse on bir ya\u015f\u0131nday\u0131m. \u0130ngiltere&#8217;nin sayg\u0131n edebiyat \u00f6d\u00fcllerinden Coratta Scott King \u00f6d\u00fcll\u00fc yazar Sharon M. Draper&#8217;dan h\u00fcz\u00fcn ve umut dolu soluksuz<span class=\"excerpt-hellip\"> [\u2026]<\/span><\/p>\n","protected":false},"featured_media":0,"template":"","meta":{"_monsterinsights_skip_tracking":false,"_monsterinsights_sitenote_active":false,"_monsterinsights_sitenote_note":"","_monsterinsights_sitenote_category":0},"product_brand":[],"product_cat":[12291,12711],"product_tag":[],"class_list":{"0":"post-700289","1":"product","2":"type-product","3":"status-publish","5":"product_cat-edebiyat","6":"product_cat-roman-oyku","7":"pa_cilt-ciltsiz","8":"pa_tur-kitap","9":"pa_yayinevi-genc-timas","10":"pa_yazar-sharon-m-draper","12":"first","13":"instock","14":"sale","15":"shipping-taxable","16":"purchasable","17":"product-type-simple"},"_links":{"self":[{"href":"https:\/\/roveyayinevi.com.tr\/index.php\/wp-json\/wp\/v2\/product\/700289","targetHints":{"allow":["GET"]}}],"collection":[{"href":"https:\/\/roveyayinevi.com.tr\/index.php\/wp-json\/wp\/v2\/product"}],"about":[{"href":"https:\/\/roveyayinevi.com.tr\/index.php\/wp-json\/wp\/v2\/types\/product"}],"wp:attachment":[{"href":"https:\/\/roveyayinevi.com.tr\/index.php\/wp-json\/wp\/v2\/media?parent=700289"}],"wp:term":[{"taxonomy":"product_brand","embeddable":true,"href":"https:\/\/roveyayinevi.com.tr\/index.php\/wp-json\/wp\/v2\/product_brand?post=700289"},{"taxonomy":"product_cat","embeddable":true,"href":"https:\/\/roveyayinevi.com.tr\/index.php\/wp-json\/wp\/v2\/product_cat?post=700289"},{"taxonomy":"product_tag","embeddable":true,"href":"https:\/\/roveyayinevi.com.tr\/index.php\/wp-json\/wp\/v2\/product_tag?post=700289"}],"curies":[{"name":"wp","href":"https:\/\/api.w.org\/{rel}","templated":true}]}}