{"id":700269,"date":"2025-08-27T14:57:48","date_gmt":"2025-08-27T11:57:48","guid":{"rendered":"https:\/\/roveyayinevi.com.tr\/index.php\/urun\/kaldirim-taslarinin-altinda-kumsal-var\/"},"modified":"2026-04-16T02:09:35","modified_gmt":"2026-04-15T23:09:35","slug":"kaldirim-taslarinin-altinda-kumsal-var","status":"publish","type":"product","link":"https:\/\/roveyayinevi.com.tr\/index.php\/urun\/kaldirim-taslarinin-altinda-kumsal-var\/","title":{"rendered":"Kald\u0131r\u0131m Ta\u015flar\u0131n\u0131n Alt\u0131nda Kumsal Var"},"content":{"rendered":"<p>\u0130syan\u0131n \u015fifrelerini ararken anayollardan sap\u0131p arka sokaklarda dolanman\u0131n vakti geldi. \u00dclkemizde hen\u00fcz pek fazla tart\u0131\u015fmaya konu olmayan Sit\u00fcasyonizm t\u00fcm d\u00fcnyada giderek \u015fiddetlenen kent m\u00fccadelesinin, burjuva k\u00fclt\u00fcr ve d\u00fczeninde \u00e7atlaklar yaratma aray\u0131\u015f\u0131n\u0131n \u00f6nemli besin kaynaklar\u0131ndan biri. <\/p>\n","protected":false},"excerpt":{"rendered":"<p>\u0130syan\u0131n \u015fifrelerini ararken anayollardan sap\u0131p arka sokaklarda dolanman\u0131n vakti geldi. \u00dclkemizde hen\u00fcz pek fazla tart\u0131\u015fmaya konu olmayan Sit\u00fcasyonizm t\u00fcm d\u00fcnyada giderek \u015fiddetlenen kent m\u00fccadelesinin, burjuva k\u00fclt\u00fcr<span class=\"excerpt-hellip\"> [\u2026]<\/span><\/p>\n","protected":false},"featured_media":0,"template":"","meta":{"_monsterinsights_skip_tracking":false,"_monsterinsights_sitenote_active":false,"_monsterinsights_sitenote_note":"","_monsterinsights_sitenote_category":0},"product_brand":[],"product_cat":[12408,14197],"product_tag":[],"class_list":{"0":"post-700269","1":"product","2":"type-product","3":"status-publish","5":"product_cat-sanat","6":"product_cat-sanat-tarihi","7":"pa_tur-kitap","8":"pa_yayinevi-sel-yayincilik","9":"pa_yazar-mckenzie-wark","11":"first","12":"instock","13":"sale","14":"shipping-taxable","15":"purchasable","16":"product-type-simple"},"_links":{"self":[{"href":"https:\/\/roveyayinevi.com.tr\/index.php\/wp-json\/wp\/v2\/product\/700269","targetHints":{"allow":["GET"]}}],"collection":[{"href":"https:\/\/roveyayinevi.com.tr\/index.php\/wp-json\/wp\/v2\/product"}],"about":[{"href":"https:\/\/roveyayinevi.com.tr\/index.php\/wp-json\/wp\/v2\/types\/product"}],"wp:attachment":[{"href":"https:\/\/roveyayinevi.com.tr\/index.php\/wp-json\/wp\/v2\/media?parent=700269"}],"wp:term":[{"taxonomy":"product_brand","embeddable":true,"href":"https:\/\/roveyayinevi.com.tr\/index.php\/wp-json\/wp\/v2\/product_brand?post=700269"},{"taxonomy":"product_cat","embeddable":true,"href":"https:\/\/roveyayinevi.com.tr\/index.php\/wp-json\/wp\/v2\/product_cat?post=700269"},{"taxonomy":"product_tag","embeddable":true,"href":"https:\/\/roveyayinevi.com.tr\/index.php\/wp-json\/wp\/v2\/product_tag?post=700269"}],"curies":[{"name":"wp","href":"https:\/\/api.w.org\/{rel}","templated":true}]}}