{"id":700254,"date":"2025-08-27T14:57:44","date_gmt":"2025-08-27T11:57:44","guid":{"rendered":"https:\/\/roveyayinevi.com.tr\/index.php\/urun\/dunya-tarihi-2-cilt-ortacag\/"},"modified":"2026-04-13T02:11:50","modified_gmt":"2026-04-12T23:11:50","slug":"dunya-tarihi-2-cilt-ortacag","status":"publish","type":"product","link":"https:\/\/roveyayinevi.com.tr\/index.php\/urun\/dunya-tarihi-2-cilt-ortacag\/","title":{"rendered":"D\u00fcnya Tarihi 2. Cilt &#8211; Orta\u00e7a\u011f"},"content":{"rendered":"<p>D\u00fcnya Tarihi adl\u0131 d\u00f6rt ciltlik eserin bu ikinci cildinde, Roma \u0130mparatorlu\u011fu\u2019nun \u00e7\u00f6k\u00fc\u015f\u00fcnden R\u00f6nesans\u2019a dek olan zaman dilimi ele al\u0131n\u0131yor. \u0130slamiyet\u2019in do\u011fu\u015fu, Mo\u011fol istilalar\u0131, Viking istilalar\u0131, Ha\u00e7l\u0131 Seferleri, Amerika k\u0131tas\u0131n\u0131n ke\u015ffedilmesi, \u0130spanyollar\u2019\u0131n \u0130nka ve Aztek uygarl\u0131klar\u0131n\u0131 y\u0131kmas\u0131, Protestan Reformu, 100 Y\u0131l Sava\u015flar\u0131, \u0130stanbul\u2019un fethi, matbaan\u0131n icad\u0131 ve Kopernik Devrimi gibi \u00f6nemli askeri, siyasi, k\u00fclt\u00fcrel ve bilimsel olaylar \u00f6yk\u00fcle\u015ftirilip, renklendirilerek anlat\u0131l\u0131yor. \ufffcTan\u0131t\u0131m Metni<\/p>\n","protected":false},"excerpt":{"rendered":"<p>D\u00fcnya Tarihi adl\u0131 d\u00f6rt ciltlik eserin bu ikinci cildinde, Roma \u0130mparatorlu\u011fu\u2019nun \u00e7\u00f6k\u00fc\u015f\u00fcnden R\u00f6nesans\u2019a dek olan zaman dilimi ele al\u0131n\u0131yor. \u0130slamiyet\u2019in do\u011fu\u015fu, Mo\u011fol istilalar\u0131, Viking istilalar\u0131, Ha\u00e7l\u0131<span class=\"excerpt-hellip\"> [\u2026]<\/span><\/p>\n","protected":false},"featured_media":0,"template":"","meta":{"_monsterinsights_skip_tracking":false,"_monsterinsights_sitenote_active":false,"_monsterinsights_sitenote_note":"","_monsterinsights_sitenote_category":0},"product_brand":[],"product_cat":[12305,12304],"product_tag":[],"class_list":{"0":"post-700254","1":"product","2":"type-product","3":"status-publish","5":"product_cat-dunya-tarihi","6":"product_cat-tarih","7":"pa_cilt-ciltsiz","8":"pa_tur-kitap","9":"pa_yayinevi-say-yayinlari","10":"pa_yazar-susan-wise-bauer","12":"first","13":"instock","14":"sale","15":"shipping-taxable","16":"purchasable","17":"product-type-simple"},"_links":{"self":[{"href":"https:\/\/roveyayinevi.com.tr\/index.php\/wp-json\/wp\/v2\/product\/700254","targetHints":{"allow":["GET"]}}],"collection":[{"href":"https:\/\/roveyayinevi.com.tr\/index.php\/wp-json\/wp\/v2\/product"}],"about":[{"href":"https:\/\/roveyayinevi.com.tr\/index.php\/wp-json\/wp\/v2\/types\/product"}],"wp:attachment":[{"href":"https:\/\/roveyayinevi.com.tr\/index.php\/wp-json\/wp\/v2\/media?parent=700254"}],"wp:term":[{"taxonomy":"product_brand","embeddable":true,"href":"https:\/\/roveyayinevi.com.tr\/index.php\/wp-json\/wp\/v2\/product_brand?post=700254"},{"taxonomy":"product_cat","embeddable":true,"href":"https:\/\/roveyayinevi.com.tr\/index.php\/wp-json\/wp\/v2\/product_cat?post=700254"},{"taxonomy":"product_tag","embeddable":true,"href":"https:\/\/roveyayinevi.com.tr\/index.php\/wp-json\/wp\/v2\/product_tag?post=700254"}],"curies":[{"name":"wp","href":"https:\/\/api.w.org\/{rel}","templated":true}]}}