{"id":700235,"date":"2025-08-27T14:56:39","date_gmt":"2025-08-27T11:56:39","guid":{"rendered":"https:\/\/roveyayinevi.com.tr\/index.php\/urun\/buyuk-yonetmenlerin-gizli-hayatlari\/"},"modified":"2026-04-16T02:09:34","modified_gmt":"2026-04-15T23:09:34","slug":"buyuk-yonetmenlerin-gizli-hayatlari","status":"publish","type":"product","link":"https:\/\/roveyayinevi.com.tr\/index.php\/urun\/buyuk-yonetmenlerin-gizli-hayatlari\/","title":{"rendered":"B\u00fcy\u00fck Y\u00f6netmenlerin Gizli Hayatlar\u0131"},"content":{"rendered":"<p>&#8220;Yumurtalardan korkuyorum\u2026O hi\u00e7bir deli\u011fi olmayan, yuvarlak beyaz \u015feyler\u2026&#8221;  -Alfred Hitchcock-Tamam, yarat\u0131c\u0131l\u0131kta s\u0131n\u0131r tan\u0131mayan bu \u015fahsiyetlerin sizin bizim gibi hayatlar\u0131 olmas\u0131n\u0131 zaten beklemiyorduk. Ama Francis Ford Coppola hangi akla hizmet 3D pornografik film \u00e7ekmi\u015f olabilir ki? Ya da Chaplin neden haftalarca banyo yapmay\u0131 reddeder? Stanley Kubrick uzayl\u0131 paranoyas\u0131n\u0131 bir sigorta poli\u00e7esiyle ta\u00e7land\u0131rd\u0131 m\u0131? Woody Allen gibi hen\u00fcz be\u015fikteyken depresyona girmek, Ingmar Bergman gibi evini iki ruhla payla\u015ft\u0131\u011f\u0131n\u0131 d\u00fc\u015f\u00fcnmek, Martin Scorsese gibi ay\u0131n on birinci g\u00fcnlerinde u\u00e7a\u011fa binmemek ya da Kurosawa gibi setin ortas\u0131nda &#8220;t\u00fckenmi\u015flik sendromuna&#8221; yakalanmak bu mesle\u011fin par\u00e7as\u0131 m\u0131? Ve siz bir kitab\u0131 okurken ka\u00e7 kez &#8220;Yok art\u0131k, bu kadar da de\u011fil!&#8221; diyebilirsiniz?  B\u00fcy\u00fck Y\u00f6netmenlerin Gizli Hayatlar\u0131, Luis Bu\u00f1uel&#8217;den Quentin Tarantino&#8217;ya, sineman\u0131n y\u00f6n\u00fcn\u00fc de\u011fi\u015ftirmi\u015f d\u00e2hilerin s\u0131rad\u0131\u015f\u0131 hayatlar\u0131n\u0131, garip set rit\u00fcellerini, ilgin\u00e7 ki\u015filik \u00f6zelliklerini, tuhaf al\u0131\u015fkanl\u0131klar\u0131n\u0131 ve patolojik zaaflar\u0131n\u0131, t\u00fcm \u00e7arp\u0131c\u0131l\u0131\u011f\u0131yla -ve sans\u00fcrs\u00fcz- ortaya koyuyor.I\u015f\u0131klar s\u00f6ns\u00fcn! Film ba\u015flas\u0131n! <\/p>\n","protected":false},"excerpt":{"rendered":"<p>&#8220;Yumurtalardan korkuyorum\u2026O hi\u00e7bir deli\u011fi olmayan, yuvarlak beyaz \u015feyler\u2026&#8221; -Alfred Hitchcock-Tamam, yarat\u0131c\u0131l\u0131kta s\u0131n\u0131r tan\u0131mayan bu \u015fahsiyetlerin sizin bizim gibi hayatlar\u0131 olmas\u0131n\u0131 zaten beklemiyorduk. Ama Francis Ford Coppola<span class=\"excerpt-hellip\"> [\u2026]<\/span><\/p>\n","protected":false},"featured_media":0,"template":"","meta":{"_monsterinsights_skip_tracking":false,"_monsterinsights_sitenote_active":false,"_monsterinsights_sitenote_note":"","_monsterinsights_sitenote_category":0},"product_brand":[],"product_cat":[15563],"product_tag":[],"class_list":{"0":"post-700235","1":"product","2":"type-product","3":"status-publish","5":"product_cat-hobi","6":"pa_cilt-ciltsiz","7":"pa_tur-kitap","8":"pa_yayinevi-domingo-yayinevi","9":"pa_yazar-robert-schnakenberg","11":"first","12":"instock","13":"sale","14":"shipping-taxable","15":"purchasable","16":"product-type-simple"},"_links":{"self":[{"href":"https:\/\/roveyayinevi.com.tr\/index.php\/wp-json\/wp\/v2\/product\/700235","targetHints":{"allow":["GET"]}}],"collection":[{"href":"https:\/\/roveyayinevi.com.tr\/index.php\/wp-json\/wp\/v2\/product"}],"about":[{"href":"https:\/\/roveyayinevi.com.tr\/index.php\/wp-json\/wp\/v2\/types\/product"}],"wp:attachment":[{"href":"https:\/\/roveyayinevi.com.tr\/index.php\/wp-json\/wp\/v2\/media?parent=700235"}],"wp:term":[{"taxonomy":"product_brand","embeddable":true,"href":"https:\/\/roveyayinevi.com.tr\/index.php\/wp-json\/wp\/v2\/product_brand?post=700235"},{"taxonomy":"product_cat","embeddable":true,"href":"https:\/\/roveyayinevi.com.tr\/index.php\/wp-json\/wp\/v2\/product_cat?post=700235"},{"taxonomy":"product_tag","embeddable":true,"href":"https:\/\/roveyayinevi.com.tr\/index.php\/wp-json\/wp\/v2\/product_tag?post=700235"}],"curies":[{"name":"wp","href":"https:\/\/api.w.org\/{rel}","templated":true}]}}