{"id":700227,"date":"2025-08-27T14:56:37","date_gmt":"2025-08-27T11:56:37","guid":{"rendered":"https:\/\/roveyayinevi.com.tr\/index.php\/urun\/gecmisin-golgeleri\/"},"modified":"2026-04-16T02:09:34","modified_gmt":"2026-04-15T23:09:34","slug":"gecmisin-golgeleri","status":"publish","type":"product","link":"https:\/\/roveyayinevi.com.tr\/index.php\/urun\/gecmisin-golgeleri\/","title":{"rendered":"Ge\u00e7mi\u015fin G\u00f6lgeleri"},"content":{"rendered":"<p>Ya\u015fam\u0131 duygularla deneyimleriz. \u00c7o\u011fumuz, belki de hi\u00e7birimiz sa\u011fl\u0131kl\u0131 ve ideal bir aile ortam\u0131nda b\u00fcy\u00fcmedik. Ama su\u00e7u ge\u00e7mi\u015fimize y\u00fcklemekle geli\u015femeyiz. Ya\u015fam\u0131n i\u00e7indeki olaylara g\u00f6sterdi\u011fimiz tepkilerin sorumlulu\u011funu \u00fcstlenerek de\u011fi\u015fim g\u00fcc\u00fcn\u00fc kendimizde bulabiliriz. Bu da duygular\u0131n dilini ve mesajlar\u0131n\u0131 anlamakla, kendimizi ge\u00e7mi\u015ften \u00f6zg\u00fcr k\u0131lmakla m\u00fcmk\u00fcn.Yanl\u0131\u015f bir hayat ya\u015fad\u0131\u011f\u0131m\u0131z\u0131n fark\u0131na vararak mutsuzlu\u011fumuzun nedenini anlamak hangi kabustan daha k\u00f6t\u00fc olabilir. Her insan\u0131n temel amac\u0131 mutlu olmakt\u0131r. Azize de, fahi\u015fe de, bilge de, katil de mutlu olmak ister. Mutlu olmayan ki\u015fi de ya\u015fama \u00f6fke duyar. Oysa mutlu ya\u015fam\u0131n s\u0131rr\u0131 \u00e7ok basit. \u00c7\u00fcnk\u00fc ortada s\u0131r yok. Yaln\u0131zca bizim g\u00f6rmek istemediklerimiz var.Ge\u00e7mi\u015fin g\u00f6lgelerinde kaybolmak da, ya\u015fam \u0131\u015f\u0131\u011f\u0131n\u0131 yakalamak da bizim elimizde. Yeter ki, i\u00e7sel \u00f6zg\u00fcrl\u00fc\u011fe kavu\u015fmak i\u00e7in duygusal \u00e7\u00f6pl\u00fc\u011f\u00fcm\u00fcz\u00fc temizleme cesareti g\u00f6sterelim.Kaliforniya Transpersonal Hipnoterapi Enstit\u00fcs\u00fc&#8217;nden sertifikal\u0131 klinik hipnoterapist ve N\u00f6ro Linguistik Programlama Birli\u011fi&#8217;nden onayl\u0131 sertifikal\u0131 NLP e\u011fitimcisi olan yazar,1989 y\u0131l\u0131ndan beri, NLP, ileti\u015fim, ili\u015fkiler, \u00f6zsayg\u0131 gibi konularda bireysel ve kurumsal geli\u015fim e\u011fitimleri vermektedir. Ayr\u0131ca sertifikal\u0131 B\u00fct\u00fcnsel Kinesiyoloji e\u011fitimcisi yeti\u015ftirmektedir. Yaynnlanm\u0131\u015f \u00e7ok say\u0131da kitab\u0131n\u0131n ve \u00e7evirisinin yan\u0131 s\u0131ra bireysel geli\u015fim alan\u0131nda haz\u0131rlad\u0131\u011f\u0131 DVD ve CD&#8217;leri vard\u0131r.<\/p>\n","protected":false},"excerpt":{"rendered":"<p>Ya\u015fam\u0131 duygularla deneyimleriz. \u00c7o\u011fumuz, belki de hi\u00e7birimiz sa\u011fl\u0131kl\u0131 ve ideal bir aile ortam\u0131nda b\u00fcy\u00fcmedik. Ama su\u00e7u ge\u00e7mi\u015fimize y\u00fcklemekle geli\u015femeyiz. Ya\u015fam\u0131n i\u00e7indeki olaylara g\u00f6sterdi\u011fimiz tepkilerin sorumlulu\u011funu \u00fcstlenerek<span class=\"excerpt-hellip\"> [\u2026]<\/span><\/p>\n","protected":false},"featured_media":0,"template":"","meta":{"_monsterinsights_skip_tracking":false,"_monsterinsights_sitenote_active":false,"_monsterinsights_sitenote_note":"","_monsterinsights_sitenote_category":0},"product_brand":[],"product_cat":[13366,13365],"product_tag":[],"class_list":{"0":"post-700227","1":"product","2":"type-product","3":"status-publish","5":"product_cat-diger-saglik","6":"product_cat-saglik","7":"pa_cilt-ciltsiz","8":"pa_tur-kitap","9":"pa_yayinevi-kuraldisi-yayinevi","10":"pa_yazar-nil-gun","12":"first","13":"instock","14":"sale","15":"shipping-taxable","16":"purchasable","17":"product-type-simple"},"_links":{"self":[{"href":"https:\/\/roveyayinevi.com.tr\/index.php\/wp-json\/wp\/v2\/product\/700227","targetHints":{"allow":["GET"]}}],"collection":[{"href":"https:\/\/roveyayinevi.com.tr\/index.php\/wp-json\/wp\/v2\/product"}],"about":[{"href":"https:\/\/roveyayinevi.com.tr\/index.php\/wp-json\/wp\/v2\/types\/product"}],"wp:attachment":[{"href":"https:\/\/roveyayinevi.com.tr\/index.php\/wp-json\/wp\/v2\/media?parent=700227"}],"wp:term":[{"taxonomy":"product_brand","embeddable":true,"href":"https:\/\/roveyayinevi.com.tr\/index.php\/wp-json\/wp\/v2\/product_brand?post=700227"},{"taxonomy":"product_cat","embeddable":true,"href":"https:\/\/roveyayinevi.com.tr\/index.php\/wp-json\/wp\/v2\/product_cat?post=700227"},{"taxonomy":"product_tag","embeddable":true,"href":"https:\/\/roveyayinevi.com.tr\/index.php\/wp-json\/wp\/v2\/product_tag?post=700227"}],"curies":[{"name":"wp","href":"https:\/\/api.w.org\/{rel}","templated":true}]}}