{"id":700216,"date":"2025-08-27T14:56:33","date_gmt":"2025-08-27T11:56:33","guid":{"rendered":"https:\/\/roveyayinevi.com.tr\/index.php\/urun\/fatmagulun-sucu-ne\/"},"modified":"2026-04-16T02:09:34","modified_gmt":"2026-04-15T23:09:34","slug":"fatmagulun-sucu-ne","status":"publish","type":"product","link":"https:\/\/roveyayinevi.com.tr\/index.php\/urun\/fatmagulun-sucu-ne\/","title":{"rendered":"Fatmag\u00fcl&#8217;\u00fcn Su\u00e7u Ne?"},"content":{"rendered":"<p>Sebahat Alt\u0131parmako\u011flu, \u201cBu bir Vedat T\u00fcrkali eseri. Ben sadece par\u00e7alar\u0131 birle\u015ftirdim\u201d diyor Fatmag\u00fcl\u2019\u00fcn Su\u00e7u Ne? i\u00e7in. Vedat T\u00fcrkali\u2019nin 1986\u2019da film, 2010\u2019da televizyon dizisi olarak \u00e7ekilmi\u015f senaryosu, Sebahat Alt\u0131parmako\u011flu\u2019nun d\u00fczenlemesiyle e\u015fsiz bir romana d\u00f6n\u00fc\u015f\u00fcyor bu kitapta. <\/p>\n","protected":false},"excerpt":{"rendered":"<p>Sebahat Alt\u0131parmako\u011flu, \u201cBu bir Vedat T\u00fcrkali eseri. Ben sadece par\u00e7alar\u0131 birle\u015ftirdim\u201d diyor Fatmag\u00fcl\u2019\u00fcn Su\u00e7u Ne? i\u00e7in. Vedat T\u00fcrkali\u2019nin 1986\u2019da film, 2010\u2019da televizyon dizisi olarak \u00e7ekilmi\u015f senaryosu,<span class=\"excerpt-hellip\"> [\u2026]<\/span><\/p>\n","protected":false},"featured_media":0,"template":"","meta":{"_monsterinsights_skip_tracking":false,"_monsterinsights_sitenote_active":false,"_monsterinsights_sitenote_note":"","_monsterinsights_sitenote_category":0},"product_brand":[],"product_cat":[12312,12304],"product_tag":[],"class_list":{"0":"post-700216","1":"product","2":"type-product","3":"status-publish","5":"product_cat-diger","6":"product_cat-tarih","7":"pa_cilt-ciltsiz","8":"pa_tur-kitap","9":"pa_yayinevi-ayrinti-yayinlari","10":"pa_yazar-vedat-turkali","12":"first","13":"instock","14":"sale","15":"shipping-taxable","16":"purchasable","17":"product-type-simple"},"_links":{"self":[{"href":"https:\/\/roveyayinevi.com.tr\/index.php\/wp-json\/wp\/v2\/product\/700216","targetHints":{"allow":["GET"]}}],"collection":[{"href":"https:\/\/roveyayinevi.com.tr\/index.php\/wp-json\/wp\/v2\/product"}],"about":[{"href":"https:\/\/roveyayinevi.com.tr\/index.php\/wp-json\/wp\/v2\/types\/product"}],"wp:attachment":[{"href":"https:\/\/roveyayinevi.com.tr\/index.php\/wp-json\/wp\/v2\/media?parent=700216"}],"wp:term":[{"taxonomy":"product_brand","embeddable":true,"href":"https:\/\/roveyayinevi.com.tr\/index.php\/wp-json\/wp\/v2\/product_brand?post=700216"},{"taxonomy":"product_cat","embeddable":true,"href":"https:\/\/roveyayinevi.com.tr\/index.php\/wp-json\/wp\/v2\/product_cat?post=700216"},{"taxonomy":"product_tag","embeddable":true,"href":"https:\/\/roveyayinevi.com.tr\/index.php\/wp-json\/wp\/v2\/product_tag?post=700216"}],"curies":[{"name":"wp","href":"https:\/\/api.w.org\/{rel}","templated":true}]}}