{"id":700200,"date":"2025-08-27T14:56:29","date_gmt":"2025-08-27T11:56:29","guid":{"rendered":"https:\/\/roveyayinevi.com.tr\/index.php\/urun\/kucuk-tatli-yalanlar\/"},"modified":"2026-04-16T02:09:33","modified_gmt":"2026-04-15T23:09:33","slug":"kucuk-tatli-yalanlar","status":"publish","type":"product","link":"https:\/\/roveyayinevi.com.tr\/index.php\/urun\/kucuk-tatli-yalanlar\/","title":{"rendered":"K\u00fc\u00e7\u00fck, Tatl\u0131 Yalanlar"},"content":{"rendered":"<p>Hollywood\u2019da yalanlar, onlar\u0131 s\u00f6yleyen yalanc\u0131lar kadar tatl\u0131!Jane Roberts ve en yak\u0131n arkada\u015f\u0131 Scarlett Harp s\u0131radan hayatlar s\u00fcren iki gen\u00e7 k\u0131zd\u0131r\u2026 ta ki Los Angeles \u015eekeri isimli bir realite program\u0131n\u0131n y\u0131ld\u0131zlar\u0131 olana kadar. Ancak kamera \u00f6n\u00fcnde s\u00fcrd\u00fcrd\u00fckleri hayatlar\u0131 gittik\u00e7e karma\u015f\u0131k bir hal alacakt\u0131r\u2026Ate\u015fli foto\u011fraflar\u0131 bas\u0131na s\u0131zan Jane, bir magazin skandal\u0131n\u0131n ba\u015fkahraman\u0131na d\u00f6n\u00fc\u015f\u00fcr. Programdaki arkada\u015f\u0131 Madison Parker\u2019dan yard\u0131m ister fakat Madison\u2019\u0131n Jane\u2019i ger\u00e7ekten koruyup korumayaca\u011f\u0131 \u015f\u00fcphelidir. Scarlett da bamba\u015fka bir skandala kar\u0131\u015fmak \u00fczeredir. A\u015f\u0131k olmamas\u0131 gereken bir erke\u011fe g\u00f6nl\u00fcn\u00fc kapt\u0131rd\u0131\u011f\u0131 i\u00e7in bu b\u00fcy\u00fck s\u0131rr\u0131 saklamas\u0131 gerekmektedir fakat Hollywood\u2019da hi\u00e7bir \u015fey uzun s\u00fcre s\u0131r olarak kalamaz!\u201c\u00c7ok e\u011flenceli.\u201d &#8211; Heat\u201cTam bir skandal.\u201d &#8211; Teen Now<\/p>\n","protected":false},"excerpt":{"rendered":"<p>Hollywood\u2019da yalanlar, onlar\u0131 s\u00f6yleyen yalanc\u0131lar kadar tatl\u0131!Jane Roberts ve en yak\u0131n arkada\u015f\u0131 Scarlett Harp s\u0131radan hayatlar s\u00fcren iki gen\u00e7 k\u0131zd\u0131r\u2026 ta ki Los Angeles \u015eekeri isimli<span class=\"excerpt-hellip\"> [\u2026]<\/span><\/p>\n","protected":false},"featured_media":0,"template":"","meta":{"_monsterinsights_skip_tracking":false,"_monsterinsights_sitenote_active":false,"_monsterinsights_sitenote_note":"","_monsterinsights_sitenote_category":0},"product_brand":[],"product_cat":[12291,12711],"product_tag":[],"class_list":{"0":"post-700200","1":"product","2":"type-product","3":"status-publish","5":"product_cat-edebiyat","6":"product_cat-roman-oyku","7":"pa_cilt-ciltsiz","8":"pa_tur-kitap","9":"pa_yayinevi-pegasus-yayinlari","10":"pa_yazar-lauren-conrad","12":"first","13":"instock","14":"sale","15":"shipping-taxable","16":"purchasable","17":"product-type-simple"},"_links":{"self":[{"href":"https:\/\/roveyayinevi.com.tr\/index.php\/wp-json\/wp\/v2\/product\/700200","targetHints":{"allow":["GET"]}}],"collection":[{"href":"https:\/\/roveyayinevi.com.tr\/index.php\/wp-json\/wp\/v2\/product"}],"about":[{"href":"https:\/\/roveyayinevi.com.tr\/index.php\/wp-json\/wp\/v2\/types\/product"}],"wp:attachment":[{"href":"https:\/\/roveyayinevi.com.tr\/index.php\/wp-json\/wp\/v2\/media?parent=700200"}],"wp:term":[{"taxonomy":"product_brand","embeddable":true,"href":"https:\/\/roveyayinevi.com.tr\/index.php\/wp-json\/wp\/v2\/product_brand?post=700200"},{"taxonomy":"product_cat","embeddable":true,"href":"https:\/\/roveyayinevi.com.tr\/index.php\/wp-json\/wp\/v2\/product_cat?post=700200"},{"taxonomy":"product_tag","embeddable":true,"href":"https:\/\/roveyayinevi.com.tr\/index.php\/wp-json\/wp\/v2\/product_tag?post=700200"}],"curies":[{"name":"wp","href":"https:\/\/api.w.org\/{rel}","templated":true}]}}