{"id":700179,"date":"2025-08-27T14:56:23","date_gmt":"2025-08-27T11:56:23","guid":{"rendered":"https:\/\/roveyayinevi.com.tr\/index.php\/urun\/boyali-kus\/"},"modified":"2026-04-13T02:11:48","modified_gmt":"2026-04-12T23:11:48","slug":"boyali-kus","status":"publish","type":"product","link":"https:\/\/roveyayinevi.com.tr\/index.php\/urun\/boyali-kus\/","title":{"rendered":"Boyal\u0131 Ku\u015f"},"content":{"rendered":"<p>\u0130lk olarak 1965&#8221;te yay\u0131mlanan Boyal\u0131 Ku\u015f, Jeryz Kosinski&#8221;yi edebiyat d\u00fcnyas\u0131n\u0131n aranan simalar\u0131ndan biri yapt\u0131. O d\u00f6nemde Los Angeles Times&#8221;\u0131n &#8221;&#8221;son on y\u0131l\u0131n en etkileyici romanlar\u0131ndan biri&#8221;&#8221; sayd\u0131\u011f\u0131 eser otuzdan fazla dile \u00e7evrildi.II.D\u00fcnya Sava\u015f\u0131 s\u0131ras\u0131nda ailesi taraf\u0131ndan g\u00fcvenli\u011fi i\u00e7in uzak bir k\u00f6ye g\u00f6nderilen bir \u00e7ocu\u011fun oradan oraya savrulu\u015funun sinirleri h\u0131rpalayan hikayesi olan Boyal\u0131 Ku\u015f,deh\u015fetle vah\u015fetin, masumiyetle sevginin yak\u0131nl\u0131\u011f\u0131n\u0131 irdeleyen bir \u015faheserdir. Edebiyat tarihinin en \u00f6nemli ve \u00f6zg\u00fcn yazarlar\u0131ndan Kosinski&#8221;nin ilk ve en \u00fcnl\u00fc eseridir. <\/p>\n","protected":false},"excerpt":{"rendered":"<p>\u0130lk olarak 1965&#8221;te yay\u0131mlanan Boyal\u0131 Ku\u015f, Jeryz Kosinski&#8221;yi edebiyat d\u00fcnyas\u0131n\u0131n aranan simalar\u0131ndan biri yapt\u0131. O d\u00f6nemde Los Angeles Times&#8221;\u0131n &#8221;&#8221;son on y\u0131l\u0131n en etkileyici romanlar\u0131ndan biri&#8221;&#8221;<span class=\"excerpt-hellip\"> [\u2026]<\/span><\/p>\n","protected":false},"featured_media":0,"template":"","meta":{"_monsterinsights_skip_tracking":false,"_monsterinsights_sitenote_active":false,"_monsterinsights_sitenote_note":"","_monsterinsights_sitenote_category":0},"product_brand":[],"product_cat":[12891,12291],"product_tag":[],"class_list":{"0":"post-700179","1":"product","2":"type-product","3":"status-publish","5":"product_cat-amerikan-edebiyati","6":"product_cat-edebiyat","7":"pa_cilt-ciltsiz","8":"pa_tur-kitap","9":"pa_yayinevi-e-yayinlari","10":"pa_yazar-jerzy-kosinski","12":"first","13":"instock","14":"sale","15":"shipping-taxable","16":"purchasable","17":"product-type-simple"},"_links":{"self":[{"href":"https:\/\/roveyayinevi.com.tr\/index.php\/wp-json\/wp\/v2\/product\/700179","targetHints":{"allow":["GET"]}}],"collection":[{"href":"https:\/\/roveyayinevi.com.tr\/index.php\/wp-json\/wp\/v2\/product"}],"about":[{"href":"https:\/\/roveyayinevi.com.tr\/index.php\/wp-json\/wp\/v2\/types\/product"}],"wp:attachment":[{"href":"https:\/\/roveyayinevi.com.tr\/index.php\/wp-json\/wp\/v2\/media?parent=700179"}],"wp:term":[{"taxonomy":"product_brand","embeddable":true,"href":"https:\/\/roveyayinevi.com.tr\/index.php\/wp-json\/wp\/v2\/product_brand?post=700179"},{"taxonomy":"product_cat","embeddable":true,"href":"https:\/\/roveyayinevi.com.tr\/index.php\/wp-json\/wp\/v2\/product_cat?post=700179"},{"taxonomy":"product_tag","embeddable":true,"href":"https:\/\/roveyayinevi.com.tr\/index.php\/wp-json\/wp\/v2\/product_tag?post=700179"}],"curies":[{"name":"wp","href":"https:\/\/api.w.org\/{rel}","templated":true}]}}